000
CDUS46 KPDT 250028 RRB
CLIPSC

CLIMATE REPORT
NATIONAL WEATHER SERVICE PENDLETON OR
527 PM PDT WED MAY 24 2017


...................................

...THE PASCO WA CLIMATE SUMMARY FOR MAY 24 2017...
VALID TODAY AS OF 0500 PM LOCAL TIME.

CLIMATE NORMAL PERIOD 1981 TO 2010
CLIMATE RECORD PERIOD 1948 TO 2017


WEATHER ITEM   OBSERVED TIME   RECORD YEAR NORMAL DEPARTURE LAST
                VALUE   (LST)  VALUE       VALUE  FROM      YEAR
                                                  NORMAL
..................................................................
TEMPERATURE (F)
 TODAY
  MAXIMUM         74    331 PM  98    1938  78     -4       77
                                      1894
  MINIMUM         48    351 AM  32    1922  49     -1       47
  AVERAGE         61                        63     -2       62

PRECIPITATION (IN)
  TODAY            0.00          0.50 1962   0.03  -0.03     0.00
  MONTH TO DATE    0.48                      0.51  -0.03     1.52
  SINCE OCT 1      9.44                      6.98   2.46     7.31
  SINCE JAN 1      5.67                      4.03   1.64     4.55

SNOWFALL (IN)
  TODAY            0.0
  SNOW DEPTH       0

DEGREE DAYS
 HEATING
  TODAY            4                         3      1        3
  MONTH TO DATE  145                       145      0       60
  SINCE MAR 1   1050                      1086    -36      781
  SINCE JUL 1   5372                      4969    403     4299

 COOLING
  TODAY            0                         2     -2        0
  MONTH TO DATE   19                        18      1       27
  SINCE MAR 1     19                        19      0       31
  SINCE JAN 1     19                        19      0       31
..................................................................


WIND (MPH)
  RESULTANT WIND SPEED  11   RESULTANT WIND DIRECTION   W (280)
  HIGHEST WIND SPEED    22   HIGHEST WIND DIRECTION     W (260)
  HIGHEST GUST SPEED    29   HIGHEST GUST DIRECTION    SW (240)


SKY COVER
  POSSIBLE SUNSHINE  MM
  AVERAGE SKY COVER 0.1


WEATHER CONDITIONS
 THE FOLLOWING WEATHER WAS RECORDED TODAY.
  NO SIGNIFICANT WEATHER WAS OBSERVED.


RELATIVE HUMIDITY (PERCENT)
 HIGHEST    61
 LOWEST     20
 AVERAGE    41

..........................................................


THE PASCO WA CLIMATE NORMALS FOR TOMORROW
                         NORMAL    RECORD    YEAR
 MAXIMUM TEMPERATURE (F)   78        98      1938
 MINIMUM TEMPERATURE (F)   49        32      1904


SUNRISE AND SUNSET
MAY 24 2017...........SUNRISE   514 AM PDT   SUNSET   833 PM PDT
MAY 25 2017...........SUNRISE   513 AM PDT   SUNSET   834 PM PDT


-  INDICATES NEGATIVE NUMBERS.
R  INDICATES RECORD WAS SET OR TIED.
MM INDICATES DATA IS MISSING.
T  INDICATES TRACE AMOUNT.




$$
