000
CDUS46 KPDT 230029 RRA
CLIPSC

CLIMATE REPORT
NATIONAL WEATHER SERVICE PENDLETON OR
428 PM PST MON JAN 22 2018


...................................

...THE PASCO WA CLIMATE SUMMARY FOR JANUARY 22 2018...
VALID TODAY AS OF 0400 PM LOCAL TIME.

CLIMATE NORMAL PERIOD 1981 TO 2010
CLIMATE RECORD PERIOD 1948 TO 2018


WEATHER ITEM   OBSERVED TIME   RECORD YEAR NORMAL DEPARTURE LAST
                VALUE   (LST)  VALUE       VALUE  FROM      YEAR
                                                  NORMAL
..................................................................
TEMPERATURE (F)
 TODAY
  MAXIMUM         52    201 PM  66    1919  43      9       36
  MINIMUM         35    718 AM -25    1930  29      6       22
  AVERAGE         44                        36      8       29

PRECIPITATION (IN)
  TODAY            0.00          0.45 1895   0.03  -0.03     0.02
  MONTH TO DATE    0.86                      0.96  -0.10     0.89
  SINCE OCT 1      3.58                      3.91  -0.33     4.66
  SINCE JAN 1      0.86                      0.96  -0.10     0.89

SNOWFALL (IN)
  TODAY            0.0
  SNOW DEPTH       0

DEGREE DAYS
 HEATING
  TODAY           21                        29     -8       36
  MONTH TO DATE  607                       677    -70     1034
  SINCE DEC 1   1626                      1664    -38     2175
  SINCE JUL 1   2794                      2893    -99     3121

 COOLING
  TODAY            0                         0      0        0
  MONTH TO DATE    0                         0      0        0
  SINCE DEC 1      0                         0      0        0
  SINCE JAN 1      0                         0      0        0
..................................................................


WIND (MPH)
  RESULTANT WIND SPEED  11   RESULTANT WIND DIRECTION  SW (220)
  HIGHEST WIND SPEED    25   HIGHEST WIND DIRECTION    SW (240)
  HIGHEST GUST SPEED    31   HIGHEST GUST DIRECTION    SW (230)


SKY COVER
  POSSIBLE SUNSHINE  MM
  AVERAGE SKY COVER 0.1


WEATHER CONDITIONS
 THE FOLLOWING WEATHER WAS RECORDED TODAY.
  NO SIGNIFICANT WEATHER WAS OBSERVED.


RELATIVE HUMIDITY (PERCENT)
 HIGHEST    82
 LOWEST     54
 AVERAGE    68

..........................................................


THE PASCO WA CLIMATE NORMALS FOR TOMORROW
                         NORMAL    RECORD    YEAR
 MAXIMUM TEMPERATURE (F)   43        68      1919
 MINIMUM TEMPERATURE (F)   29       -22      1930


SUNRISE AND SUNSET
JANUARY 22 2018.......SUNRISE   730 AM PST   SUNSET   447 PM PST
JANUARY 23 2018.......SUNRISE   729 AM PST   SUNSET   448 PM PST


-  INDICATES NEGATIVE NUMBERS.
R  INDICATES RECORD WAS SET OR TIED.
MM INDICATES DATA IS MISSING.
T  INDICATES TRACE AMOUNT.




$$
