000
CDUS46 KPDT 230900 RRA
CLIPSC

CLIMATE REPORT
NATIONAL WEATHER SERVICE PENDLETON OR
200 AM PDT MON OCT 23 2017


...................................

...THE PASCO WA CLIMATE SUMMARY FOR OCTOBER 22 2017...

CLIMATE NORMAL PERIOD 1981 TO 2010
CLIMATE RECORD PERIOD 1948 TO 2017


WEATHER ITEM   OBSERVED TIME   RECORD YEAR NORMAL DEPARTURE LAST
                VALUE   (LST)  VALUE       VALUE  FROM      YEAR
                                                  NORMAL
..................................................................
TEMPERATURE (F)
 YESTERDAY
  MAXIMUM         68        MM  81    2003  63      5       64
                                      1942
  MINIMUM         45   1100 PM  24    1984  37      8       40
                                      1981
  AVERAGE         57                        50      7       52

PRECIPITATION (IN)
  YESTERDAY        0.00          0.33 1923   0.02  -0.02     0.00
  MONTH TO DATE    0.34                      0.47  -0.13     1.49
  SINCE OCT 1      0.34                      0.47  -0.13     1.49
  SINCE JAN 1      6.69                      6.35   0.34     7.11

SNOWFALL (IN)
  YESTERDAY        0.0
  SNOW DEPTH       0

DEGREE DAYS
 HEATING
  YESTERDAY        8                        15     -7       13
  MONTH TO DATE  265                       253     12      199
  SINCE SEP 1    353                       352      1      278
  SINCE JUL 1    353                       364    -11      278

 COOLING
  YESTERDAY        0                         0      0        0
  MONTH TO DATE    0                         0      0        0
  SINCE SEP 1    103                        52     51       27
  SINCE JAN 1    981                       709    272      778
..................................................................


WIND (MPH)
  RESULTANT WIND SPEED  11   RESULTANT WIND DIRECTION  SW (240)
  HIGHEST WIND SPEED    25   HIGHEST WIND DIRECTION    SW (210)
  HIGHEST GUST SPEED    35   HIGHEST GUST DIRECTION    SW (230)


SKY COVER
  POSSIBLE SUNSHINE  MM
  AVERAGE SKY COVER 0.1


WEATHER CONDITIONS
 THE FOLLOWING WEATHER WAS RECORDED YESTERDAY.
  NO SIGNIFICANT WEATHER WAS OBSERVED.


RELATIVE HUMIDITY (PERCENT)
 HIGHEST    83
 LOWEST     34
 AVERAGE    59

..........................................................


THE PASCO WA CLIMATE NORMALS FOR TODAY
                         NORMAL    RECORD    YEAR
 MAXIMUM TEMPERATURE (F)   62        80      1944
 MINIMUM TEMPERATURE (F)   36        22      1935


SUNRISE AND SUNSET
OCTOBER 23 2017.......SUNRISE   725 AM PDT   SUNSET   556 PM PDT
OCTOBER 24 2017.......SUNRISE   727 AM PDT   SUNSET   554 PM PDT


-  INDICATES NEGATIVE NUMBERS.
R  INDICATES RECORD WAS SET OR TIED.
MM INDICATES DATA IS MISSING.
T  INDICATES TRACE AMOUNT.

$$
