000
CDUS46 KPDT 300852
CLIPSC

CLIMATE REPORT
NATIONAL WEATHER SERVICE PENDLETON OR
141 AM PDT SAT AUG 30 2014


...................................

...THE PASCO WA CLIMATE SUMMARY FOR AUGUST 29 2014...

CLIMATE NORMAL PERIOD 1981 TO 2010
CLIMATE RECORD PERIOD 1948 TO 2014


WEATHER ITEM   OBSERVED TIME   RECORD YEAR NORMAL DEPARTURE LAST
                VALUE   (LST)  VALUE       VALUE  FROM      YEAR
                                                  NORMAL
..................................................................
TEMPERATURE (F)
 YESTERDAY
  MAXIMUM         91    320 PM 103    1998  87      4       93
  MINIMUM         57    502 AM  45    2010  52      5       58
  AVERAGE         74                        70      4       76

PRECIPITATION (IN)
  YESTERDAY        0.00          0.05 1951   0.02  -0.02      T
  MONTH TO DATE    0.47                      0.25   0.22     0.35
  SINCE OCT 1      3.64                      8.41  -4.77     6.65
  SINCE JAN 1      3.06                      5.46  -2.40     3.29

SNOWFALL (IN)
  YESTERDAY        0.0
  SNOW DEPTH       0

DEGREE DAYS
 HEATING
  YESTERDAY        0                         1     -1        0
  MONTH TO DATE    0                         4     -4        0
  SINCE JUN 1     18                        41    -23       19
  SINCE JUL 1      0                         9     -9        0

 COOLING
  YESTERDAY        9                         5      4       11
  MONTH TO DATE  331                       237     94      304
  SINCE JUN 1    878                       614    264      799
  SINCE JAN 1    912                       647    265      845
..................................................................


WIND (MPH)
  RESULTANT WIND SPEED   5   RESULTANT WIND DIRECTION   W (290)
  HIGHEST WIND SPEED    22   HIGHEST WIND DIRECTION    NW (320)
  HIGHEST GUST SPEED    27   HIGHEST GUST DIRECTION    NW (320)


SKY COVER
  POSSIBLE SUNSHINE  MM
  AVERAGE SKY COVER 0.0


WEATHER CONDITIONS
 THE FOLLOWING WEATHER WAS RECORDED YESTERDAY.
  NO SIGNIFICANT WEATHER WAS OBSERVED.


RELATIVE HUMIDITY (PERCENT)
 HIGHEST    93
 LOWEST     23
 AVERAGE    58

..........................................................


THE PASCO WA CLIMATE NORMALS FOR TODAY
                         NORMAL    RECORD    YEAR
 MAXIMUM TEMPERATURE (F)   87        99      2007
 MINIMUM TEMPERATURE (F)   52        45      2012


SUNRISE AND SUNSET
AUGUST 30 2014........SUNRISE   614 AM PDT   SUNSET   739 PM PDT
AUGUST 31 2014........SUNRISE   616 AM PDT   SUNSET   737 PM PDT


-  INDICATES NEGATIVE NUMBERS.
R  INDICATES RECORD WAS SET OR TIED.
MM INDICATES DATA IS MISSING.
T  INDICATES TRACE AMOUNT.




$$
