000
CDUS46 KPDT 010838
CLIPSC

CLIMATE REPORT
NATIONAL WEATHER SERVICE PENDLETON OR
138 AM PDT SAT OCT 1 2016


...................................

...THE PASCO WA CLIMATE SUMMARY FOR SEPTEMBER 30 2016...

CLIMATE NORMAL PERIOD 1981 TO 2010
CLIMATE RECORD PERIOD 1948 TO 2016


WEATHER ITEM   OBSERVED TIME   RECORD YEAR NORMAL DEPARTURE LAST
                VALUE   (LST)  VALUE       VALUE  FROM      YEAR
                                                  NORMAL
..................................................................
TEMPERATURE (F)
 YESTERDAY
  MAXIMUM         76    437 PM  90    1991  74      2       77
  MINIMUM         59    531 AM  38    2015  42     17       38
                                      2002
  AVERAGE         68                        58     10       58

PRECIPITATION (IN)
  YESTERDAY        T             0.34 2007   0.02  -0.02     0.00
  MONTH TO DATE    0.24                      0.40  -0.16     0.12
  SINCE OCT 1      8.38                      8.83  -0.45     5.72
  SINCE JAN 1      5.62                      5.88  -0.26     3.35

SNOWFALL (IN)
  YESTERDAY        0.0
  SNOW DEPTH       0

DEGREE DAYS
 HEATING
  YESTERDAY        0                         7     -7        7
  MONTH TO DATE   79                        98    -19      103
  SINCE SEP 1     79                        99    -20      103
  SINCE JUL 1     79                       111    -32      103

 COOLING
  YESTERDAY        3                         0      3        0
  MONTH TO DATE   27                        52    -25       42
  SINCE SEP 1     27                        52    -25       42
  SINCE JAN 1    778                       709     69     1115
..................................................................


WIND (MPH)
  RESULTANT WIND SPEED   5   RESULTANT WIND DIRECTION  SW (220)
  HIGHEST WIND SPEED    18   HIGHEST WIND DIRECTION     W (270)
  HIGHEST GUST SPEED    22   HIGHEST GUST DIRECTION     W (270)


SKY COVER
  POSSIBLE SUNSHINE  MM
  AVERAGE SKY COVER 0.2


WEATHER CONDITIONS
 THE FOLLOWING WEATHER WAS RECORDED YESTERDAY.
  LIGHT RAIN


RELATIVE HUMIDITY (PERCENT)
 HIGHEST    55
 LOWEST     22
 AVERAGE    39

..........................................................


THE PASCO WA CLIMATE NORMALS FOR TODAY
                         NORMAL    RECORD    YEAR
 MAXIMUM TEMPERATURE (F)   73        88      1991
 MINIMUM TEMPERATURE (F)   42        31      2002


SUNRISE AND SUNSET
OCTOBER  1 2016.......SUNRISE   656 AM PDT   SUNSET   635 PM PDT
OCTOBER  2 2016.......SUNRISE   657 AM PDT   SUNSET   633 PM PDT


-  INDICATES NEGATIVE NUMBERS.
R  INDICATES RECORD WAS SET OR TIED.
MM INDICATES DATA IS MISSING.
T  INDICATES TRACE AMOUNT.


$$
