000
CDUS46 KPDT 230932
CLIPSC

CLIMATE REPORT
NATIONAL WEATHER SERVICE PENDLETON OR
126 AM PST THU FEB 23 2017


...................................

...THE PASCO WA CLIMATE SUMMARY FOR FEBRUARY 22 2017...

CLIMATE NORMAL PERIOD 1981 TO 2010
CLIMATE RECORD PERIOD 1948 TO 2017


WEATHER ITEM   OBSERVED TIME   RECORD YEAR NORMAL DEPARTURE LAST
                VALUE   (LST)  VALUE       VALUE  FROM      YEAR
                                                  NORMAL
..................................................................
TEMPERATURE (F)
 YESTERDAY
  MAXIMUM         50    138 PM  65    2002  51     -1       56
  MINIMUM         28   1148 PM   8    1993  29     -1       23
  AVERAGE         39                        40     -1       40

PRECIPITATION (IN)
  YESTERDAY        0.00          0.30 1949   0.03  -0.03     0.00
  MONTH TO DATE    1.50                      0.69   0.81     0.33
  SINCE OCT 1      6.22                      4.86   1.36     4.28
  SINCE JAN 1      2.45                      1.91   0.54     1.52

SNOWFALL (IN)
  YESTERDAY        0.0
  SNOW DEPTH       0

DEGREE DAYS
 HEATING
  YESTERDAY       26                        25      1       25
  MONTH TO DATE  726                       588    138      477
  SINCE DEC 1   3207                      2510    697     2276
  SINCE JUL 1   4153                      3739    414     3378

 COOLING
  YESTERDAY        0                         0      0        0
  MONTH TO DATE    0                         0      0        0
  SINCE DEC 1      0                         0      0        0
  SINCE JAN 1      0                         0      0        0
..................................................................


WIND (MPH)
  RESULTANT WIND SPEED   1   RESULTANT WIND DIRECTION  NW (330)
  HIGHEST WIND SPEED    13   HIGHEST WIND DIRECTION    NE (30)
  HIGHEST GUST SPEED    14   HIGHEST GUST DIRECTION    NE (30)


SKY COVER
  POSSIBLE SUNSHINE  MM
  AVERAGE SKY COVER 0.4


WEATHER CONDITIONS
 THE FOLLOWING WEATHER WAS RECORDED YESTERDAY.
  NO SIGNIFICANT WEATHER WAS OBSERVED.


RELATIVE HUMIDITY (PERCENT)
 HIGHEST    92
 LOWEST     39
 AVERAGE    66

..........................................................


THE PASCO WA CLIMATE NORMALS FOR TODAY
                         NORMAL    RECORD    YEAR
 MAXIMUM TEMPERATURE (F)   52        62      1995
 MINIMUM TEMPERATURE (F)   29        17      2015


SUNRISE AND SUNSET
FEBRUARY 23 2017......SUNRISE   646 AM PST   SUNSET   535 PM PST
FEBRUARY 24 2017......SUNRISE   644 AM PST   SUNSET   536 PM PST


-  INDICATES NEGATIVE NUMBERS.
R  INDICATES RECORD WAS SET OR TIED.
MM INDICATES DATA IS MISSING.
T  INDICATES TRACE AMOUNT.




$$
