000
CDUS46 KPDT 280828 RRB
CLIPSC

CLIMATE REPORT
NATIONAL WEATHER SERVICE PENDLETON OR
127 AM PDT THU MAY 28 2015


...................................

...THE PASCO WA CLIMATE SUMMARY FOR MAY 27 2015...

CLIMATE NORMAL PERIOD 1981 TO 2010
CLIMATE RECORD PERIOD 1948 TO 2015


WEATHER ITEM   OBSERVED TIME   RECORD YEAR NORMAL DEPARTURE LAST
                VALUE   (LST)  VALUE       VALUE  FROM      YEAR
                                                  NORMAL
..................................................................
TEMPERATURE (F)
 YESTERDAY
  MAXIMUM         83    419 PM  99    2000  78      5       76
  MINIMUM         55   1235 AM  41    2014  50      5       41
  AVERAGE         69                        64      5       59

PRECIPITATION (IN)
  YESTERDAY        0.01          0.13 1969   0.03  -0.02     0.00
  MONTH TO DATE    1.28                      0.60   0.68     0.29
  SINCE OCT 1      5.57                      7.07  -1.50     2.96
  SINCE JAN 1      3.20                      4.12  -0.92     2.38

SNOWFALL (IN)
  YESTERDAY        0.0
  SNOW DEPTH       0

DEGREE DAYS
 HEATING
  YESTERDAY        0                         3     -3        6
  MONTH TO DATE  107                       154    -47       86
  SINCE MAR 1    935                      1095   -160      970
  SINCE JUL 1   4391                      4978   -587     5199

 COOLING
  YESTERDAY        4                         2      2        0
  MONTH TO DATE   45                        24     21       28
  SINCE MAR 1     45                        25     20       28
  SINCE JAN 1     45                        25     20       28
..................................................................


WIND (MPH)
  RESULTANT WIND SPEED   2   RESULTANT WIND DIRECTION  SE (120)
  HIGHEST WIND SPEED    15   HIGHEST WIND DIRECTION    SE (140)
  HIGHEST GUST SPEED    18   HIGHEST GUST DIRECTION    SE (140)


SKY COVER
  POSSIBLE SUNSHINE  MM
  AVERAGE SKY COVER 0.3


WEATHER CONDITIONS
 THE FOLLOWING WEATHER WAS RECORDED YESTERDAY.
  LIGHT RAIN


RELATIVE HUMIDITY (PERCENT)
 HIGHEST    93
 LOWEST     28
 AVERAGE    61

..........................................................


THE PASCO WA CLIMATE NORMALS FOR TODAY
                         NORMAL    RECORD    YEAR
 MAXIMUM TEMPERATURE (F)   78        96      2005
 MINIMUM TEMPERATURE (F)   50        40      1998


SUNRISE AND SUNSET
MAY 28 2015...........SUNRISE   511 AM PDT   SUNSET   837 PM PDT
MAY 29 2015...........SUNRISE   510 AM PDT   SUNSET   838 PM PDT


-  INDICATES NEGATIVE NUMBERS.
R  INDICATES RECORD WAS SET OR TIED.
MM INDICATES DATA IS MISSING.
T  INDICATES TRACE AMOUNT.




$$
