000
CDUS46 KPDT 060841
CLIPSC

CLIMATE REPORT
NATIONAL WEATHER SERVICE PENDLETON OR
1225 AM PST FRI MAR 6 2015


...................................

...THE PASCO WA CLIMATE SUMMARY FOR MARCH 5 2015...

CLIMATE NORMAL PERIOD 1981 TO 2010
CLIMATE RECORD PERIOD 1948 TO 2015


WEATHER ITEM   OBSERVED TIME   RECORD YEAR NORMAL DEPARTURE LAST
                VALUE   (LST)  VALUE       VALUE  FROM      YEAR
                                                  NORMAL
..................................................................
TEMPERATURE (F)
 YESTERDAY
  MAXIMUM         58    428 PM  67    2014  56      2       67
                                      2005
  MINIMUM         22    651 AM  20    2008  31     -9       44
  AVERAGE         40                        43     -3       56

PRECIPITATION (IN)
  YESTERDAY        0.00          0.29 1996   0.03  -0.03     0.15
  MONTH TO DATE    0.00                      0.13  -0.13     0.26
  SINCE OCT 1      3.60                      5.16  -1.56     1.82
  SINCE JAN 1      1.23                      2.21  -0.98     1.24

SNOWFALL (IN)
  YESTERDAY        0.0
  SNOW DEPTH       0

DEGREE DAYS
 HEATING
  YESTERDAY       25                        22      3        9
  MONTH TO DATE  140                       113     27      133
  SINCE MAR 1    140                       113     27      133
  SINCE JUL 1   3596                      3996   -400     4362

 COOLING
  YESTERDAY        0                         0      0        0
  MONTH TO DATE    0                         0      0        0
  SINCE MAR 1      0                         0      0        0
  SINCE JAN 1      0                         0      0        0
..................................................................


WIND (MPH)
  RESULTANT WIND SPEED   2   RESULTANT WIND DIRECTION   N (350)
  HIGHEST WIND SPEED     7   HIGHEST WIND DIRECTION     N (360)
  HIGHEST GUST SPEED    10   HIGHEST GUST DIRECTION     S (170)


SKY COVER
  POSSIBLE SUNSHINE  MM
  AVERAGE SKY COVER 0.0


WEATHER CONDITIONS
 THE FOLLOWING WEATHER WAS RECORDED YESTERDAY.
  NO SIGNIFICANT WEATHER WAS OBSERVED.


RELATIVE HUMIDITY (PERCENT)
 HIGHEST    88
 LOWEST     27
 AVERAGE    58

..........................................................


THE PASCO WA CLIMATE NORMALS FOR TODAY
                         NORMAL    RECORD    YEAR
 MAXIMUM TEMPERATURE (F)   56        70      2005
 MINIMUM TEMPERATURE (F)   31        20      2008


SUNRISE AND SUNSET
MARCH  6 2015.........SUNRISE   627 AM PST   SUNSET   550 PM PST
MARCH  7 2015.........SUNRISE   625 AM PST   SUNSET   551 PM PST


-  INDICATES NEGATIVE NUMBERS.
R  INDICATES RECORD WAS SET OR TIED.
MM INDICATES DATA IS MISSING.
T  INDICATES TRACE AMOUNT.




$$
