000
CDUS41 KALY 302045
CLIPSF


CLIMATE REPORT
NATIONAL WEATHER SERVICE ALBANY NY
445 PM EDT SAT MAY 30 2015


...................................

...THE PITTSFIELD MA CLIMATE SUMMARY FOR MAY 30 2015...
VALID TODAY AS OF 0400 PM LOCAL TIME.

CLIMATE NORMAL PERIOD 1981 TO 2010
CLIMATE RECORD PERIOD 9999 TO 9999


WEATHER ITEM   OBSERVED TIME   NORMAL DEPARTURE LAST
                VALUE   (LST)  VALUE  FROM      YEAR
                                      NORMAL
......................................................
TEMPERATURE (F)
 TODAY
  MAXIMUM         82    342 PM  70     12       71
  MINIMUM         54    503 AM  48      6       48
  AVERAGE         68            59      9       60

PRECIPITATION (IN)
  TODAY            0.00          0.16  -0.16     0.00
  MONTH TO DATE    1.28          4.05  -2.77     1.05
  SINCE MAR 1      5.75         11.28  -5.53     7.62
  SINCE JAN 1     10.84         16.88  -6.04    14.00

DEGREE DAYS
 HEATING
  TODAY            0             7     -7        5
  MONTH TO DATE  166           319   -153      251
  SINCE MAR 1   1995          1974     21     2115
  SINCE JUL 1   7658          7354    304     7667

 COOLING
  TODAY            3             1      2        0
  MONTH TO DATE   44             4     40        5
  SINCE MAR 1     44             6     38        6
  SINCE JAN 1     44             6     38        6
......................................................


WIND (MPH)
  HIGHEST WIND SPEED    22   HIGHEST WIND DIRECTION    SW (210)
  HIGHEST GUST SPEED    27   HIGHEST GUST DIRECTION     S (170)
  AVERAGE WIND SPEED     7.0


SKY COVER
  AVERAGE SKY COVER 0.2



RELATIVE HUMIDITY (PERCENT)
 HIGHEST   100
 LOWEST     51
 AVERAGE    76

..........................................................


THE PITTSFIELD MA CLIMATE NORMALS FOR TOMORROW
                         NORMAL
 MAXIMUM TEMPERATURE (F)   71
 MINIMUM TEMPERATURE (F)   48


SUNRISE AND SUNSET
MAY 30 2015...........SUNRISE   520 AM EDT   SUNSET   822 PM EDT
MAY 31 2015...........SUNRISE   519 AM EDT   SUNSET   823 PM EDT


-  INDICATES NEGATIVE NUMBERS.
R  INDICATES RECORD WAS SET OR TIED.
MM INDICATES DATA IS MISSING.
T  INDICATES TRACE AMOUNT.




$$
