000
CDUS46 KSGX 180017
CLIPSP


CLIMATE REPORT
NATIONAL WEATHER SERVICE SAN DIEGO, CA
517 PM PDT THU AUG 17 2017


...................................

...THE PALM SPRINGS INTL AIRPORT CA CLIMATE SUMMARY FOR AUGUST 17 2017...
VALID TODAY AS OF 0500 PM LOCAL TIME.

CLIMATE NORMAL PERIOD 1981 TO 2010
CLIMATE RECORD PERIOD 1893 TO 2017


WEATHER ITEM   OBSERVED TIME   RECORD YEAR NORMAL DEPARTURE LAST
                VALUE   (LST)  VALUE       VALUE  FROM      YEAR
                                                  NORMAL
..................................................................
TEMPERATURE (F)
 TODAY
  MAXIMUM        106    256 PM 118    1950 106      0      113
  MINIMUM         75    522 AM  60    1976  78     -3       81
                                      1954
  AVERAGE         91                        92     -1       97

PRECIPITATION (IN)
  TODAY            0.00          1.63 1977   0.01  -0.01     0.00
  MONTH TO DATE    0.71                      0.19   0.52     0.00
  SINCE OCT 1      7.76                      5.23   2.53     2.63
  SINCE JAN 1      5.97                      3.38   2.59     2.44

DEGREE DAYS
 HEATING
  TODAY            0                         0      0        0
  MONTH TO DATE    0                         0      0        0
  SINCE JUN 1      0                         0      0        0
  SINCE JUL 1      0                         0      0        0

 COOLING
  TODAY           26                        27     -1       32
  MONTH TO DATE  496                       464     32      515
  SINCE JUN 1   2310                      1957    353     2264
  SINCE JAN 1   3433                      2716    717     3261
..................................................................


WIND (MPH)
  RESULTANT WIND SPEED   3   RESULTANT WIND DIRECTION   E (100)
  HIGHEST WIND SPEED    15   HIGHEST WIND DIRECTION     E (100)
  HIGHEST GUST SPEED    23   HIGHEST GUST DIRECTION     E (90)
  AVERAGE WIND SPEED     3.7


SKY COVER
  POSSIBLE SUNSHINE  MM
  AVERAGE SKY COVER 0.0


WEATHER CONDITIONS
 THE FOLLOWING WEATHER WAS RECORDED TODAY.
  NO SIGNIFICANT WEATHER WAS OBSERVED.


RELATIVE HUMIDITY (PERCENT)
 HIGHEST    50           500 AM
 LOWEST     11           100 PM
 AVERAGE    31

..........................................................


THE PALM SPRINGS INTL AIRPORT CA CLIMATE NORMALS FOR TOMORROW
                         NORMAL    RECORD    YEAR
 MAXIMUM TEMPERATURE (F)  106       117      1946
 MINIMUM TEMPERATURE (F)   78        60      1956
                                             1930


SUNRISE AND SUNSET
AUGUST 17 2017........SUNRISE   610 AM PDT   SUNSET   730 PM PDT
AUGUST 18 2017........SUNRISE   610 AM PDT   SUNSET   729 PM PDT


-  INDICATES NEGATIVE NUMBERS.
R  INDICATES RECORD WAS SET OR TIED.
MM INDICATES DATA IS MISSING.
T  INDICATES TRACE AMOUNT.




$$
