000
CDUS46 KSGX 111528
CLIPSP


CLIMATE REPORT
NATIONAL WEATHER SERVICE SAN DIEGO, CA
728 AM PST THU FEB 11 2016


...................................

...THE PALM SPRINGS INTL AIRPORT CA CLIMATE SUMMARY FOR FEBRUARY 10 2016...

CLIMATE NORMAL PERIOD 1981 TO 2010
CLIMATE RECORD PERIOD 1893 TO 2016


WEATHER ITEM   OBSERVED TIME   RECORD YEAR NORMAL DEPARTURE LAST
                VALUE   (LST)  VALUE       VALUE  FROM      YEAR
                                                  NORMAL
..................................................................
TEMPERATURE (F)
 YESTERDAY
  MAXIMUM         86    323 PM  90    1971  72     14       86
                                      1951
  MINIMUM         56    603 AM  25    1933  47      9       58
  AVERAGE         71                        59     12       72

PRECIPITATION (IN)
  YESTERDAY        0.00          1.15 1963   0.03  -0.03     0.00
  MONTH TO DATE    0.00                      0.24  -0.24     0.00
  SINCE OCT 1      2.45                      3.09  -0.64     1.09
  SINCE JAN 1      2.26                      1.24   1.02     0.22

DEGREE DAYS
 HEATING
  YESTERDAY        0                         6     -6        0
  MONTH TO DATE   56                        66    -10        0
  SINCE DEC 1    603                       597      6      329
  SINCE JUL 1    710                       693     17      362

 COOLING
  YESTERDAY        6                         1      5        7
  MONTH TO DATE   28                         9     19       39
  SINCE DEC 1     28                        21      7       81
  SINCE JAN 1     28                        17     11       57
..................................................................


WIND (MPH)
  RESULTANT WIND SPEED   3   RESULTANT WIND DIRECTION   N (360)
  HIGHEST WIND SPEED    12   HIGHEST WIND DIRECTION     N (340)
  HIGHEST GUST SPEED    13   HIGHEST GUST DIRECTION     E (80)
  AVERAGE WIND SPEED     5.5


SKY COVER
  POSSIBLE SUNSHINE  MM
  AVERAGE SKY COVER 0.2


WEATHER CONDITIONS
 THE FOLLOWING WEATHER WAS RECORDED YESTERDAY.
  NO SIGNIFICANT WEATHER WAS OBSERVED.


RELATIVE HUMIDITY (PERCENT)
 HIGHEST    32          1000 PM
 LOWEST     10           400 PM
 AVERAGE    21

..........................................................


THE PALM SPRINGS INTL AIRPORT CA CLIMATE NORMALS FOR TODAY
                         NORMAL    RECORD    YEAR
 MAXIMUM TEMPERATURE (F)   72        91      1971
 MINIMUM TEMPERATURE (F)   47        27      1933


SUNRISE AND SUNSET
FEBRUARY 11 2016......SUNRISE   635 AM PST   SUNSET   526 PM PST
FEBRUARY 12 2016......SUNRISE   634 AM PST   SUNSET   527 PM PST


-  INDICATES NEGATIVE NUMBERS.
R  INDICATES RECORD WAS SET OR TIED.
MM INDICATES DATA IS MISSING.
T  INDICATES TRACE AMOUNT.




$$
