000
CDUS46 KSGX 211417
CLIPSP


CLIMATE REPORT
NATIONAL WEATHER SERVICE SAN DIEGO, CA
617 AM PST FRI NOV 21 2014


...................................

...THE PALM SPRINGS INTL AIRPORT CA CLIMATE SUMMARY FOR NOVEMBER 20 2014...

CLIMATE NORMAL PERIOD 1981 TO 2010
CLIMATE RECORD PERIOD 1893 TO 2014


WEATHER ITEM   OBSERVED TIME   RECORD YEAR NORMAL DEPARTURE LAST
                VALUE   (LST)  VALUE       VALUE  FROM      YEAR
                                                  NORMAL
..................................................................
TEMPERATURE (F)
 YESTERDAY
  MAXIMUM         77    222 PM  89    2002  75      2       73
                                      1933
  MINIMUM         51    647 AM  31    1985  50      1       56
  AVERAGE         64                        62      2       65

PRECIPITATION (IN)
  YESTERDAY        0.00          0.34 1963   0.02  -0.02     0.00
  MONTH TO DATE    0.00                      0.29  -0.29     0.00
  SINCE JUL 1      1.19                      1.68  -0.49     1.15
  SINCE JAN 1      1.94                      4.62  -2.68     2.12

SNOWFALL (IN)
  YESTERDAY        0.0
  MONTH TO DATE    0.0
  SINCE JAN 1      0.0
  SINCE JUL 1      0.0
  SNOW DEPTH       0

DEGREE DAYS
 HEATING
  YESTERDAY        1                         4     -3        0
  MONTH TO DATE   16                        38    -22        6
  SINCE SEP 1     16                        42    -26       16
  SINCE JUL 1     16                        42    -26       16

 COOLING
  YESTERDAY        0                         1     -1        0
  MONTH TO DATE   68                        68      0       69
  SINCE SEP 1   1323                      1046    277     1010
  SINCE JAN 1   4920                      4130    790     4506
..................................................................


WIND (MPH)
  RESULTANT WIND SPEED   1   RESULTANT WIND DIRECTION   S (190)
  HIGHEST WIND SPEED    13   HIGHEST WIND DIRECTION    NW (330)
  HIGHEST GUST SPEED    17   HIGHEST GUST DIRECTION    NW (330)
  AVERAGE WIND SPEED     4.6


SKY COVER
  POSSIBLE SUNSHINE  MM
  AVERAGE SKY COVER 0.1


WEATHER CONDITIONS
 THE FOLLOWING WEATHER WAS RECORDED YESTERDAY.
  NO SIGNIFICANT WEATHER WAS OBSERVED.


RELATIVE HUMIDITY (PERCENT)
 HIGHEST    52          1000 PM
 LOWEST     17          1000 AM
 AVERAGE    35

..........................................................


THE PALM SPRINGS INTL AIRPORT CA CLIMATE NORMALS FOR TODAY
                         NORMAL    RECORD    YEAR
 MAXIMUM TEMPERATURE (F)   74        93      1924
 MINIMUM TEMPERATURE (F)   50        26      1951


SUNRISE AND SUNSET
NOVEMBER 21 2014......SUNRISE   624 AM PST   SUNSET   440 PM PST
NOVEMBER 22 2014......SUNRISE   625 AM PST   SUNSET   439 PM PST


-  INDICATES NEGATIVE NUMBERS.
R  INDICATES RECORD WAS SET OR TIED.
MM INDICATES DATA IS MISSING.
T  INDICATES TRACE AMOUNT.




$$
