000
CDUS46 KSGX 050017
CLIPSP


CLIMATE REPORT
NATIONAL WEATHER SERVICE SAN DIEGO, CA
417 PM PST WED MAR 4 2015


...................................

...THE PALM SPRINGS INTL AIRPORT CA CLIMATE SUMMARY FOR MARCH 4 2015...
VALID TODAY AS OF 0400 PM LOCAL TIME.

CLIMATE NORMAL PERIOD 1981 TO 2010
CLIMATE RECORD PERIOD 1893 TO 2015


WEATHER ITEM   OBSERVED TIME   RECORD YEAR NORMAL DEPARTURE LAST
                VALUE   (LST)  VALUE       VALUE  FROM      YEAR
                                                  NORMAL
..................................................................
TEMPERATURE (F)
 TODAY
  MAXIMUM         73    333 PM  97    1972  76     -3       79
  MINIMUM         52    413 AM  29    1952  51      1       56
  AVERAGE         63                        64     -1       68

PRECIPITATION (IN)
  TODAY            0.00          1.90 1943   0.04  -0.04     0.00
  MONTH TO DATE    0.83                      0.19   0.64     0.28
  SINCE OCT 1      2.09                      4.07  -1.98     0.88
  SINCE JAN 1      1.22                      2.22  -1.00     0.70

SNOWFALL (IN)
  TODAY            0.0
  MONTH TO DATE    0.0
  SINCE JAN 1      0.0
  SINCE JUL 1      0.0
  SNOW DEPTH       0

DEGREE DAYS
 HEATING
  TODAY            2                         3     -1        0
  MONTH TO DATE   29                        12     17       12
  SINCE MAR 1     29                        12     17       12
  SINCE JUL 1    400                       790   -390      423

 COOLING
  TODAY            0                         2     -2        3
  MONTH TO DATE    0                         6     -6        3
  SINCE MAR 1      0                         6     -6        3
  SINCE JAN 1    120                        33     87      111
..................................................................


WIND (MPH)
  RESULTANT WIND SPEED   2   RESULTANT WIND DIRECTION  NW (330)
  HIGHEST WIND SPEED    16   HIGHEST WIND DIRECTION     N (360)
  HIGHEST GUST SPEED    20   HIGHEST GUST DIRECTION     N (10)
  AVERAGE WIND SPEED     4.9


SKY COVER
  POSSIBLE SUNSHINE  MM
  AVERAGE SKY COVER 0.1


WEATHER CONDITIONS
 THE FOLLOWING WEATHER WAS RECORDED TODAY.
  NO SIGNIFICANT WEATHER WAS OBSERVED.


RELATIVE HUMIDITY (PERCENT)
 HIGHEST    71           300 AM
 LOWEST     10           100 PM
 AVERAGE    41

..........................................................


THE PALM SPRINGS INTL AIRPORT CA CLIMATE NORMALS FOR TOMORROW
                         NORMAL    RECORD    YEAR
 MAXIMUM TEMPERATURE (F)   76       100      1972
 MINIMUM TEMPERATURE (F)   51        30      1964


SUNRISE AND SUNSET
MARCH  4 2015.........SUNRISE   611 AM PST   SUNSET   545 PM PST
MARCH  5 2015.........SUNRISE   610 AM PST   SUNSET   546 PM PST


-  INDICATES NEGATIVE NUMBERS.
R  INDICATES RECORD WAS SET OR TIED.
MM INDICATES DATA IS MISSING.
T  INDICATES TRACE AMOUNT.




$$
