000
CDUS46 KSGX 231425
CLIPSP


CLIMATE REPORT
NATIONAL WEATHER SERVICE SAN DIEGO, CA
725 AM PDT THU OCT 23 2014


...................................

...THE PALM SPRINGS INTL AIRPORT CA CLIMATE SUMMARY FOR OCTOBER 22 2014...

CLIMATE NORMAL PERIOD 1981 TO 2010
CLIMATE RECORD PERIOD 1893 TO 2014


WEATHER ITEM   OBSERVED TIME   RECORD YEAR NORMAL DEPARTURE LAST
                VALUE   (LST)  VALUE       VALUE  FROM      YEAR
                                                  NORMAL
..................................................................
TEMPERATURE (F)
 YESTERDAY
  MAXIMUM         95    213 PM 105    2003  87      8       93
                                      1939
  MINIMUM         65    400 AM  43    1957  60      5       61
  AVERAGE         80                        74      6       77

PRECIPITATION (IN)
  YESTERDAY        0.00          0.32 1941   0.01  -0.01     0.00
  MONTH TO DATE    0.00                      0.28  -0.28     0.07
  SINCE JUL 1      1.19                      1.23  -0.04     1.15
  SINCE JAN 1      1.94                      4.17  -2.23     2.12

SNOWFALL (IN)
  YESTERDAY        0.0
  MONTH TO DATE    0.0
  SINCE JAN 1      0.0
  SINCE JUL 1      0.0
  SNOW DEPTH       0

DEGREE DAYS
 HEATING
  YESTERDAY        0                         0      0        0
  MONTH TO DATE    0                         0      0        6
  SINCE SEP 1      0                         0      0        6
  SINCE JUL 1      0                         0      0        6

 COOLING
  YESTERDAY       15                         9      6       12
  MONTH TO DATE  382                       269    113      212
  SINCE SEP 1   1143                       911    232      881
  SINCE JAN 1   4740                      3995    745     4377
..................................................................


WIND (MPH)
  RESULTANT WIND SPEED   2   RESULTANT WIND DIRECTION   N (340)
  HIGHEST WIND SPEED    10   HIGHEST WIND DIRECTION    NW (320)
  HIGHEST GUST SPEED    13   HIGHEST GUST DIRECTION    SE (120)
  AVERAGE WIND SPEED     4.9


SKY COVER
  POSSIBLE SUNSHINE  MM
  AVERAGE SKY COVER 0.1


WEATHER CONDITIONS
 THE FOLLOWING WEATHER WAS RECORDED YESTERDAY.
  NO SIGNIFICANT WEATHER WAS OBSERVED.


RELATIVE HUMIDITY (PERCENT)
 HIGHEST    48           400 AM
 LOWEST      8           200 PM
 AVERAGE    28

..........................................................


THE PALM SPRINGS INTL AIRPORT CA CLIMATE NORMALS FOR TODAY
                         NORMAL    RECORD    YEAR
 MAXIMUM TEMPERATURE (F)   87       104      2003
                                             1959
 MINIMUM TEMPERATURE (F)   60        45      1957
                                             1953
                                             1951


SUNRISE AND SUNSET
OCTOBER 23 2014.......SUNRISE   657 AM PDT   SUNSET   603 PM PDT
OCTOBER 24 2014.......SUNRISE   658 AM PDT   SUNSET   602 PM PDT


-  INDICATES NEGATIVE NUMBERS.
R  INDICATES RECORD WAS SET OR TIED.
MM INDICATES DATA IS MISSING.
T  INDICATES TRACE AMOUNT.




$$
