000
CDUS45 KPUB 011037
CLIPUB


CLIMATE REPORT
NATIONAL WEATHER SERVICE PUEBLO
436 AM MDT SAT OCT 1 2016


...................................

...THE PUEBLO CO CLIMATE SUMMARY FOR SEPTEMBER 30 2016...

CLIMATE NORMAL PERIOD 1981 TO 2010
CLIMATE RECORD PERIOD 1888 TO 2016


WEATHER ITEM   OBSERVED TIME   RECORD YEAR NORMAL DEPARTURE LAST
                VALUE   (LST)  VALUE       VALUE  FROM      YEAR
                                                  NORMAL
..................................................................
TEMPERATURE (F)
 YESTERDAY
  MAXIMUM         85   1227 PM  92    1989  76      9       77
  MINIMUM         48    631 AM  27    1984  41      7       53
  AVERAGE         67                        58      9       65

PRECIPITATION (IN)
  YESTERDAY        T             1.00 1959   0.02  -0.02      T
  MONTH TO DATE    0.05                      0.77  -0.72     0.03
  SINCE SEP 1      0.05                      0.77  -0.72     0.03
  SINCE JAN 1     10.37                     11.00  -0.63    15.05

SNOWFALL (IN)
  YESTERDAY       MM             4.5  1959   0.0   MM        0.0
  MONTH TO DATE    0.0                       0.3   -0.3      0.0
  SINCE SEP 1      0.0                       0.3   -0.3      0.0
  SINCE JUL 1      T                         0.3   -0.3      0.0
  SNOW DEPTH       0

DEGREE DAYS
 HEATING
  YESTERDAY        0                         7     -7        0
  MONTH TO DATE   20                        95    -75        0
  SINCE SEP 1     20                        93    -73        0
  SINCE JUL 1     20                        98    -78        0

 COOLING
  YESTERDAY        2                         0      2        0
  MONTH TO DATE  172                        83     89      217
  SINCE SEP 1    172                        83     89      217
  SINCE JAN 1   1337                       894    443     1263
..................................................................


WIND (MPH)
  HIGHEST WIND SPEED    25   HIGHEST WIND DIRECTION     W (290)
  HIGHEST GUST SPEED    32   HIGHEST GUST DIRECTION     W (290)
  AVERAGE WIND SPEED     8.4


SKY COVER
  POSSIBLE SUNSHINE  MM
  AVERAGE SKY COVER 0.3


WEATHER CONDITIONS
 THE FOLLOWING WEATHER WAS RECORDED YESTERDAY.
  HAZE


RELATIVE HUMIDITY (PERCENT)
 HIGHEST    67          1000 PM
 LOWEST     23           100 PM
 AVERAGE    45

..........................................................


THE PUEBLO CO CLIMATE NORMALS FOR TODAY
                         NORMAL    RECORD    YEAR
 MAXIMUM TEMPERATURE (F)   75        92      1964
 MINIMUM TEMPERATURE (F)   40        25      1985


SUNRISE AND SUNSET
OCTOBER  1 2016.......SUNRISE   654 AM MDT   SUNSET   640 PM MDT
OCTOBER  2 2016.......SUNRISE   655 AM MDT   SUNSET   639 PM MDT


-  INDICATES NEGATIVE NUMBERS.
R  INDICATES RECORD WAS SET OR TIED.
MM INDICATES DATA IS MISSING.
T  INDICATES TRACE AMOUNT.




$$
