000
CDUS45 KPUB 291056
CLIPUB


CLIMATE REPORT
NATIONAL WEATHER SERVICE PUEBLO
454 AM MDT SUN MAY 29 2016


...................................

...THE PUEBLO CO CLIMATE SUMMARY FOR MAY 28 2016...

CLIMATE NORMAL PERIOD 1981 TO 2010
CLIMATE RECORD PERIOD 1888 TO 2016


WEATHER ITEM   OBSERVED TIME   RECORD YEAR NORMAL DEPARTURE LAST
                VALUE   (LST)  VALUE       VALUE  FROM      YEAR
                                                  NORMAL
..................................................................
TEMPERATURE (F)
 YESTERDAY
  MAXIMUM         77    409 PM  97    2000  80     -3       81
                                      1974
                                      1951
  MINIMUM         43    453 AM  35    1915  48     -5       50
  AVERAGE         60                        64     -4       66

PRECIPITATION (IN)
  YESTERDAY        0.20          0.59 1983   0.05   0.15     0.18
  MONTH TO DATE    1.75                      1.37   0.38     5.38
  SINCE MAR 1      5.30                      3.70   1.60     7.37
  SINCE JAN 1      6.16                      4.35   1.81     8.75

SNOWFALL (IN)
  YESTERDAY        T   R         0.0  2002   0.0    0.0      0.0
                                      2001
  MONTH TO DATE    T                         0.5   -0.5       T
  SINCE MAR 1      7.2                      10.0   -2.8      1.7
  SINCE JUL 1     31.4                      31.8   -0.4     42.8
  SNOW DEPTH       0

DEGREE DAYS
 HEATING
  YESTERDAY        5                         3      2        0
  MONTH TO DATE  147                       165    -18      234
  SINCE MAR 1   1111                      1302   -191     1222
  SINCE JUL 1   4620                      5605   -985     5244

 COOLING
  YESTERDAY        0                         2     -2        1
  MONTH TO DATE   28                        24      4        2
  SINCE MAR 1     28                        26      2        2
  SINCE JAN 1     28                        26      2        2
..................................................................


WIND (MPH)
  HIGHEST WIND SPEED    26   HIGHEST WIND DIRECTION     S (200)
  HIGHEST GUST SPEED    49   HIGHEST GUST DIRECTION     S (200)
  AVERAGE WIND SPEED     6.7


SKY COVER
  POSSIBLE SUNSHINE  MM
  AVERAGE SKY COVER 0.0


WEATHER CONDITIONS
 THE FOLLOWING WEATHER WAS RECORDED YESTERDAY.
  THUNDERSTORM
  HEAVY RAIN
  RAIN
  LIGHT RAIN
  HAIL


RELATIVE HUMIDITY (PERCENT)
 HIGHEST    89           500 AM
 LOWEST     25           200 PM
 AVERAGE    57

..........................................................


THE PUEBLO CO CLIMATE NORMALS FOR TODAY
                         NORMAL    RECORD    YEAR
 MAXIMUM TEMPERATURE (F)   81       102      2000
 MINIMUM TEMPERATURE (F)   48        36      1947


SUNRISE AND SUNSET
MAY 29 2016...........SUNRISE   537 AM MDT   SUNSET   814 PM MDT
MAY 30 2016...........SUNRISE   537 AM MDT   SUNSET   815 PM MDT


-  INDICATES NEGATIVE NUMBERS.
R  INDICATES RECORD WAS SET OR TIED.
MM INDICATES DATA IS MISSING.
T  INDICATES TRACE AMOUNT.




$$
