000
CDUS45 KPUB 261036
CLIPUB


CLIMATE REPORT
NATIONAL WEATHER SERVICE PUEBLO
436 AM MDT MON JUN 26 2017


...................................

...THE PUEBLO CO CLIMATE SUMMARY FOR JUNE 25 2017...

CLIMATE NORMAL PERIOD 1981 TO 2010
CLIMATE RECORD PERIOD 1888 TO 2017


WEATHER ITEM   OBSERVED TIME   RECORD YEAR NORMAL DEPARTURE LAST
                VALUE   (LST)  VALUE       VALUE  FROM      YEAR
                                                  NORMAL
..................................................................
TEMPERATURE (F)
 YESTERDAY
  MAXIMUM         87    236 PM 105    2012  91     -4       96
  MINIMUM         59    432 AM  45    1998  55      4       63
  AVERAGE         73                        73      0       80

PRECIPITATION (IN)
  YESTERDAY        T             0.67 1897   0.05  -0.05     0.26
  MONTH TO DATE    1.57                      1.12   0.45     0.67
  SINCE JUN 1      1.57                      1.12   0.45     0.67
  SINCE JAN 1     10.63                      5.61   5.02     7.84

SNOWFALL (IN)
  YESTERDAY        0.0           0.0  2002   0.0    0.0      0.0
                                      2001
  MONTH TO DATE    0.0                       0.0    0.0       T
  SINCE JUN 1      0.0                       0.0    0.0       T
  SINCE JUL 1     28.2                      31.8   -3.6     31.4
  SNOW DEPTH       0

DEGREE DAYS
 HEATING
  YESTERDAY        0                         0      0        0
  MONTH TO DATE    5                        22    -17        1
  SINCE JUN 1      5                        22    -17        1
  SINCE JUL 1   4543                      5635  -1092     4624

 COOLING
  YESTERDAY        8                         8      0       15
  MONTH TO DATE  181                       130     51      270
  SINCE JUN 1    181                       130     51      270
  SINCE JAN 1    191                       164     27      300
..................................................................


WIND (MPH)
  HIGHEST WIND SPEED    30   HIGHEST WIND DIRECTION     E (90)
  HIGHEST GUST SPEED    35   HIGHEST GUST DIRECTION     E (90)
  AVERAGE WIND SPEED    10.8


SKY COVER
  POSSIBLE SUNSHINE  MM
  AVERAGE SKY COVER 0.5


WEATHER CONDITIONS
 THE FOLLOWING WEATHER WAS RECORDED YESTERDAY.
  THUNDERSTORM
  LIGHT RAIN


RELATIVE HUMIDITY (PERCENT)
 HIGHEST    84          1100 PM
 LOWEST     30           300 PM
 AVERAGE    57

..........................................................


THE PUEBLO CO CLIMATE NORMALS FOR TODAY
                         NORMAL    RECORD    YEAR
 MAXIMUM TEMPERATURE (F)   91       106      2012
                                             1980
 MINIMUM TEMPERATURE (F)   56        45      1968


SUNRISE AND SUNSET
JUNE 26 2017..........SUNRISE   536 AM MDT   SUNSET   826 PM MDT
JUNE 27 2017..........SUNRISE   537 AM MDT   SUNSET   826 PM MDT


-  INDICATES NEGATIVE NUMBERS.
R  INDICATES RECORD WAS SET OR TIED.
MM INDICATES DATA IS MISSING.
T  INDICATES TRACE AMOUNT.




$$
