000
CDUS45 KPUB 291024
CLIPUB


CLIMATE REPORT
NATIONAL WEATHER SERVICE PUEBLO
424 AM MDT WED JUL 29 2015


...................................

...THE PUEBLO CO CLIMATE SUMMARY FOR JULY 28 2015...

CLIMATE NORMAL PERIOD 1981 TO 2010
CLIMATE RECORD PERIOD 1888 TO 2015


WEATHER ITEM   OBSERVED TIME   RECORD YEAR NORMAL DEPARTURE LAST
                VALUE   (LST)  VALUE       VALUE  FROM      YEAR
                                                  NORMAL
..................................................................
TEMPERATURE (F)
 YESTERDAY
  MAXIMUM         93    306 PM 103    1978  92      1       80
  MINIMUM         64    523 AM  51    1913  59      5       64
  AVERAGE         79                        76      3       72

PRECIPITATION (IN)
  YESTERDAY        0.00          1.13 1984   0.08  -0.08     0.06
  MONTH TO DATE    0.64                      1.83  -1.19     2.76
  SINCE JUN 1      1.86                      3.19  -1.33     3.62
  SINCE JAN 1     10.78                      7.68   3.10     7.82

SNOWFALL (IN)
  YESTERDAY        0.0           0.0  2002   0.0    0.0      0.0
                                      2001
  MONTH TO DATE    0.0                       0.0    0.0      0.0
  SINCE JUN 1      0.0                       0.0    0.0       T
  SINCE JUL 1      0.0                       0.0    0.0      0.0
  SNOW DEPTH       0

DEGREE DAYS
 HEATING
  YESTERDAY        0                         0      0        0
  MONTH TO DATE    0                         0      0        0
  SINCE JUN 1      0                        25    -25        3
  SINCE JUL 1      0                         0      0        0

 COOLING
  YESTERDAY       14                        11      3        7
  MONTH TO DATE  362                       303     59      311
  SINCE JUN 1    605                       478    127      551
  SINCE JAN 1    609                       512     97      603
..................................................................


WIND (MPH)
  HIGHEST WIND SPEED    24   HIGHEST WIND DIRECTION     E (100)
  HIGHEST GUST SPEED    30   HIGHEST GUST DIRECTION     E (110)
  AVERAGE WIND SPEED    12.2


SKY COVER
  POSSIBLE SUNSHINE  MM
  AVERAGE SKY COVER 0.0


WEATHER CONDITIONS
 THE FOLLOWING WEATHER WAS RECORDED YESTERDAY.
  NO SIGNIFICANT WEATHER WAS OBSERVED.


RELATIVE HUMIDITY (PERCENT)
 HIGHEST    42           200 AM
 LOWEST     14           100 PM
 AVERAGE    28

..........................................................


THE PUEBLO CO CLIMATE NORMALS FOR TODAY
                         NORMAL    RECORD    YEAR
 MAXIMUM TEMPERATURE (F)   92       106      1980
 MINIMUM TEMPERATURE (F)   59        52      1990


SUNRISE AND SUNSET
JULY 29 2015..........SUNRISE   558 AM MDT   SUNSET   811 PM MDT
JULY 30 2015..........SUNRISE   559 AM MDT   SUNSET   810 PM MDT


-  INDICATES NEGATIVE NUMBERS.
R  INDICATES RECORD WAS SET OR TIED.
MM INDICATES DATA IS MISSING.
T  INDICATES TRACE AMOUNT.




$$
