000
CDUS45 KPUB 071028
CLIPUB


CLIMATE REPORT
NATIONAL WEATHER SERVICE PUEBLO
428 AM MDT TUE JUL 7 2015


...................................

...THE PUEBLO CO CLIMATE SUMMARY FOR JULY 6 2015...

CLIMATE NORMAL PERIOD 1981 TO 2010
CLIMATE RECORD PERIOD 1888 TO 2015


WEATHER ITEM   OBSERVED TIME   RECORD YEAR NORMAL DEPARTURE LAST
                VALUE   (LST)  VALUE       VALUE  FROM      YEAR
                                                  NORMAL
..................................................................
TEMPERATURE (F)
 YESTERDAY
  MAXIMUM         85   1135 AM 105    1991  93     -8       99
                                      1973
  MINIMUM         66   1159 PM  48    1997  58      8       63
                                      1995
  AVERAGE         76                        76      0       81

PRECIPITATION (IN)
  YESTERDAY        0.07          0.93 1988   0.06   0.01     0.00
  MONTH TO DATE    0.35                      0.33   0.02     0.09
  SINCE JUN 1      1.57                      1.69  -0.12     0.95
  SINCE JAN 1     10.49                      6.18   4.31     5.15

SNOWFALL (IN)
  YESTERDAY        0.0           0.0  2002   0.0    0.0      0.0
                                      2001
  MONTH TO DATE    0.0                       0.0    0.0      0.0
  SINCE JUN 1      0.0                       0.0    0.0       T
  SINCE JUL 1      0.0                       0.0    0.0      0.0
  SNOW DEPTH       0

DEGREE DAYS
 HEATING
  YESTERDAY        0                         0      0        0
  MONTH TO DATE    0                         0      0        0
  SINCE JUN 1      0                        25    -25        3
  SINCE JUL 1      0                         0      0        0

 COOLING
  YESTERDAY       11                        11      0       16
  MONTH TO DATE   75                        61     14       59
  SINCE JUN 1    318                       236     82      299
  SINCE JAN 1    322                       270     52      351
..................................................................


WIND (MPH)
  HIGHEST WIND SPEED    24   HIGHEST WIND DIRECTION     E (70)
  HIGHEST GUST SPEED    29   HIGHEST GUST DIRECTION     E (80)
  AVERAGE WIND SPEED     9.6


SKY COVER
  POSSIBLE SUNSHINE  MM
  AVERAGE SKY COVER 0.8


WEATHER CONDITIONS
 THE FOLLOWING WEATHER WAS RECORDED YESTERDAY.
  LIGHT RAIN
  FOG


RELATIVE HUMIDITY (PERCENT)
 HIGHEST    81           400 PM
 LOWEST     40          1200 PM
 AVERAGE    61

..........................................................


THE PUEBLO CO CLIMATE NORMALS FOR TODAY
                         NORMAL    RECORD    YEAR
 MAXIMUM TEMPERATURE (F)   93       104      2003
 MINIMUM TEMPERATURE (F)   58        49      1997
                                             1994


SUNRISE AND SUNSET
JULY  7 2015..........SUNRISE   541 AM MDT   SUNSET   824 PM MDT
JULY  8 2015..........SUNRISE   542 AM MDT   SUNSET   824 PM MDT


-  INDICATES NEGATIVE NUMBERS.
R  INDICATES RECORD WAS SET OR TIED.
MM INDICATES DATA IS MISSING.
T  INDICATES TRACE AMOUNT.




$$
