000
CDUS45 KPUB 291107
CLIPUB


CLIMATE REPORT
NATIONAL WEATHER SERVICE PUEBLO
506 AM MDT FRI AUG 29 2014


...................................

...THE PUEBLO CO CLIMATE SUMMARY FOR AUGUST 28 2014...

CLIMATE NORMAL PERIOD 1981 TO 2010
CLIMATE RECORD PERIOD 1888 TO 2014


WEATHER ITEM   OBSERVED TIME   RECORD YEAR NORMAL DEPARTURE LAST
                VALUE   (LST)  VALUE       VALUE  FROM      YEAR
                                                  NORMAL
..................................................................
TEMPERATURE (F)
 YESTERDAY
  MAXIMUM         81    115 PM 100    1970  88     -7       93
  MINIMUM         53    527 AM  42    1964  55     -2       59
  AVERAGE         67                        72     -5       76

PRECIPITATION (IN)
  YESTERDAY        0.01          0.94 1978   0.06  -0.05     0.00
  MONTH TO DATE    1.26                      2.15  -0.89     3.92
  SINCE JUN 1      5.40                      5.57  -0.17     5.87
  SINCE JAN 1      9.60                     10.06  -0.46     7.80

SNOWFALL (IN)
  YESTERDAY        0.0           0.0  2002   0.0    0.0      0.0
  MONTH TO DATE    0.0                       0.0    0.0      0.0
  SINCE JUN 1      T                         0.0    0.0       T
  SINCE JUL 1      0.0                       0.0    0.0       T
  SNOW DEPTH       0

DEGREE DAYS
 HEATING
  YESTERDAY        0                         0      0        0
  MONTH TO DATE    0                         0      0        0
  SINCE JUN 1      4                        26    -22       17
  SINCE JUL 1      1                         1      0        0

 COOLING
  YESTERDAY        2                         7     -5       11
  MONTH TO DATE  242                       246     -4      275
  SINCE JUN 1    803                       757     46      941
  SINCE JAN 1    855                       791     64     1014
..................................................................


WIND (MPH)
  HIGHEST WIND SPEED    29   HIGHEST WIND DIRECTION     N (10)
  HIGHEST GUST SPEED    35   HIGHEST GUST DIRECTION     N (10)
  AVERAGE WIND SPEED     6.7


SKY COVER
  POSSIBLE SUNSHINE  MM
  AVERAGE SKY COVER 0.0


WEATHER CONDITIONS
 THE FOLLOWING WEATHER WAS RECORDED YESTERDAY.
  THUNDERSTORM
  LIGHT RAIN


RELATIVE HUMIDITY (PERCENT)
 HIGHEST    86          1000 PM
 LOWEST     28           100 PM
 AVERAGE    57

..........................................................


THE PUEBLO CO CLIMATE NORMALS FOR TODAY
                         NORMAL    RECORD    YEAR
 MAXIMUM TEMPERATURE (F)   88       102      1970
 MINIMUM TEMPERATURE (F)   55        47      1917
                                             1911


SUNRISE AND SUNSET
AUGUST 29 2014........SUNRISE   625 AM MDT   SUNSET   732 PM MDT
AUGUST 30 2014........SUNRISE   626 AM MDT   SUNSET   731 PM MDT


-  INDICATES NEGATIVE NUMBERS.
R  INDICATES RECORD WAS SET OR TIED.
MM INDICATES DATA IS MISSING.
T  INDICATES TRACE AMOUNT.




$$
