000
CDUS46 KOTX 010824
CLIPUW


CLIMATE REPORT
NATIONAL WEATHER SERVICE SPOKANE, WA
123 AM PDT WED OCT 1 2014


...................................

...THE PULLMAN-MOSCOW  AIRPORT CLIMATE SUMMARY FOR SEPTEMBER 30 2014...

CLIMATE NORMAL PERIOD 1981 TO 2010
CLIMATE RECORD PERIOD 9999 TO 9999


WEATHER ITEM   OBSERVED TIME   RECORD YEAR NORMAL DEPARTURE LAST
                VALUE   (LST)  VALUE       VALUE  FROM      YEAR
                                                  NORMAL
..................................................................
TEMPERATURE (F)
 YESTERDAY
  MAXIMUM         62    159 PM  88    1989  67     -5       57
  MINIMUM         41   1120 PM  21    1983  39      2       44
  AVERAGE         52                        53     -1       51

PRECIPITATION (IN)
  YESTERDAY        0.16          0.42 1986   0.04   0.12     0.29
  MONTH TO DATE    0.44                      0.78  -0.34     2.66
  SINCE OCT 1     15.22                     16.89  -1.67    19.08
  SINCE JAN 1     11.88                     11.69   0.19    11.54

SNOWFALL (IN)
  YESTERDAY       MM            MM      MM  MM     MM       MM
  MONTH TO DATE   MM                        MM     MM       MM
  SINCE SEP 1     MM                        MM     MM       MM
  SINCE JUL 1     MM                        MM     MM       MM
  SNOW DEPTH      MM

DEGREE DAYS
 HEATING
  YESTERDAY       13                        12      1       14
  MONTH TO DATE  128                       228   -100      179
  SINCE SEP 1    128                       228   -100      179
  SINCE JUL 1    153                       361   -208      219

 COOLING
  YESTERDAY        0                         0      0        0
  MONTH TO DATE   19                        22     -3       72
  SINCE SEP 1     19                        22     -3       72
  SINCE JAN 1    346                       212    134      334
..................................................................


WIND (MPH)
  HIGHEST WIND SPEED    26   HIGHEST WIND DIRECTION    SW (230)
  HIGHEST GUST SPEED    33   HIGHEST GUST DIRECTION     W (270)
  AVERAGE WIND SPEED    14.2


SKY COVER
  POSSIBLE SUNSHINE  MM
  AVERAGE SKY COVER 0.6


WEATHER CONDITIONS
 THE FOLLOWING WEATHER WAS RECORDED YESTERDAY.
  THUNDERSTORM
  LIGHT RAIN
  FOG


RELATIVE HUMIDITY (PERCENT)
 HIGHEST    93          1200 AM
 LOWEST     39           400 PM
 AVERAGE    66

..........................................................


THE PULLMAN-MOSCOW  AIRPORT CLIMATE NORMALS FOR TODAY
                         NORMAL    RECORD    YEAR
 MAXIMUM TEMPERATURE (F)   67        90      1992
 MINIMUM TEMPERATURE (F)   39        25      2002
                                             1999


SUNRISE AND SUNSET
OCTOBER  1 2014.......SUNRISE   647 AM PDT   SUNSET   628 PM PDT
OCTOBER  2 2014.......SUNRISE   649 AM PDT   SUNSET   626 PM PDT


-  INDICATES NEGATIVE NUMBERS.
R  INDICATES RECORD WAS SET OR TIED.
MM INDICATES DATA IS MISSING.
T  INDICATES TRACE AMOUNT.




$$
