000
CDUS46 KOTX 090828
CLIPUW


CLIMATE REPORT
NATIONAL WEATHER SERVICE SPOKANE, WA
1228 AM PST FRI DEC 9 2016


...................................

...THE PULLMAN-MOSCOW  AIRPORT CLIMATE SUMMARY FOR DECEMBER 8 2016...

CLIMATE NORMAL PERIOD 1981 TO 2010
CLIMATE RECORD PERIOD 9999 TO 9999


WEATHER ITEM   OBSERVED TIME   RECORD YEAR NORMAL DEPARTURE LAST
                VALUE   (LST)  VALUE       VALUE  FROM      YEAR
                                                  NORMAL
..................................................................
TEMPERATURE (F)
 YESTERDAY
  MAXIMUM         24    155 PM  53    2015  36    -12       53
  MINIMUM         15    800 AM -11    2013  25    -10       40
  AVERAGE         20                        31    -11       47

PRECIPITATION (IN)
  YESTERDAY        T                         0.06  -0.06     0.53
  MONTH TO DATE    0.36                      0.48  -0.12     2.18
  SINCE OCT 1      7.22                      4.11   3.11     5.71
  SINCE JAN 1     19.54                     15.80   3.74    16.33

SNOWFALL (IN)
  YESTERDAY       MM

DEGREE DAYS
 HEATING
  YESTERDAY       45                        34     11       18
  MONTH TO DATE  293                       269     24      219
  SINCE DEC 1    293                       269     24      219
  SINCE JUL 1   1641                      2013   -372     1676

 COOLING
  YESTERDAY        0                         0      0        0
  MONTH TO DATE    0                         0      0        0
  SINCE DEC 1      0                         0      0        0
  SINCE JAN 1    203                       213    -10      416
..................................................................


WIND (MPH)
  HIGHEST WIND SPEED    22   HIGHEST WIND DIRECTION     E (90)
  HIGHEST GUST SPEED    25   HIGHEST GUST DIRECTION     E (90)
  AVERAGE WIND SPEED    13.1


SKY COVER
  POSSIBLE SUNSHINE  MM
  AVERAGE SKY COVER 0.3


WEATHER CONDITIONS
 THE FOLLOWING WEATHER WAS RECORDED YESTERDAY.
  LIGHT SNOW
  FOG


RELATIVE HUMIDITY (PERCENT)
 HIGHEST    84          1000 PM
 LOWEST     55           200 PM
 AVERAGE    70

..........................................................


THE PULLMAN-MOSCOW  AIRPORT CLIMATE NORMALS FOR TODAY
                         NORMAL    RECORD    YEAR
 MAXIMUM TEMPERATURE (F)   36        55      1975
 MINIMUM TEMPERATURE (F)   25       -10      1972


SUNRISE AND SUNSET
DECEMBER  9 2016......SUNRISE   722 AM PST   SUNSET   400 PM PST
DECEMBER 10 2016......SUNRISE   723 AM PST   SUNSET   400 PM PST


-  INDICATES NEGATIVE NUMBERS.
R  INDICATES RECORD WAS SET OR TIED.
MM INDICATES DATA IS MISSING.
T  INDICATES TRACE AMOUNT.




$$
