005
CDUS46 KOTX 230823
CLIPUW


CLIMATE REPORT
NATIONAL WEATHER SERVICE SPOKANE, WA
122 AM PDT SAT JUL 23 2016


...................................

...THE PULLMAN-MOSCOW  AIRPORT CLIMATE SUMMARY FOR JULY 22 2016...

CLIMATE NORMAL PERIOD 1981 TO 2010
CLIMATE RECORD PERIOD 9999 TO 9999


WEATHER ITEM   OBSERVED TIME   RECORD YEAR NORMAL DEPARTURE LAST
                VALUE   (LST)  VALUE       VALUE  FROM      YEAR
                                                  NORMAL
..................................................................
TEMPERATURE (F)
 YESTERDAY
  MAXIMUM         77    403 PM 100    2006  84     -7       79
                                      1994
  MINIMUM         51   1149 PM  37    1984  50      1       54
  AVERAGE         64                        67     -3       67

PRECIPITATION (IN)
  YESTERDAY        T                         0.01  -0.01      T
  MONTH TO DATE    0.75                      0.51   0.24     0.54
  SINCE OCT 1     19.71                     15.30   4.41    16.63
  SINCE JAN 1     11.72                     10.10   1.62     9.78

SNOWFALL (IN)
  YESTERDAY       MM

DEGREE DAYS
 HEATING
  YESTERDAY        1                         1      0        0
  MONTH TO DATE   62                        53      9        4
  SINCE JUN 1    230                       259    -29       83
  SINCE JUL 1     62                        53      9        4

 COOLING
  YESTERDAY        0                         3     -3        2
  MONTH TO DATE   10                        49    -39      141
  SINCE JUN 1     53                        62     -9      234
  SINCE JAN 1     54                        67    -13      246
..................................................................


WIND (MPH)
  HIGHEST WIND SPEED    24   HIGHEST WIND DIRECTION    SW (240)
  HIGHEST GUST SPEED    32   HIGHEST GUST DIRECTION     W (250)
  AVERAGE WIND SPEED    12.0


SKY COVER
  POSSIBLE SUNSHINE  MM
  AVERAGE SKY COVER 0.2


WEATHER CONDITIONS
 THE FOLLOWING WEATHER WAS RECORDED YESTERDAY.
  NO SIGNIFICANT WEATHER WAS OBSERVED.


RELATIVE HUMIDITY (PERCENT)
 HIGHEST    72           100 AM
 LOWEST     29           400 PM
 AVERAGE    51

..........................................................


THE PULLMAN-MOSCOW  AIRPORT CLIMATE NORMALS FOR TODAY
                         NORMAL    RECORD    YEAR
 MAXIMUM TEMPERATURE (F)   84       102      1959
 MINIMUM TEMPERATURE (F)   51        35      1963


SUNRISE AND SUNSET
JULY 23 2016..........SUNRISE   519 AM PDT   SUNSET   831 PM PDT
JULY 24 2016..........SUNRISE   520 AM PDT   SUNSET   829 PM PDT


-  INDICATES NEGATIVE NUMBERS.
R  INDICATES RECORD WAS SET OR TIED.
MM INDICATES DATA IS MISSING.
T  INDICATES TRACE AMOUNT.




$$
