869
CDUS46 KOTX 230826
CLIPUW


CLIMATE REPORT
NATIONAL WEATHER SERVICE SPOKANE, WA
125 AM PDT WED AUG 23 2017


...................................

...THE PULLMAN-MOSCOW  AIRPORT CLIMATE SUMMARY FOR AUGUST 22 2017...

CLIMATE NORMAL PERIOD 1981 TO 2010
CLIMATE RECORD PERIOD 9999 TO 9999


WEATHER ITEM   OBSERVED TIME   RECORD YEAR NORMAL DEPARTURE LAST
                VALUE   (LST)  VALUE       VALUE  FROM      YEAR
                                                  NORMAL
..................................................................
TEMPERATURE (F)
 YESTERDAY
  MAXIMUM         91    314 PM  99    1961  81     10       72
                                      1956
  MINIMUM         51    325 AM  37    1968  49      2       45
  AVERAGE         71                        65      6       59

PRECIPITATION (IN)
  YESTERDAY        0.00                      0.02  -0.02     0.00
  MONTH TO DATE    0.06                      0.46  -0.40     0.24
  SINCE OCT 1     23.33                     15.94   7.39    19.95
  SINCE JAN 1     14.92                     10.74   4.18    11.96

SNOWFALL (IN)
  YESTERDAY       MM

DEGREE DAYS
 HEATING
  YESTERDAY        0                         3     -3        6
  MONTH TO DATE   11                        36    -25       25
  SINCE JUN 1    151                       306   -155      258
  SINCE JUL 1     17                       100    -83       90

 COOLING
  YESTERDAY        6                         3      3        0
  MONTH TO DATE  138                        73     65       73
  SINCE JUN 1    368                       168    200      174
  SINCE JAN 1    388                       173    215      175
..................................................................


WIND (MPH)
  HIGHEST WIND SPEED    14   HIGHEST WIND DIRECTION     E (110)
  HIGHEST GUST SPEED    18   HIGHEST GUST DIRECTION     E (100)
  AVERAGE WIND SPEED     3.7


SKY COVER
  POSSIBLE SUNSHINE  MM
  AVERAGE SKY COVER 0.0


WEATHER CONDITIONS
 THE FOLLOWING WEATHER WAS RECORDED YESTERDAY.
  HAZE


RELATIVE HUMIDITY (PERCENT)
 HIGHEST    55          1200 AM
 LOWEST     16           400 PM
 AVERAGE    36

..........................................................


THE PULLMAN-MOSCOW  AIRPORT CLIMATE NORMALS FOR TODAY
                         NORMAL    RECORD    YEAR
 MAXIMUM TEMPERATURE (F)   81        98      1894
 MINIMUM TEMPERATURE (F)   48        36      1992


SUNRISE AND SUNSET
AUGUST 23 2017........SUNRISE   557 AM PDT   SUNSET   744 PM PDT
AUGUST 24 2017........SUNRISE   558 AM PDT   SUNSET   742 PM PDT


-  INDICATES NEGATIVE NUMBERS.
R  INDICATES RECORD WAS SET OR TIED.
MM INDICATES DATA IS MISSING.
T  INDICATES TRACE AMOUNT.




$$
