000
CDUS46 KOTX 250833
CLIPUW


CLIMATE REPORT
NATIONAL WEATHER SERVICE SPOKANE, WA
1231 AM PST SUN JAN 25 2015


...................................

...THE PULLMAN-MOSCOW  AIRPORT CLIMATE SUMMARY FOR JANUARY 24 2015...

CLIMATE NORMAL PERIOD 1981 TO 2010
CLIMATE RECORD PERIOD 9999 TO 9999


WEATHER ITEM   OBSERVED TIME   RECORD YEAR NORMAL DEPARTURE LAST
                VALUE   (LST)  VALUE       VALUE  FROM      YEAR
                                                  NORMAL
..................................................................
TEMPERATURE (F)
 YESTERDAY
  MAXIMUM         50   1056 AM  53    1953  37     13       36
  MINIMUM         42    516 AM -22    1949  28     14       27
  AVERAGE         46                        32     14       32

PRECIPITATION (IN)
  YESTERDAY        T             0.89 1964   0.07  -0.07     0.00
  MONTH TO DATE    1.61                      1.34   0.27     0.92
  SINCE OCT 1      8.46                      6.54   1.92     4.26
  SINCE JAN 1      1.61                      1.34   0.27     0.92

SNOWFALL (IN)
  YESTERDAY       MM

DEGREE DAYS
 HEATING
  YESTERDAY       19                        33    -14       33
  MONTH TO DATE  737                       811    -74      734
  SINCE DEC 1   1668                      1891   -223     1899
  SINCE JUL 1   3005                      3635   -630     3588

 COOLING
  YESTERDAY        0                         0      0        0
  MONTH TO DATE    0                         0      0        0
  SINCE DEC 1      0                         0      0        0
  SINCE JAN 1      0                         0      0        0
..................................................................


WIND (MPH)
  HIGHEST WIND SPEED    15   HIGHEST WIND DIRECTION    SE (120)
  HIGHEST GUST SPEED    20   HIGHEST GUST DIRECTION    SE (130)
  AVERAGE WIND SPEED     7.8


SKY COVER
  POSSIBLE SUNSHINE  MM
  AVERAGE SKY COVER 0.8


WEATHER CONDITIONS
 THE FOLLOWING WEATHER WAS RECORDED YESTERDAY.
  LIGHT RAIN


RELATIVE HUMIDITY (PERCENT)
 HIGHEST    92           500 PM
 LOWEST     76           100 AM
 AVERAGE    84

..........................................................


THE PULLMAN-MOSCOW  AIRPORT CLIMATE NORMALS FOR TODAY
                         NORMAL    RECORD    YEAR
 MAXIMUM TEMPERATURE (F)   37        51      2005
 MINIMUM TEMPERATURE (F)   28       -20      1950


SUNRISE AND SUNSET
JANUARY 25 2015.......SUNRISE   721 AM PST   SUNSET   441 PM PST
JANUARY 26 2015.......SUNRISE   720 AM PST   SUNSET   443 PM PST


-  INDICATES NEGATIVE NUMBERS.
R  INDICATES RECORD WAS SET OR TIED.
MM INDICATES DATA IS MISSING.
T  INDICATES TRACE AMOUNT.




$$
