000
CDUS41 KBOX 210752
CLIPVD


CLIMATE REPORT
NATIONAL WEATHER SERVICE TAUNTON MA
249 AM EST SUN DEC 21 2014


...................................

...THE PROVIDENCE RI CLIMATE SUMMARY FOR DECEMBER 20 2014...

CLIMATE NORMAL PERIOD 1981 TO 2010
CLIMATE RECORD PERIOD 1904 TO 2014


WEATHER ITEM   OBSERVED TIME   RECORD YEAR NORMAL DEPARTURE LAST
                VALUE   (LST)  VALUE       VALUE  FROM      YEAR
                                                  NORMAL
..................................................................
TEMPERATURE (F)
 YESTERDAY
  MAXIMUM         36    243 PM  60    2002  41     -5       53
  MINIMUM         26    244 AM -10    1942  25      1       28
  AVERAGE         31                        33     -2       41

PRECIPITATION (IN)
  YESTERDAY        0.07          1.31 2002   0.13  -0.06     0.00
  MONTH TO DATE    4.99                      2.88   2.11     2.89
  SINCE DEC 1      4.99                      2.88   2.11     2.89
  SINCE JAN 1     45.93                     45.84   0.09    43.53

SNOWFALL (IN)
  YESTERDAY        0.6          14.3  2009   0.3    0.3      0.0
  MONTH TO DATE    0.6                       5.2   -4.6      7.0
  SINCE DEC 1      0.6                       5.2   -4.6      7.0
  SINCE JUL 1      2.2                       6.7   -4.5      7.1
  SNOW DEPTH       0

DEGREE DAYS
 HEATING
  YESTERDAY       34                        32      2       24
  MONTH TO DATE  550                       581    -31      650
  SINCE DEC 1    550                       581    -31      650
  SINCE JUL 1   1586                      1656    -70     1753

 COOLING
  YESTERDAY        0                         0      0        0
  MONTH TO DATE    0                         0      0        0
  SINCE DEC 1      0                         0      0        0
  SINCE JAN 1    709                       744    -35      892
..................................................................


WIND (MPH)
  RESULTANT WIND SPEED   8   RESULTANT WIND DIRECTION   N (360)
  HIGHEST WIND SPEED    13   HIGHEST WIND DIRECTION     N (360)
  HIGHEST GUST SPEED    15   HIGHEST GUST DIRECTION     N (350)
  AVERAGE WIND SPEED     8.7


SKY COVER
  POSSIBLE SUNSHINE  MM
  AVERAGE SKY COVER 0.9


WEATHER CONDITIONS
 THE FOLLOWING WEATHER WAS RECORDED YESTERDAY.
  LIGHT RAIN
  LIGHT SNOW
  SLEET
  FOG


RELATIVE HUMIDITY (PERCENT)
 HIGHEST    92           800 PM
 LOWEST     61          1100 AM
 AVERAGE    77

..........................................................


THE PROVIDENCE RI CLIMATE NORMALS FOR TODAY
                         NORMAL    RECORD    YEAR
 MAXIMUM TEMPERATURE (F)   41        60      1999
                                             1957
 MINIMUM TEMPERATURE (F)   25        -4      1942


SUNRISE AND SUNSET
DECEMBER 21 2014......SUNRISE   709 AM EST   SUNSET   418 PM EST
DECEMBER 22 2014......SUNRISE   710 AM EST   SUNSET   419 PM EST


-  INDICATES NEGATIVE NUMBERS.
R  INDICATES RECORD WAS SET OR TIED.
MM INDICATES DATA IS MISSING.
T  INDICATES TRACE AMOUNT.




$$
