791
CDUS41 KBOX 011235
CLIPVD


CLIMATE REPORT
NATIONAL WEATHER SERVICE TAUNTON MA
835 AM EDT SAT OCT 1 2016


...................................

...THE PROVIDENCE RI CLIMATE SUMMARY FOR SEPTEMBER 30 2016...

CLIMATE NORMAL PERIOD 1981 TO 2010
CLIMATE RECORD PERIOD 1904 TO 2016


WEATHER ITEM   OBSERVED TIME   RECORD YEAR NORMAL DEPARTURE LAST
                VALUE   (LST)  VALUE       VALUE  FROM      YEAR
                                                  NORMAL
..................................................................
TEMPERATURE (F)
 YESTERDAY
  MAXIMUM         63   1142 AM  85    1986  69     -6       77
  MINIMUM         55    104 AM  32    1951  50      5       60
  AVERAGE         59                        59      0       69

PRECIPITATION (IN)
  YESTERDAY        0.54          2.02 2015   0.14   0.40     2.02
  MONTH TO DATE    2.74                      3.92  -1.18     3.19
  SINCE SEP 1      2.74                      3.92  -1.18     3.19
  SINCE JAN 1     28.57                     34.52  -5.95    30.61

SNOWFALL (IN)
  YESTERDAY        0.0           0.0  2002   0.0    0.0      0.0
                                      2001
                                      2000
  MONTH TO DATE    0.0                       0.0    0.0      0.0
  SINCE SEP 1      0.0                       0.0    0.0      0.0
  SINCE JUL 1      0.0                       0.0    0.0      0.0
  SNOW DEPTH       0

DEGREE DAYS
 HEATING
  YESTERDAY        6                         7     -1        0
  MONTH TO DATE   43                        89    -46       23
  SINCE SEP 1     43                        88    -45       23
  SINCE JUL 1     43                        97    -54       23

 COOLING
  YESTERDAY        0                         1     -1        4
  MONTH TO DATE  151                        80     71      151
  SINCE SEP 1    151                        80     71      151
  SINCE JAN 1   1034                       736    298      952
..................................................................


WIND (MPH)
  RESULTANT WIND SPEED  14   RESULTANT WIND DIRECTION  NE (50)
  HIGHEST WIND SPEED    24   HIGHEST WIND DIRECTION    NE (60)
  HIGHEST GUST SPEED    34   HIGHEST GUST DIRECTION     N (10)
  AVERAGE WIND SPEED    14.3


SKY COVER
  POSSIBLE SUNSHINE  MM
  AVERAGE SKY COVER 0.9


WEATHER CONDITIONS
 THE FOLLOWING WEATHER WAS RECORDED YESTERDAY.
  RAIN
  LIGHT RAIN
  FOG


RELATIVE HUMIDITY (PERCENT)
 HIGHEST    93           300 PM
 LOWEST     65          1000 AM
 AVERAGE    79

..........................................................


THE PROVIDENCE RI CLIMATE NORMALS FOR TODAY
                         NORMAL    RECORD    YEAR
 MAXIMUM TEMPERATURE (F)   69        87      1927
 MINIMUM TEMPERATURE (F)   49        34      1974


SUNRISE AND SUNSET
OCTOBER  1 2016.......SUNRISE   643 AM EDT   SUNSET   627 PM EDT
OCTOBER  2 2016.......SUNRISE   644 AM EDT   SUNSET   625 PM EDT


-  INDICATES NEGATIVE NUMBERS.
R  INDICATES RECORD WAS SET OR TIED.
MM INDICATES DATA IS MISSING.
T  INDICATES TRACE AMOUNT.




$$
