000
CDUS41 KBOX 290539
CLIPVD


CLIMATE REPORT
NATIONAL WEATHER SERVICE TAUNTON MA
135 AM EDT MON MAY 29 2017


...................................

...THE PROVIDENCE RI CLIMATE SUMMARY FOR MAY 28 2017...

CLIMATE NORMAL PERIOD 1981 TO 2010
CLIMATE RECORD PERIOD 1904 TO 2017


WEATHER ITEM   OBSERVED TIME   RECORD YEAR NORMAL DEPARTURE LAST
                VALUE   (LST)  VALUE       VALUE  FROM      YEAR
                                                  NORMAL
..................................................................
TEMPERATURE (F)
 YESTERDAY
  MAXIMUM         69   1247 PM  91    2016  72     -3       91
                                      1931
  MINIMUM         52   1159 PM  40    1994  52      0       63
  AVERAGE         61                        62     -1       77

PRECIPITATION (IN)
  YESTERDAY        0.00          1.82 1906   0.12  -0.12     0.00
  MONTH TO DATE    6.61                      3.17   3.44     1.68
  SINCE MAR 1     17.56                     12.54   5.02     8.27
  SINCE JAN 1     24.74                     19.69   5.05    16.62

SNOWFALL (IN)
  YESTERDAY        0.0           0.0  2002   0.0    0.0      0.0
                                      2001
                                      2000
  MONTH TO DATE    0.0                       0.0    0.0      0.0
  SINCE MAR 1      7.7                       6.1    1.6      9.3
  SINCE JUL 1     45.9                      33.8   12.1     28.7
  SNOW DEPTH       0

DEGREE DAYS
 HEATING
  YESTERDAY        4                         4      0        0
  MONTH TO DATE  222                       213      9      218
  SINCE MAR 1   1525                      1501     24     1374
  SINCE JUL 1   5083                      5563   -480     4745

 COOLING
  YESTERDAY        0                         1     -1       12
  MONTH TO DATE   41                        15     26       35
  SINCE MAR 1     58                        17     41       35
  SINCE JAN 1     58                        17     41       35
..................................................................


WIND (MPH)
  RESULTANT WIND SPEED   8   RESULTANT WIND DIRECTION   S (170)
  HIGHEST WIND SPEED    20   HIGHEST WIND DIRECTION    SE (150)
  HIGHEST GUST SPEED    23   HIGHEST GUST DIRECTION    SE (150)
  AVERAGE WIND SPEED     8.8


SKY COVER
  POSSIBLE SUNSHINE  MM
  AVERAGE SKY COVER 0.8


WEATHER CONDITIONS
 THE FOLLOWING WEATHER WAS RECORDED YESTERDAY.
  NO SIGNIFICANT WEATHER WAS OBSERVED.


RELATIVE HUMIDITY (PERCENT)
 HIGHEST   100           100 AM
 LOWEST     59           100 PM
 AVERAGE    80

..........................................................


THE PROVIDENCE RI CLIMATE NORMALS FOR TODAY
                         NORMAL    RECORD    YEAR
 MAXIMUM TEMPERATURE (F)   72        93      1931
 MINIMUM TEMPERATURE (F)   53        40      1949
                                             1907


SUNRISE AND SUNSET
MAY 29 2017...........SUNRISE   515 AM EDT   SUNSET   812 PM EDT
MAY 30 2017...........SUNRISE   514 AM EDT   SUNSET   813 PM EDT


-  INDICATES NEGATIVE NUMBERS.
R  INDICATES RECORD WAS SET OR TIED.
MM INDICATES DATA IS MISSING.
T  INDICATES TRACE AMOUNT.




$$
