094
CDUS41 KBOX 250527
CLIPVD


CLIMATE REPORT
NATIONAL WEATHER SERVICE TAUNTON MA
127 AM EDT TUE JUL 25 2017


...................................

...THE PROVIDENCE RI CLIMATE SUMMARY FOR JULY 24 2017...

CLIMATE NORMAL PERIOD 1981 TO 2010
CLIMATE RECORD PERIOD 1904 TO 2017


WEATHER ITEM   OBSERVED TIME   RECORD YEAR NORMAL DEPARTURE LAST
                VALUE   (LST)  VALUE       VALUE  FROM      YEAR
                                                  NORMAL
..................................................................
TEMPERATURE (F)
 YESTERDAY
  MAXIMUM         66   1232 AM  94    1987  83    -17       88
                                      1933
  MINIMUM         58    443 PM  52    1950  65     -7       70
                                      1923
  AVERAGE         62                        74    -12       79

PRECIPITATION (IN)
  YESTERDAY        0.56          1.52 2008   0.11   0.45     0.00
  MONTH TO DATE    3.26                      2.43   0.83     3.78
  SINCE JUN 1      7.52                      6.07   1.45     4.83
  SINCE JAN 1     32.54                     26.14   6.40    22.95

SNOWFALL (IN)
  YESTERDAY        0.0           T    1955   0.0    0.0      0.0
  MONTH TO DATE    0.0                       0.0    0.0      0.0
  SINCE JUN 1      0.0                       0.0    0.0      0.0
  SINCE JUL 1      0.0                       0.0    0.0      0.0
  SNOW DEPTH       0

DEGREE DAYS
 HEATING
  YESTERDAY        3                         0      3        0
  MONTH TO DATE    4                         0      4        0
  SINCE JUN 1     53                        43     10       12
  SINCE JUL 1      4                         0      4        0

 COOLING
  YESTERDAY        0                         9     -9       14
  MONTH TO DATE  229                       204     25      251
  SINCE JUN 1    398                       336     62      386
  SINCE JAN 1    456                       362     94      437
..................................................................


WIND (MPH)
  RESULTANT WIND SPEED  10   RESULTANT WIND DIRECTION  NE (30)
  HIGHEST WIND SPEED    22   HIGHEST WIND DIRECTION     N (10)
  HIGHEST GUST SPEED    28   HIGHEST GUST DIRECTION    NE (40)
  AVERAGE WIND SPEED    11.6


SKY COVER
  POSSIBLE SUNSHINE  MM
  AVERAGE SKY COVER 1.0


WEATHER CONDITIONS
 THE FOLLOWING WEATHER WAS RECORDED YESTERDAY.
  RAIN
  LIGHT RAIN
  FOG


RELATIVE HUMIDITY (PERCENT)
 HIGHEST   100          1200 PM
 LOWEST     78          1200 AM
 AVERAGE    89

..........................................................


THE PROVIDENCE RI CLIMATE NORMALS FOR TODAY
                         NORMAL    RECORD    YEAR
 MAXIMUM TEMPERATURE (F)   83        96      2001
 MINIMUM TEMPERATURE (F)   65        53      1953


SUNRISE AND SUNSET
JULY 25 2017..........SUNRISE   533 AM EDT   SUNSET   811 PM EDT
JULY 26 2017..........SUNRISE   534 AM EDT   SUNSET   810 PM EDT


-  INDICATES NEGATIVE NUMBERS.
R  INDICATES RECORD WAS SET OR TIED.
MM INDICATES DATA IS MISSING.
T  INDICATES TRACE AMOUNT.




$$
