000
CDUS41 KBOX 250532
CLIPVD


CLIMATE REPORT
NATIONAL WEATHER SERVICE TAUNTON MA
1232 AM EST SAT NOV 25 2017


...................................

...THE PROVIDENCE RI CLIMATE SUMMARY FOR NOVEMBER 24 2017...

CLIMATE NORMAL PERIOD 1981 TO 2010
CLIMATE RECORD PERIOD 1904 TO 2017


WEATHER ITEM   OBSERVED TIME   RECORD YEAR NORMAL DEPARTURE LAST
                VALUE   (LST)  VALUE       VALUE  FROM      YEAR
                                                  NORMAL
..................................................................
TEMPERATURE (F)
 YESTERDAY
  MAXIMUM         51    237 PM  73    1979  50      1       47
  MINIMUM         28    455 AM   6    1989  34     -6       32
  AVERAGE         40                        42     -2       40

PRECIPITATION (IN)
  YESTERDAY        0.00          2.14 1923   0.16  -0.16     0.05
  MONTH TO DATE    2.94                      3.57  -0.63     1.41
  SINCE SEP 1     12.23                     11.42   0.81     8.98
  SINCE JAN 1     46.43                     42.02   4.41    34.81

SNOWFALL (IN)
  YESTERDAY        0.0           2.7  1936   0.1   -0.1      0.0
  MONTH TO DATE    0.0                       0.9   -0.9       T
  SINCE SEP 1      0.0                       0.9   -0.9       T
  SINCE JUL 1      0.0                       0.9   -0.9       T
  SNOW DEPTH       0

DEGREE DAYS
 HEATING
  YESTERDAY       25                        23      2       25
  MONTH TO DATE  484                       471     13      430
  SINCE SEP 1    666                       920   -254      768
  SINCE JUL 1    674                       929   -255      768

 COOLING
  YESTERDAY        0                         0      0        0
  MONTH TO DATE    0                         0      0        0
  SINCE SEP 1    176                        88     88      166
  SINCE JAN 1    880                       744    136     1049
..................................................................


WIND (MPH)
  RESULTANT WIND SPEED   5   RESULTANT WIND DIRECTION  SW (220)
  HIGHEST WIND SPEED    14   HIGHEST WIND DIRECTION     S (190)
  HIGHEST GUST SPEED    16   HIGHEST GUST DIRECTION     S (190)
  AVERAGE WIND SPEED     5.6


SKY COVER
  POSSIBLE SUNSHINE  MM
  AVERAGE SKY COVER 0.2


WEATHER CONDITIONS
 THE FOLLOWING WEATHER WAS RECORDED YESTERDAY.
  NO SIGNIFICANT WEATHER WAS OBSERVED.


RELATIVE HUMIDITY (PERCENT)
 HIGHEST    92          1000 PM
 LOWEST     42          1200 PM
 AVERAGE    67

..........................................................


THE PROVIDENCE RI CLIMATE NORMALS FOR TODAY
                         NORMAL    RECORD    YEAR
 MAXIMUM TEMPERATURE (F)   50        71      1979
 MINIMUM TEMPERATURE (F)   33        12      1938


SUNRISE AND SUNSET
NOVEMBER 25 2017......SUNRISE   647 AM EST   SUNSET   418 PM EST
NOVEMBER 26 2017......SUNRISE   648 AM EST   SUNSET   418 PM EST


-  INDICATES NEGATIVE NUMBERS.
R  INDICATES RECORD WAS SET OR TIED.
MM INDICATES DATA IS MISSING.
T  INDICATES TRACE AMOUNT.




$$
