000
CDUS43 KLOT 260631
CLIPWK


CLIMATE REPORT
NATIONAL WEATHER SERVICE CHICAGO IL
131 AM CDT SUN OCT 26 2014


...................................

...THE CHICAGO EXECUTIVE CLIMATE SUMMARY FOR OCTOBER 25 2014...

CLIMATE NORMAL PERIOD 1981 TO 2010
CLIMATE RECORD PERIOD 1996 TO 2014


WEATHER ITEM   OBSERVED TIME   RECORD YEAR NORMAL DEPARTURE LAST
                VALUE   (LST)  VALUE       VALUE  FROM      YEAR
                                                  NORMAL
..................................................................
TEMPERATURE (F)
 YESTERDAY
  MAXIMUM         73    248 PM  75    2012  58     15       52
                                      2004
  MINIMUM         54   1159 PM  27    2006  40     14       30
  AVERAGE         64                        49     15       41

PRECIPITATION (IN)
  YESTERDAY        0.00          0.26 2009   0.10  -0.10     0.00
  MONTH TO DATE    3.42                      2.45   0.97     2.00
  SINCE SEP 1      5.33                      5.66  -0.33     4.03
  SINCE JAN 1     30.85                     28.14   2.71    24.90

DEGREE DAYS
 HEATING
  YESTERDAY        1                        16    -15       24
  MONTH TO DATE  281                       305    -24      274
  SINCE SEP 1    396                       407    -11      354
  SINCE JUL 1    400                       417    -17      364

 COOLING
  YESTERDAY        0                         0      0        0
  MONTH TO DATE    4                        11     -7       22
  SINCE SEP 1     92                        92      0      158
  SINCE JAN 1    780                       789     -9      918
..................................................................


WIND (MPH)
  RESULTANT WIND SPEED   9   RESULTANT WIND DIRECTION   W (290)
  HIGHEST WIND SPEED    22   HIGHEST WIND DIRECTION     W (290)
  HIGHEST GUST SPEED    29   HIGHEST GUST DIRECTION    NW (300)
  AVERAGE WIND SPEED     9.7



WEATHER CONDITIONS
 THE FOLLOWING WEATHER WAS RECORDED YESTERDAY.
  FOG
  HAZE


..........................................................


THE CHICAGO EXECUTIVE CLIMATE NORMALS FOR TODAY
                         NORMAL    RECORD    YEAR
 MAXIMUM TEMPERATURE (F)   58        76      2000
 MINIMUM TEMPERATURE (F)   40        34      2005


SUNRISE AND SUNSET
OCTOBER 26 2014.......SUNRISE   717 AM CDT   SUNSET   553 PM CDT
OCTOBER 27 2014.......SUNRISE   718 AM CDT   SUNSET   552 PM CDT


-  INDICATES NEGATIVE NUMBERS.
R  INDICATES RECORD WAS SET OR TIED.
MM INDICATES DATA IS MISSING.
T  INDICATES TRACE AMOUNT.




$$
