000
CDUS43 KLOT 230638
CLIPWK


CLIMATE REPORT
NATIONAL WEATHER SERVICE CHICAGO IL
137 AM CDT WED JUL 23 2014


...................................

...THE CHICAGO EXECUTIVE CLIMATE SUMMARY FOR JULY 22 2014...

CLIMATE NORMAL PERIOD 1981 TO 2010
CLIMATE RECORD PERIOD 1996 TO 2014


WEATHER ITEM   OBSERVED TIME   RECORD YEAR NORMAL DEPARTURE LAST
                VALUE   (LST)  VALUE       VALUE  FROM      YEAR
                                                  NORMAL
..................................................................
TEMPERATURE (F)
 YESTERDAY
  MAXIMUM         91    402 PM  93    2001  83      8       88
  MINIMUM         71    356 AM  54    1996  64      7       69
  AVERAGE         81                        74      7       79

PRECIPITATION (IN)
  YESTERDAY        0.02          2.77 2011   0.14  -0.12     0.02
  MONTH TO DATE    1.43                      2.31  -0.88     1.74
  SINCE JUN 1      9.16                      6.02   3.14     8.72
  SINCE JAN 1     18.36                     17.51   0.85    18.68

DEGREE DAYS
 HEATING
  YESTERDAY        0                         0      0        0
  MONTH TO DATE    3                         0      3        1
  SINCE JUN 1     23                        52    -29       58
  SINCE JUL 1      3                         0      3        1

 COOLING
  YESTERDAY       16                         9      7       14
  MONTH TO DATE  140                       192    -52      251
  SINCE JUN 1    318                       346    -28      402
  SINCE JAN 1    376                       388    -12      483
..................................................................


WIND (MPH)
  RESULTANT WIND SPEED  10   RESULTANT WIND DIRECTION  SW (210)
  HIGHEST WIND SPEED    24   HIGHEST WIND DIRECTION     N (20)
  HIGHEST GUST SPEED    33   HIGHEST GUST DIRECTION     N (10)
  AVERAGE WIND SPEED    11.4



WEATHER CONDITIONS
 THE FOLLOWING WEATHER WAS RECORDED YESTERDAY.
  THUNDERSTORM
  LIGHT RAIN


..........................................................


THE CHICAGO EXECUTIVE CLIMATE NORMALS FOR TODAY
                         NORMAL    RECORD    YEAR
 MAXIMUM TEMPERATURE (F)   83        97      2012
 MINIMUM TEMPERATURE (F)   64        53      2000


SUNRISE AND SUNSET
JULY 23 2014..........SUNRISE   536 AM CDT   SUNSET   820 PM CDT
JULY 24 2014..........SUNRISE   537 AM CDT   SUNSET   819 PM CDT


-  INDICATES NEGATIVE NUMBERS.
R  INDICATES RECORD WAS SET OR TIED.
MM INDICATES DATA IS MISSING.
T  INDICATES TRACE AMOUNT.




$$
