000
CDUS43 KLOT 040642
CLIPWK


CLIMATE REPORT
NATIONAL WEATHER SERVICE CHICAGO IL
142 AM CDT TUE AUG 4 2015


...................................

...THE CHICAGO EXECUTIVE CLIMATE SUMMARY FOR AUGUST 3 2015...

CLIMATE NORMAL PERIOD 1981 TO 2010
CLIMATE RECORD PERIOD 1996 TO 2015


WEATHER ITEM   OBSERVED TIME   RECORD YEAR NORMAL DEPARTURE LAST
                VALUE   (LST)  VALUE       VALUE  FROM      YEAR
                                                  NORMAL
..................................................................
TEMPERATURE (F)
 YESTERDAY
  MAXIMUM         82    410 PM  94    2005  83     -1       89
  MINIMUM         67   1159 PM  55    2000  64      3       62
  AVERAGE         75                        73      2       76

PRECIPITATION (IN)
  YESTERDAY        0.00          1.33 2004   0.12  -0.12     0.00
  MONTH TO DATE    0.77                      0.35   0.42     0.27
  SINCE JUN 1     10.10                      7.68   2.42     9.63
  SINCE JAN 1     18.23                     19.17  -0.94    18.83

DEGREE DAYS
 HEATING
  YESTERDAY        0                         0      0        0
  MONTH TO DATE    0                         0      0        0
  SINCE JUN 1     76                        56     20       23
  SINCE JUL 1     20                         4     16        3

 COOLING
  YESTERDAY       10                         9      1       11
  MONTH TO DATE   36                        27      9       24
  SINCE JUN 1    384                       450    -66      386
  SINCE JAN 1    435                       492    -57      444
..................................................................


WIND (MPH)
  RESULTANT WIND SPEED   8   RESULTANT WIND DIRECTION  NW (300)
  HIGHEST WIND SPEED    21   HIGHEST WIND DIRECTION    NW (310)
  HIGHEST GUST SPEED    26   HIGHEST GUST DIRECTION    NW (320)
  AVERAGE WIND SPEED     8.2



WEATHER CONDITIONS
 THE FOLLOWING WEATHER WAS RECORDED YESTERDAY.
  NO SIGNIFICANT WEATHER WAS OBSERVED.


..........................................................


THE CHICAGO EXECUTIVE CLIMATE NORMALS FOR TODAY
                         NORMAL    RECORD    YEAR
 MAXIMUM TEMPERATURE (F)   82        93      2012
 MINIMUM TEMPERATURE (F)   64        56      2000


SUNRISE AND SUNSET
AUGUST  4 2015........SUNRISE   548 AM CDT   SUNSET   807 PM CDT
AUGUST  5 2015........SUNRISE   549 AM CDT   SUNSET   806 PM CDT


-  INDICATES NEGATIVE NUMBERS.
R  INDICATES RECORD WAS SET OR TIED.
MM INDICATES DATA IS MISSING.
T  INDICATES TRACE AMOUNT.




$$
