000
CDUS43 KLOT 240636
CLIPWK


CLIMATE REPORT
NATIONAL WEATHER SERVICE CHICAGO IL
135 AM CDT SUN JUL 24 2016


...................................

...THE CHICAGO EXECUTIVE CLIMATE SUMMARY FOR JULY 23 2016...

CLIMATE NORMAL PERIOD 1981 TO 2010
CLIMATE RECORD PERIOD 1996 TO 2016


WEATHER ITEM   OBSERVED TIME   RECORD YEAR NORMAL DEPARTURE LAST
                VALUE   (LST)  VALUE       VALUE  FROM      YEAR
                                                  NORMAL
..................................................................
TEMPERATURE (F)
 YESTERDAY
  MAXIMUM         91    247 PM  97    2012  83      8       85
  MINIMUM         69    930 PM  53    2000  64      5       61
  AVERAGE         80                        74      6       73

PRECIPITATION (IN)
  YESTERDAY        2.71          3.38 2011   0.14   2.57     0.00
  MONTH TO DATE    4.39                      2.45   1.94     3.23
  SINCE JUN 1      8.57                      6.16   2.41     9.33
  SINCE JAN 1     20.93                     17.65   3.28    17.46

DEGREE DAYS
 HEATING
  YESTERDAY        0                         0      0        0
  MONTH TO DATE    2                         0      2       20
  SINCE JUN 1     20                        52    -32       76
  SINCE JUL 1      2                         0      2       20

 COOLING
  YESTERDAY       15                         9      6        8
  MONTH TO DATE  226                       201     25      140
  SINCE JUN 1    412                       355     57      251
  SINCE JAN 1    481                       397     84      302
..................................................................


WIND (MPH)
  RESULTANT WIND SPEED   1   RESULTANT WIND DIRECTION   S (180)
  HIGHEST WIND SPEED    25   HIGHEST WIND DIRECTION     N (360)
  HIGHEST GUST SPEED    35   HIGHEST GUST DIRECTION     N (360)
  AVERAGE WIND SPEED     5.6



WEATHER CONDITIONS
 THE FOLLOWING WEATHER WAS RECORDED YESTERDAY.
  THUNDERSTORM
  HEAVY RAIN
  RAIN
  LIGHT RAIN
  FOG


..........................................................


THE CHICAGO EXECUTIVE CLIMATE NORMALS FOR TODAY
                         NORMAL    RECORD    YEAR
 MAXIMUM TEMPERATURE (F)   83       102      2005
 MINIMUM TEMPERATURE (F)   64        50      2000


SUNRISE AND SUNSET
JULY 24 2016..........SUNRISE   537 AM CDT   SUNSET   818 PM CDT
JULY 25 2016..........SUNRISE   538 AM CDT   SUNSET   817 PM CDT


-  INDICATES NEGATIVE NUMBERS.
R  INDICATES RECORD WAS SET OR TIED.
MM INDICATES DATA IS MISSING.
T  INDICATES TRACE AMOUNT.




$$
