000
CDUS43 KLOT 020641
CLIPWK


CLIMATE REPORT
NATIONAL WEATHER SERVICE CHICAGO IL
141 AM CDT THU JUL 2 2015


...................................

...THE CHICAGO EXECUTIVE CLIMATE SUMMARY FOR JULY 1 2015...

CLIMATE NORMAL PERIOD 1981 TO 2010
CLIMATE RECORD PERIOD 1996 TO 2015


WEATHER ITEM   OBSERVED TIME   RECORD YEAR NORMAL DEPARTURE LAST
                VALUE   (LST)  VALUE       VALUE  FROM      YEAR
                                                  NORMAL
..................................................................
TEMPERATURE (F)
 YESTERDAY
  MAXIMUM         67   1107 AM  95    2002  83    -16       81
  MINIMUM         52R  1159 PM  54    2010  62    -10       68
                                      2001
  AVERAGE         60                        73    -13       75

PRECIPITATION (IN)
  YESTERDAY        0.00          0.54 1999   0.07  -0.07      T
  MONTH TO DATE    0.00                      0.07  -0.07      T
  SINCE JUN 1      6.10                      3.78   2.32     7.73
  SINCE JAN 1     14.23                     15.27  -1.04    16.93

DEGREE DAYS
 HEATING
  YESTERDAY        5                         0      5        0
  MONTH TO DATE    5                         0      5        0
  SINCE JUN 1     61                        52      9       20
  SINCE JUL 1      5                         0      5        0

 COOLING
  YESTERDAY        0                         8     -8       10
  MONTH TO DATE    0                         8     -8       10
  SINCE JUN 1    111                       162    -51      188
  SINCE JAN 1    162                       204    -42      246
..................................................................


WIND (MPH)
  RESULTANT WIND SPEED   5   RESULTANT WIND DIRECTION  NE (40)
  HIGHEST WIND SPEED    13   HIGHEST WIND DIRECTION    NE (50)
  HIGHEST GUST SPEED    17   HIGHEST GUST DIRECTION     N (350)
  AVERAGE WIND SPEED     5.3



WEATHER CONDITIONS
 THE FOLLOWING WEATHER WAS RECORDED YESTERDAY.
  NO SIGNIFICANT WEATHER WAS OBSERVED.


..........................................................


THE CHICAGO EXECUTIVE CLIMATE NORMALS FOR TODAY
                         NORMAL    RECORD    YEAR
 MAXIMUM TEMPERATURE (F)   83        98      2012
 MINIMUM TEMPERATURE (F)   62        50      2001


SUNRISE AND SUNSET
JULY  2 2015..........SUNRISE   520 AM CDT   SUNSET   831 PM CDT
JULY  3 2015..........SUNRISE   520 AM CDT   SUNSET   831 PM CDT


-  INDICATES NEGATIVE NUMBERS.
R  INDICATES RECORD WAS SET OR TIED.
MM INDICATES DATA IS MISSING.
T  INDICATES TRACE AMOUNT.




$$
