000
CDUS43 KLOT 240636
CLIPWK


CLIMATE REPORT
NATIONAL WEATHER SERVICE CHICAGO IL
136 AM CDT MON APR 24 2017


...................................

...THE CHICAGO EXECUTIVE CLIMATE SUMMARY FOR APRIL 23 2017...

CLIMATE NORMAL PERIOD 1981 TO 2010
CLIMATE RECORD PERIOD 1996 TO 2017


WEATHER ITEM   OBSERVED TIME   RECORD YEAR NORMAL DEPARTURE LAST
                VALUE   (LST)  VALUE       VALUE  FROM      YEAR
                                                  NORMAL
..................................................................
TEMPERATURE (F)
 YESTERDAY
  MAXIMUM         70    245 PM  72    2008  61      9       57
                                      2001
                                      1998
  MINIMUM         33    303 AM  28    2015  40     -7       37
  AVERAGE         52                        50      2       47

PRECIPITATION (IN)
  YESTERDAY        0.00          0.79 1999   0.10  -0.10     0.00
  MONTH TO DATE    3.35                      1.99   1.36     1.18
  SINCE MAR 1      6.56                      4.24   2.32     3.83
  SINCE JAN 1     10.01                      6.82   3.19     5.49

DEGREE DAYS
 HEATING
  YESTERDAY       13                        15     -2       18
  MONTH TO DATE  307                       428   -121      450
  SINCE MAR 1   1149                      1281   -132     1140
  SINCE JUL 1   5138                      6019   -881     5203

 COOLING
  YESTERDAY        0                         0      0        0
  MONTH TO DATE    6                         0      6        0
  SINCE MAR 1      6                         0      6        0
  SINCE JAN 1      6                         0      6        0
..................................................................


WIND (MPH)
  RESULTANT WIND SPEED   2   RESULTANT WIND DIRECTION  NE (60)
  HIGHEST WIND SPEED    13   HIGHEST WIND DIRECTION    NE (50)
  HIGHEST GUST SPEED    17   HIGHEST GUST DIRECTION     E (110)
  AVERAGE WIND SPEED     3.8



WEATHER CONDITIONS
 THE FOLLOWING WEATHER WAS RECORDED YESTERDAY.
  NO SIGNIFICANT WEATHER WAS OBSERVED.


..........................................................


THE CHICAGO EXECUTIVE CLIMATE NORMALS FOR TODAY
                         NORMAL    RECORD    YEAR
 MAXIMUM TEMPERATURE (F)   61        84      2009
 MINIMUM TEMPERATURE (F)   40        28      2015


SUNRISE AND SUNSET
APRIL 24 2017.........SUNRISE   557 AM CDT   SUNSET   743 PM CDT
APRIL 25 2017.........SUNRISE   555 AM CDT   SUNSET   744 PM CDT


-  INDICATES NEGATIVE NUMBERS.
R  INDICATES RECORD WAS SET OR TIED.
MM INDICATES DATA IS MISSING.
T  INDICATES TRACE AMOUNT.




$$
