000
CDUS41 KGYX 260804
CLIPWM


CLIMATE REPORT
NATIONAL WEATHER SERVICE GRAY ME
404 AM EDT MON SEP 26 2016


...................................

...THE PORTLAND ME CLIMATE SUMMARY FOR SEPTEMBER 25 2016...

CLIMATE NORMAL PERIOD 1981 TO 2010
CLIMATE RECORD PERIOD 1941 TO 2016


WEATHER ITEM   OBSERVED TIME   RECORD YEAR NORMAL DEPARTURE LAST
                VALUE   (LST)  VALUE       VALUE  FROM      YEAR
                                                  NORMAL
..................................................................
TEMPERATURE (F)
 YESTERDAY
  MAXIMUM         64    222 PM  88    1970  67     -3       63
  MINIMUM         42    423 AM  29    1963  47     -5       47
  AVERAGE         53                        57     -4       55

PRECIPITATION (IN)
  YESTERDAY        0.00          2.42 1961   0.14  -0.14     0.00
  MONTH TO DATE    0.62                      2.96  -2.34     1.16
  SINCE SEP 1      0.62                      2.96  -2.34     1.16
  SINCE JAN 1     24.15                     32.70  -8.55    27.92

SNOWFALL (IN)
  YESTERDAY        0.0           T    1987   0.0    0.0      0.0
  MONTH TO DATE    0.0                       0.0    0.0      0.0
  SINCE SEP 1      0.0                       0.0    0.0      0.0
  SINCE JUL 1      0.0                       0.0    0.0      0.0
  SNOW DEPTH       0

DEGREE DAYS
 HEATING
  YESTERDAY       12                         9      3       10
  MONTH TO DATE   52                       125    -73       47
  SINCE SEP 1     52                       125    -73       47
  SINCE JUL 1     66                       170   -104       57

 COOLING
  YESTERDAY        0                         0      0        0
  MONTH TO DATE   68                        27     41       93
  SINCE SEP 1     68                        27     41       93
  SINCE JAN 1    553                       355    198      488
..................................................................


WIND (MPH)
  RESULTANT WIND SPEED  10   RESULTANT WIND DIRECTION  NW (320)
  HIGHEST WIND SPEED    23   HIGHEST WIND DIRECTION     N (340)
  HIGHEST GUST SPEED    30   HIGHEST GUST DIRECTION     N (350)
  AVERAGE WIND SPEED    10.9


SKY COVER
  AVERAGE SKY COVER 0.2


WEATHER CONDITIONS
 THE FOLLOWING WEATHER WAS RECORDED YESTERDAY.
  NO SIGNIFICANT WEATHER WAS OBSERVED.


RELATIVE HUMIDITY (PERCENT)
 HIGHEST    70           400 AM
 LOWEST     30           100 PM
 AVERAGE    50

..........................................................


THE PORTLAND ME CLIMATE NORMALS FOR TODAY
                         NORMAL    RECORD    YEAR
 MAXIMUM TEMPERATURE (F)   66        90      2007
 MINIMUM TEMPERATURE (F)   46        27      1950


SUNRISE AND SUNSET
SEPTEMBER 26 2016.....SUNRISE   634 AM EDT   SUNSET   630 PM EDT
SEPTEMBER 27 2016.....SUNRISE   635 AM EDT   SUNSET   629 PM EDT


-  INDICATES NEGATIVE NUMBERS.
R  INDICATES RECORD WAS SET OR TIED.
MM INDICATES DATA IS MISSING.
T  INDICATES TRACE AMOUNT.




$$
