000
CDUS41 KGYX 190913
CLIPWM


CLIMATE REPORT
NATIONAL WEATHER SERVICE GRAY ME
413 AM EST THU JAN 19 2017


...................................

...THE PORTLAND ME CLIMATE SUMMARY FOR JANUARY 18 2017...

CLIMATE NORMAL PERIOD 1981 TO 2010
CLIMATE RECORD PERIOD 1941 TO 2017


WEATHER ITEM   OBSERVED TIME   RECORD YEAR NORMAL DEPARTURE LAST
                VALUE   (LST)  VALUE       VALUE  FROM      YEAR
                                                  NORMAL
..................................................................
TEMPERATURE (F)
 YESTERDAY
  MAXIMUM         33   1207 AM  58    1990  31      2       27
  MINIMUM         25   1159 PM -22    1971  13     12       16
  AVERAGE         29                        22      7       22

PRECIPITATION (IN)
  YESTERDAY        0.41          1.47 1926   0.11   0.30     0.11
  MONTH TO DATE    2.25                      1.98   0.27     3.36
  SINCE DEC 1      7.56                      6.00   1.56     8.70
  SINCE JAN 1      2.25                      1.98   0.27     3.36

SNOWFALL (IN)
  YESTERDAY        4.4          11.5  2009   0.6    3.8      2.5
  MONTH TO DATE    5.7                      11.4   -5.7     13.2
  SINCE DEC 1     24.6                      24.6    0.0     20.5
  SINCE JUL 1     25.1                      26.5   -1.4     20.5
  SNOW DEPTH       3

DEGREE DAYS
 HEATING
  YESTERDAY       36                        43     -7       43
  MONTH TO DATE  670                       764    -94      669
  SINCE DEC 1   1805                      1885    -80     1500
  SINCE JUL 1   3057                      3376   -319     2746

 COOLING
  YESTERDAY        0                         0      0        0
  MONTH TO DATE    0                         0      0        0
  SINCE DEC 1      0                         0      0        0
  SINCE JAN 1      0                         0      0        0
..................................................................


WIND (MPH)
  RESULTANT WIND SPEED   9   RESULTANT WIND DIRECTION   N (20)
  HIGHEST WIND SPEED    15   HIGHEST WIND DIRECTION    NE (40)
  HIGHEST GUST SPEED    21   HIGHEST GUST DIRECTION    NE (60)
  AVERAGE WIND SPEED     9.5


SKY COVER
  AVERAGE SKY COVER 1.0


WEATHER CONDITIONS
 THE FOLLOWING WEATHER WAS RECORDED YESTERDAY.
  SNOW
  LIGHT SNOW
  FOG
  HAZE


RELATIVE HUMIDITY (PERCENT)
 HIGHEST    92           100 AM
 LOWEST     81          1100 PM
 AVERAGE    87

..........................................................


THE PORTLAND ME CLIMATE NORMALS FOR TODAY
                         NORMAL    RECORD    YEAR
 MAXIMUM TEMPERATURE (F)   31        52      1972
 MINIMUM TEMPERATURE (F)   13       -26      1971


SUNRISE AND SUNSET
JANUARY 19 2017.......SUNRISE   709 AM EST   SUNSET   435 PM EST
JANUARY 20 2017.......SUNRISE   708 AM EST   SUNSET   437 PM EST


-  INDICATES NEGATIVE NUMBERS.
R  INDICATES RECORD WAS SET OR TIED.
MM INDICATES DATA IS MISSING.
T  INDICATES TRACE AMOUNT.




$$
