000
CDUS41 KGYX 270808
CLIPWM


CLIMATE REPORT
NATIONAL WEATHER SERVICE GRAY ME
408 AM EDT THU JUL 27 2017


...................................

...THE PORTLAND ME CLIMATE SUMMARY FOR JULY 26 2017...

CLIMATE NORMAL PERIOD 1981 TO 2010
CLIMATE RECORD PERIOD 1941 TO 2017


WEATHER ITEM   OBSERVED TIME   RECORD YEAR NORMAL DEPARTURE LAST
                VALUE   (LST)  VALUE       VALUE  FROM      YEAR
                                                  NORMAL
..................................................................
TEMPERATURE (F)
 YESTERDAY
  MAXIMUM         80   1254 PM  95    1989  79      1       90
  MINIMUM         56    505 AM  45    1976  60     -4       66
  AVERAGE         68                        70     -2       78

PRECIPITATION (IN)
  YESTERDAY        0.00          2.41 1881   0.12  -0.12     0.00
  MONTH TO DATE    1.05                      3.04  -1.99     1.66
  SINCE JUN 1      3.67                      6.83  -3.16     6.08
  SINCE JAN 1     27.71                     26.03   1.68    21.59

SNOWFALL (IN)
  YESTERDAY        0.0           0.0  2002   0.0    0.0      0.0
                                      2001
                                      2000
  MONTH TO DATE    0.0                       0.0    0.0      0.0
  SINCE JUN 1      0.0                       0.0    0.0      0.0
  SINCE JUL 1      0.0                       0.0    0.0      0.0
  SNOW DEPTH       0

DEGREE DAYS
 HEATING
  YESTERDAY        0                         0      0        0
  MONTH TO DATE   12                        12      0       13
  SINCE JUN 1     97                       118    -21       79
  SINCE JUL 1     12                        12      0       13

 COOLING
  YESTERDAY        3                         5     -2       13
  MONTH TO DATE  131                       120     11      174
  SINCE JUN 1    223                       177     46      206
  SINCE JAN 1    240                       184     56      222
..................................................................


WIND (MPH)
  RESULTANT WIND SPEED   4   RESULTANT WIND DIRECTION   S (180)
  HIGHEST WIND SPEED    14   HIGHEST WIND DIRECTION     S (160)
  HIGHEST GUST SPEED    17   HIGHEST GUST DIRECTION    SE (150)
  AVERAGE WIND SPEED     6.2


SKY COVER
  AVERAGE SKY COVER 0.1


WEATHER CONDITIONS
 THE FOLLOWING WEATHER WAS RECORDED YESTERDAY.
  NO SIGNIFICANT WEATHER WAS OBSERVED.


RELATIVE HUMIDITY (PERCENT)
 HIGHEST    93          1200 AM
 LOWEST     35          1100 AM
 AVERAGE    64

..........................................................


THE PORTLAND ME CLIMATE NORMALS FOR TODAY
                         NORMAL    RECORD    YEAR
 MAXIMUM TEMPERATURE (F)   79        96      1949
 MINIMUM TEMPERATURE (F)   60        44      1977


SUNRISE AND SUNSET
JULY 27 2017..........SUNRISE   525 AM EDT   SUNSET   810 PM EDT
JULY 28 2017..........SUNRISE   526 AM EDT   SUNSET   808 PM EDT


-  INDICATES NEGATIVE NUMBERS.
R  INDICATES RECORD WAS SET OR TIED.
MM INDICATES DATA IS MISSING.
T  INDICATES TRACE AMOUNT.




$$
