000
CDUS41 KGYX 210802
CLIPWM


CLIMATE REPORT
NATIONAL WEATHER SERVICE GRAY ME
402 AM EDT THU AUG 21 2014


...................................

...THE PORTLAND ME CLIMATE SUMMARY FOR AUGUST 20 2014...

CLIMATE NORMAL PERIOD 1981 TO 2010
CLIMATE RECORD PERIOD 1941 TO 2014


WEATHER ITEM   OBSERVED TIME   RECORD YEAR NORMAL DEPARTURE LAST
                VALUE   (LST)  VALUE       VALUE  FROM      YEAR
                                                  NORMAL
..................................................................
TEMPERATURE (F)
 YESTERDAY
  MAXIMUM         77    122 PM  91    1983  77      0       83
  MINIMUM         52    451 AM  41    1964  58     -6       61
  AVERAGE         65                        68     -3       72

PRECIPITATION (IN)
  YESTERDAY        0.00          1.01 1904   0.09  -0.09     0.00
  MONTH TO DATE    7.13                      2.05   5.08     1.46
  SINCE JUN 1     17.55                      9.45   8.10    12.14
  SINCE JAN 1     36.77                     28.65   8.12    27.94

SNOWFALL (IN)
  YESTERDAY        0.0           0.0  2002   0.0    0.0      0.0
                                      2001
                                      2000
  MONTH TO DATE    0.0                       0.0    0.0      0.0
  SINCE JUN 1      0.0                       0.0    0.0      0.0
  SINCE JUL 1      0.0                       0.0    0.0      0.0
  SNOW DEPTH       0

DEGREE DAYS
 HEATING
  YESTERDAY        0                         1     -1        0
  MONTH TO DATE    9                        11     -2       10
  SINCE JUN 1     86                       134    -48       98
  SINCE JUL 1      9                        28    -19       17

 COOLING
  YESTERDAY        0                         4     -4        7
  MONTH TO DATE   44                        88    -44       41
  SINCE JUN 1    259                       289    -30      341
  SINCE JAN 1    259                       296    -37      356
..................................................................


WIND (MPH)
  RESULTANT WIND SPEED   2   RESULTANT WIND DIRECTION   S (160)
  HIGHEST WIND SPEED    10   HIGHEST WIND DIRECTION     S (160)
  HIGHEST GUST SPEED    14   HIGHEST GUST DIRECTION     S (190)
  AVERAGE WIND SPEED     3.9


SKY COVER
  AVERAGE SKY COVER 0.2


WEATHER CONDITIONS
 THE FOLLOWING WEATHER WAS RECORDED YESTERDAY.
  NO SIGNIFICANT WEATHER WAS OBSERVED.


RELATIVE HUMIDITY (PERCENT)
 HIGHEST    96           500 AM
 LOWEST     46           200 PM
 AVERAGE    71

..........................................................


THE PORTLAND ME CLIMATE NORMALS FOR TODAY
                         NORMAL    RECORD    YEAR
 MAXIMUM TEMPERATURE (F)   77        95      1945
 MINIMUM TEMPERATURE (F)   58        42      1977


SUNRISE AND SUNSET
AUGUST 21 2014........SUNRISE   553 AM EDT   SUNSET   735 PM EDT
AUGUST 22 2014........SUNRISE   554 AM EDT   SUNSET   734 PM EDT


-  INDICATES NEGATIVE NUMBERS.
R  INDICATES RECORD WAS SET OR TIED.
MM INDICATES DATA IS MISSING.
T  INDICATES TRACE AMOUNT.




$$
