000
CDUS41 KGYX 270803
CLIPWM


CLIMATE REPORT
NATIONAL WEATHER SERVICE GRAY ME
403 AM EDT MON MAR 27 2017


...................................

...THE PORTLAND ME CLIMATE SUMMARY FOR MARCH 26 2017...

CLIMATE NORMAL PERIOD 1981 TO 2010
CLIMATE RECORD PERIOD 1941 TO 2017


WEATHER ITEM   OBSERVED TIME   RECORD YEAR NORMAL DEPARTURE LAST
                VALUE   (LST)  VALUE       VALUE  FROM      YEAR
                                                  NORMAL
..................................................................
TEMPERATURE (F)
 YESTERDAY
  MAXIMUM         35   1154 PM  74    1986  45    -10       42
  MINIMUM         22    435 AM  -5    1960  28     -6       32
  AVERAGE         29                        37     -8       37

PRECIPITATION (IN)
  YESTERDAY        T             1.50 1876   0.15  -0.15     0.00
  MONTH TO DATE    2.07                      3.53  -1.46     3.45
  SINCE MAR 1      2.07                      3.53  -1.46     3.45
  SINCE JAN 1     10.27                     10.16   0.11    10.99

SNOWFALL (IN)
  YESTERDAY       MM             3.0  1888   0.3   MM        0.0
  MONTH TO DATE   18.2                      11.4    6.8      7.1
  SINCE MAR 1     18.2                      11.4    6.8      7.1
  SINCE JUL 1     84.4                      57.8   26.6     48.1
  SNOW DEPTH       4

DEGREE DAYS
 HEATING
  YESTERDAY       36                        28      8       28
  MONTH TO DATE  974                       840    134      722
  SINCE MAR 1    974                       840    134      722
  SINCE JUL 1   5452                      5882   -430     5013

 COOLING
  YESTERDAY        0                         0      0        0
  MONTH TO DATE    0                         0      0        0
  SINCE MAR 1      0                         0      0        0
  SINCE JAN 1      0                         0      0        0
..................................................................


WIND (MPH)
  RESULTANT WIND SPEED   2   RESULTANT WIND DIRECTION   E (110)
  HIGHEST WIND SPEED    15   HIGHEST WIND DIRECTION    NE (60)
  HIGHEST GUST SPEED    19   HIGHEST GUST DIRECTION    NE (50)
  AVERAGE WIND SPEED     6.2


SKY COVER
  AVERAGE SKY COVER 0.5


WEATHER CONDITIONS
 THE FOLLOWING WEATHER WAS RECORDED YESTERDAY.
  LIGHT RAIN


RELATIVE HUMIDITY (PERCENT)
 HIGHEST    69           900 PM
 LOWEST     33          1000 AM
 AVERAGE    51

..........................................................


THE PORTLAND ME CLIMATE NORMALS FOR TODAY
                         NORMAL    RECORD    YEAR
 MAXIMUM TEMPERATURE (F)   46        74      1998
 MINIMUM TEMPERATURE (F)   28        10      1956


SUNRISE AND SUNSET
MARCH 27 2017.........SUNRISE   631 AM EDT   SUNSET   702 PM EDT
MARCH 28 2017.........SUNRISE   630 AM EDT   SUNSET   704 PM EDT


-  INDICATES NEGATIVE NUMBERS.
R  INDICATES RECORD WAS SET OR TIED.
MM INDICATES DATA IS MISSING.
T  INDICATES TRACE AMOUNT.




$$
