000
CDUS46 KSGX 290018
CLIRAL


CLIMATE REPORT
NATIONAL WEATHER SERVICE SAN DIEGO, CA
518 PM PDT SAT MAY 28 2016


...................................

...THE RIVERSIDE MUNI AIRPORT CA CLIMATE SUMMARY FOR MAY 28 2016...
VALID TODAY AS OF 0500 PM LOCAL TIME.

CLIMATE NORMAL PERIOD 1981 TO 2010
CLIMATE RECORD PERIOD 1893 TO 2016


WEATHER ITEM   OBSERVED TIME   RECORD YEAR NORMAL DEPARTURE LAST
                VALUE   (LST)  VALUE       VALUE  FROM      YEAR
                                                  NORMAL
..................................................................
TEMPERATURE (F)
 TODAY
  MAXIMUM         81    158 PM 106    1973  81      0       86
  MINIMUM         57    352 AM  41    1917  57      0       55
  AVERAGE         69                        69      0       71

PRECIPITATION (IN)
  TODAY            0.00          0.39 1990   0.00   0.00     0.00
  MONTH TO DATE    0.18                      0.30  -0.12     0.60
  SINCE OCT 1      5.45                     11.90  -6.45     5.75
  SINCE JAN 1      4.28                      9.09  -4.81     2.52

DEGREE DAYS
 HEATING
  TODAY            0                         0      0        0
  MONTH TO DATE   20                        22     -2       50
  SINCE MAR 1    155                       334   -179      157
  SINCE JUL 1   1032                      1442   -410      764

 COOLING
  TODAY            4                         5     -1        6
  MONTH TO DATE   80                       101    -21       53
  SINCE MAR 1    193                       155     38      260
  SINCE JAN 1    269                       164    105      284
..................................................................


WIND (MPH)
  RESULTANT WIND SPEED   4   RESULTANT WIND DIRECTION   W (280)
  HIGHEST WIND SPEED    17   HIGHEST WIND DIRECTION     W (270)
  HIGHEST GUST SPEED    23   HIGHEST GUST DIRECTION     W (250)
  AVERAGE WIND SPEED     4.6


SKY COVER
  POSSIBLE SUNSHINE  MM
  AVERAGE SKY COVER 0.4


WEATHER CONDITIONS
 THE FOLLOWING WEATHER WAS RECORDED TODAY.
  FOG
  HAZE


RELATIVE HUMIDITY (PERCENT)
 HIGHEST    86           300 AM
 LOWEST     36           200 PM
 AVERAGE    61

..........................................................


THE RIVERSIDE MUNI AIRPORT CA CLIMATE NORMALS FOR TOMORROW
                         NORMAL    RECORD    YEAR
 MAXIMUM TEMPERATURE (F)   81       110      1984
 MINIMUM TEMPERATURE (F)   57        39      1953


SUNRISE AND SUNSET
MAY 28 2016...........SUNRISE   541 AM PDT   SUNSET   754 PM PDT
MAY 29 2016...........SUNRISE   541 AM PDT   SUNSET   754 PM PDT


-  INDICATES NEGATIVE NUMBERS.
R  INDICATES RECORD WAS SET OR TIED.
MM INDICATES DATA IS MISSING.
T  INDICATES TRACE AMOUNT.




$$
