000
CDUS46 KSGX 250019
CLIRAL


CLIMATE REPORT
NATIONAL WEATHER SERVICE SAN DIEGO, CA
519 PM PDT MON APR 24 2017


...................................

...THE RIVERSIDE MUNI AIRPORT CA CLIMATE SUMMARY FOR APRIL 24 2017...
VALID TODAY AS OF 0500 PM LOCAL TIME.

CLIMATE NORMAL PERIOD 1981 TO 2010
CLIMATE RECORD PERIOD 1893 TO 2017


WEATHER ITEM   OBSERVED TIME   RECORD YEAR NORMAL DEPARTURE LAST
                VALUE   (LST)  VALUE       VALUE  FROM      YEAR
                                                  NORMAL
..................................................................
TEMPERATURE (F)
 TODAY
  MAXIMUM         74    303 PM 102    1910  77     -3       78
  MINIMUM         56    242 AM  38    1963  52      4       52
                                      1961
                                      1937
  AVERAGE         65                        64      1       65

PRECIPITATION (IN)
  TODAY            0.00          0.25 2002   0.04  -0.04     0.00
  MONTH TO DATE    0.10                      0.64  -0.54     0.36
  SINCE OCT 1     13.19                     11.44   1.75     5.14
  SINCE JAN 1      7.93                      8.63  -0.70     3.97

DEGREE DAYS
 HEATING
  TODAY            0                         3     -3        0
  MONTH TO DATE   30                        94    -64       13
  SINCE MAR 1    128                       299   -171      114
  SINCE JUL 1   1092                      1407   -315      991

 COOLING
  TODAY            0                         2     -2        0
  MONTH TO DATE   57                        30     27       84
  SINCE MAR 1    116                        42     74      113
  SINCE JAN 1    116                        51     65      189
..................................................................


WIND (MPH)
  RESULTANT WIND SPEED   3   RESULTANT WIND DIRECTION   W (270)
  HIGHEST WIND SPEED    17   HIGHEST WIND DIRECTION     W (270)
  HIGHEST GUST SPEED    24   HIGHEST GUST DIRECTION     W (270)
  AVERAGE WIND SPEED     4.6


SKY COVER
  POSSIBLE SUNSHINE  MM
  AVERAGE SKY COVER 0.7


WEATHER CONDITIONS
 THE FOLLOWING WEATHER WAS RECORDED TODAY.
  NO SIGNIFICANT WEATHER WAS OBSERVED.


RELATIVE HUMIDITY (PERCENT)
 HIGHEST    93          1200 AM
 LOWEST     49           100 PM
 AVERAGE    71

..........................................................


THE RIVERSIDE MUNI AIRPORT CA CLIMATE NORMALS FOR TOMORROW
                         NORMAL    RECORD    YEAR
 MAXIMUM TEMPERATURE (F)   77        98      2004
 MINIMUM TEMPERATURE (F)   52        37      1942


SUNRISE AND SUNSET
APRIL 24 2017.........SUNRISE   608 AM PDT   SUNSET   728 PM PDT
APRIL 25 2017.........SUNRISE   607 AM PDT   SUNSET   729 PM PDT


-  INDICATES NEGATIVE NUMBERS.
R  INDICATES RECORD WAS SET OR TIED.
MM INDICATES DATA IS MISSING.
T  INDICATES TRACE AMOUNT.




$$
