000
CDUS46 KSGX 250018
CLIRAL


CLIMATE REPORT
NATIONAL WEATHER SERVICE SAN DIEGO, CA
518 PM PDT WED MAY 24 2017


...................................

...THE RIVERSIDE MUNI AIRPORT CA CLIMATE SUMMARY FOR MAY 24 2017...
VALID TODAY AS OF 0500 PM LOCAL TIME.

CLIMATE NORMAL PERIOD 1981 TO 2010
CLIMATE RECORD PERIOD 1893 TO 2017


WEATHER ITEM   OBSERVED TIME   RECORD YEAR NORMAL DEPARTURE LAST
                VALUE   (LST)  VALUE       VALUE  FROM      YEAR
                                                  NORMAL
..................................................................
TEMPERATURE (F)
 TODAY
  MAXIMUM         87    241 PM  99    1938  81      6       74
                                      1927
  MINIMUM         57    516 AM  39    1916  57      0       56
  AVERAGE         72                        69      3       65

PRECIPITATION (IN)
  TODAY            0.00          0.12 1977   0.00   0.00     0.00
  MONTH TO DATE    0.02                      0.30  -0.28     0.18
  SINCE OCT 1     13.21                     11.90   1.31     5.45
  SINCE JAN 1      7.95                      9.09  -1.14     4.28

DEGREE DAYS
 HEATING
  TODAY            0                         0      0        0
  MONTH TO DATE   40                        22     18       20
  SINCE MAR 1    169                       334   -165      155
  SINCE JUL 1   1133                      1442   -309     1032

 COOLING
  TODAY            7                         4      3        0
  MONTH TO DATE  118                        83     35       70
  SINCE MAR 1    256                       137    119      183
  SINCE JAN 1    256                       146    110      259
..................................................................


WIND (MPH)
  RESULTANT WIND SPEED   3   RESULTANT WIND DIRECTION   W (290)
  HIGHEST WIND SPEED    17   HIGHEST WIND DIRECTION     W (270)
  HIGHEST GUST SPEED    24   HIGHEST GUST DIRECTION     W (270)
  AVERAGE WIND SPEED     4.5


SKY COVER
  POSSIBLE SUNSHINE  MM
  AVERAGE SKY COVER 0.0


WEATHER CONDITIONS
 THE FOLLOWING WEATHER WAS RECORDED TODAY.
  HAZE


RELATIVE HUMIDITY (PERCENT)
 HIGHEST    93           500 AM
 LOWEST     27           200 PM
 AVERAGE    60

..........................................................


THE RIVERSIDE MUNI AIRPORT CA CLIMATE NORMALS FOR TOMORROW
                         NORMAL    RECORD    YEAR
 MAXIMUM TEMPERATURE (F)   81       102      1974
 MINIMUM TEMPERATURE (F)   57        35      1916


SUNRISE AND SUNSET
MAY 24 2017...........SUNRISE   543 AM PDT   SUNSET   751 PM PDT
MAY 25 2017...........SUNRISE   542 AM PDT   SUNSET   752 PM PDT


-  INDICATES NEGATIVE NUMBERS.
R  INDICATES RECORD WAS SET OR TIED.
MM INDICATES DATA IS MISSING.
T  INDICATES TRACE AMOUNT.




$$
