000
CDUS43 KUNR 220832
CLIRAP


CLIMATE REPORT
NATIONAL WEATHER SERVICE RAPID CITY SD
231 AM MDT MON SEP 22 2014


...................................

...THE RAPID CITY AIRPORT SD CLIMATE SUMMARY FOR SEPTEMBER 21 2014...

CLIMATE NORMAL PERIOD 1981 TO 2010
CLIMATE RECORD PERIOD 1942 TO 2014


WEATHER ITEM   OBSERVED TIME   RECORD YEAR NORMAL DEPARTURE LAST
                VALUE   (LST)  VALUE       VALUE  FROM      YEAR
                                                  NORMAL
..................................................................
TEMPERATURE (F)
 YESTERDAY
  MAXIMUM         74    307 PM  92    2013  73      1       92
  MINIMUM         42    552 AM  23    1995  44     -2       39
  AVERAGE         58                        58      0       66

PRECIPITATION (IN)
  YESTERDAY        0.00          0.45 1998   0.05  -0.05     0.00
  MONTH TO DATE    0.52                      0.90  -0.38     0.55
  SINCE SEP 1      0.52                      0.90  -0.38     0.55
  SINCE JAN 1     17.12                     13.53   3.59    14.61

SNOWFALL (IN)
  YESTERDAY        0.0                       0.0    0.0      0.0
  MONTH TO DATE    T                         0.1   -0.1      0.0
  SINCE SEP 1      T                         0.1   -0.1      0.0
  SINCE JUL 1      T                         0.1   -0.1      0.0
  SNOW DEPTH       0

DEGREE DAYS
 HEATING
  YESTERDAY        7                         8     -1        0
  MONTH TO DATE  171                        99     72       38
  SINCE SEP 1    171                        99     72       38
  SINCE JUL 1    207                       136     71       43

 COOLING
  YESTERDAY        0                         1     -1        1
  MONTH TO DATE   26                        54    -28      123
  SINCE SEP 1     26                        54    -28      123
  SINCE JAN 1    389                       626   -237      714
..................................................................


WIND (MPH)
  HIGHEST WIND SPEED    12   HIGHEST WIND DIRECTION    SE (130)
  HIGHEST GUST SPEED    15   HIGHEST GUST DIRECTION     E (100)
  AVERAGE WIND SPEED     6.3


SKY COVER
  AVERAGE SKY COVER 0.0


WEATHER CONDITIONS
 THE FOLLOWING WEATHER WAS RECORDED YESTERDAY.
  NO SIGNIFICANT WEATHER WAS OBSERVED.


RELATIVE HUMIDITY (PERCENT)
 HIGHEST    76           500 AM
 LOWEST     27           200 PM
 AVERAGE    52

..........................................................


THE RAPID CITY AIRPORT SD CLIMATE NORMALS FOR TODAY
                         NORMAL    RECORD    YEAR
 MAXIMUM TEMPERATURE (F)   72        95      2007
 MINIMUM TEMPERATURE (F)   43        19      1995


SUNRISE AND SUNSET
SEPTEMBER 22 2014.....SUNRISE   639 AM MDT   SUNSET   650 PM MDT
SEPTEMBER 23 2014.....SUNRISE   641 AM MDT   SUNSET   648 PM MDT


-  INDICATES NEGATIVE NUMBERS.
R  INDICATES RECORD WAS SET OR TIED.
MM INDICATES DATA IS MISSING.
T  INDICATES TRACE AMOUNT.




$$
