000
CDUS43 KUNR 290038
CLIRAP


CLIMATE REPORT
NATIONAL WEATHER SERVICE RAPID CITY SD
638 PM MDT SUN MAY 28 2017


...................................

...THE RAPID CITY AIRPORT SD CLIMATE SUMMARY FOR MAY 28 2017...
VALID TODAY AS OF 0500 PM LOCAL TIME.

CLIMATE NORMAL PERIOD 1981 TO 2010
CLIMATE RECORD PERIOD 1942 TO 2017


WEATHER ITEM   OBSERVED TIME   RECORD YEAR NORMAL DEPARTURE LAST
                VALUE   (LST)  VALUE       VALUE  FROM      YEAR
                                                  NORMAL
..................................................................
TEMPERATURE (F)
 TODAY
  MAXIMUM         77    242 PM  93    1943  71      6       71
  MINIMUM         46   1246 AM  27    1947  46      0       43
  AVERAGE         62                        58      4       57

PRECIPITATION (IN)
  TODAY            0.02          0.89 2007   0.11  -0.09     0.05
  MONTH TO DATE    1.16                      2.88  -1.72     0.81
  SINCE MAR 1      3.46                      5.61  -2.15     3.75
  SINCE JAN 1      4.27                      6.35  -2.08     4.61

SNOWFALL (IN)
  TODAY            0.0           T    1947   0.0    0.0      0.0
  MONTH TO DATE    0.0                       1.1   -1.1       T
  SINCE MAR 1      5.2                      17.7  -12.5     10.2
  SINCE JUL 1     35.7                      41.1   -5.4     36.3
  SNOW DEPTH       0

DEGREE DAYS
 HEATING
  TODAY            3                         7     -4        8
  MONTH TO DATE  278                       305    -27      317
  SINCE MAR 1   1643                      1824   -181     1600
  SINCE JUL 1   6699                      7034   -335     6295

 COOLING
  TODAY            0                         1     -1        0
  MONTH TO DATE   12                         4      8        0
  SINCE MAR 1     12                         6      6        0
  SINCE JAN 1     12                         6      6        0
..................................................................


WIND (MPH)
  HIGHEST WIND SPEED    45   HIGHEST WIND DIRECTION     N (350)
  HIGHEST GUST SPEED    58   HIGHEST GUST DIRECTION    NW (330)
  AVERAGE WIND SPEED    15.5


SKY COVER
  AVERAGE SKY COVER 0.4


WEATHER CONDITIONS
 THE FOLLOWING WEATHER WAS RECORDED TODAY.
  THUNDERSTORM
  LIGHT RAIN


RELATIVE HUMIDITY (PERCENT)
 HIGHEST    66           100 AM
 LOWEST     20          1000 AM
 AVERAGE    43

..........................................................


THE RAPID CITY AIRPORT SD CLIMATE NORMALS FOR TOMORROW
                         NORMAL    RECORD    YEAR
 MAXIMUM TEMPERATURE (F)   71        94      2003
 MINIMUM TEMPERATURE (F)   46        23      1947


SUNRISE AND SUNSET
MAY 28 2017...........SUNRISE   514 AM MDT   SUNSET   825 PM MDT
MAY 29 2017...........SUNRISE   514 AM MDT   SUNSET   826 PM MDT


-  INDICATES NEGATIVE NUMBERS.
R  INDICATES RECORD WAS SET OR TIED.
MM INDICATES DATA IS MISSING.
T  INDICATES TRACE AMOUNT.




$$
