000
CDUS43 KUNR 040903
CLIRAP


CLIMATE REPORT
NATIONAL WEATHER SERVICE RAPID CITY SD
303 AM MDT SAT JUL 4 2015


...................................

...THE RAPID CITY AIRPORT SD CLIMATE SUMMARY FOR JULY 3 2015...

CLIMATE NORMAL PERIOD 1981 TO 2010
CLIMATE RECORD PERIOD 1942 TO 2015


WEATHER ITEM   OBSERVED TIME   RECORD YEAR NORMAL DEPARTURE LAST
                VALUE   (LST)  VALUE       VALUE  FROM      YEAR
                                                  NORMAL
..................................................................
TEMPERATURE (F)
 YESTERDAY
  MAXIMUM         81    340 PM 103    2012  85     -4       83
  MINIMUM         57    456 AM  43    1972  56      1       51
  AVERAGE         69                        70     -1       67

PRECIPITATION (IN)
  YESTERDAY        0.00          0.95 1979   0.05  -0.05     0.00
  MONTH TO DATE    0.52                      0.16   0.36      T
  SINCE JUN 1      7.64                      2.69   4.95     5.25
  SINCE JAN 1     15.69                      9.38   6.31    10.64

SNOWFALL (IN)
  YESTERDAY        0.0           0.0    MM   0.0    0.0      0.0
  MONTH TO DATE    0.0                       0.0    0.0      0.0
  SINCE JUN 1      0.0                       0.0    0.0      0.0
  SINCE JUL 1      0.0                       0.0    0.0      0.0
  SNOW DEPTH       0

DEGREE DAYS
 HEATING
  YESTERDAY        0                         1     -1        0
  MONTH TO DATE    0                         3     -3        7
  SINCE JUN 1     27                       102    -75      135
  SINCE JUL 1      0                         3     -3        7

 COOLING
  YESTERDAY        4                         6     -2        2
  MONTH TO DATE   19                        18      1        2
  SINCE JUN 1    115                       102     13       24
  SINCE JAN 1    115                       117     -2       44
..................................................................


WIND (MPH)
  HIGHEST WIND SPEED    14   HIGHEST WIND DIRECTION    SE (150)
  HIGHEST GUST SPEED    17   HIGHEST GUST DIRECTION    SE (130)
  AVERAGE WIND SPEED     6.1


SKY COVER
  AVERAGE SKY COVER 0.0


WEATHER CONDITIONS
 THE FOLLOWING WEATHER WAS RECORDED YESTERDAY.
  FOG
  HAZE


RELATIVE HUMIDITY (PERCENT)
 HIGHEST    93           400 AM
 LOWEST     51           200 PM
 AVERAGE    72

..........................................................


THE RAPID CITY AIRPORT SD CLIMATE NORMALS FOR TODAY
                         NORMAL    RECORD    YEAR
 MAXIMUM TEMPERATURE (F)   85       106      1989
 MINIMUM TEMPERATURE (F)   56        44      1997
                                             1972


SUNRISE AND SUNSET
JULY  4 2015..........SUNRISE   515 AM MDT   SUNSET   838 PM MDT
JULY  5 2015..........SUNRISE   515 AM MDT   SUNSET   838 PM MDT


-  INDICATES NEGATIVE NUMBERS.
R  INDICATES RECORD WAS SET OR TIED.
MM INDICATES DATA IS MISSING.
T  INDICATES TRACE AMOUNT.




$$
