230
CDUS43 KUNR 310038
CLIRAP


CLIMATE REPORT
NATIONAL WEATHER SERVICE RAPID CITY SD
638 PM MDT THU MAR 30 2017


...................................

...THE RAPID CITY AIRPORT SD CLIMATE SUMMARY FOR MARCH 30 2017...
VALID TODAY AS OF 0500 PM LOCAL TIME.

CLIMATE NORMAL PERIOD 1981 TO 2010
CLIMATE RECORD PERIOD 1942 TO 2017


WEATHER ITEM   OBSERVED TIME   RECORD YEAR NORMAL DEPARTURE LAST
                VALUE   (LST)  VALUE       VALUE  FROM      YEAR
                                                  NORMAL
..................................................................
TEMPERATURE (F)
 TODAY
  MAXIMUM         55    323 PM  80    1986  53      2       50
  MINIMUM         33    608 AM   8    1975  27      6       33
  AVERAGE         44                        40      4       42

PRECIPITATION (IN)
  TODAY            0.00          0.39 2009   0.04  -0.04     0.33
  MONTH TO DATE    0.53                      0.89  -0.36     1.03
  SINCE MAR 1      0.53                      0.89  -0.36     1.03
  SINCE JAN 1      1.34                      1.63  -0.29     1.89

SNOWFALL (IN)
  TODAY            0.0          12.0  2009   0.3   -0.3       T
  MONTH TO DATE    0.3                       8.4   -8.1      5.3
  SINCE MAR 1      0.3                       8.4   -8.1      5.3
  SINCE JUL 1     30.8                      31.8   -1.0     31.4
  SNOW DEPTH       0

DEGREE DAYS
 HEATING
  TODAY           21                        25     -4       23
  MONTH TO DATE  760                       892   -132      724
  SINCE MAR 1    760                       892   -132      724
  SINCE JUL 1   5816                      6102   -286     5419

 COOLING
  TODAY            0                         0      0        0
  MONTH TO DATE    0                         0      0        0
  SINCE MAR 1      0                         0      0        0
  SINCE JAN 1      0                         0      0        0
..................................................................


WIND (MPH)
  HIGHEST WIND SPEED    18   HIGHEST WIND DIRECTION    SE (150)
  HIGHEST GUST SPEED    22   HIGHEST GUST DIRECTION    SE (140)
  AVERAGE WIND SPEED     9.4


SKY COVER
  AVERAGE SKY COVER 0.6


WEATHER CONDITIONS
 THE FOLLOWING WEATHER WAS RECORDED TODAY.
  FOG
  FOG W/VISIBILITY <= 1/4 MILE


RELATIVE HUMIDITY (PERCENT)
 HIGHEST   100           100 AM
 LOWEST     50           400 PM
 AVERAGE    75

..........................................................


THE RAPID CITY AIRPORT SD CLIMATE NORMALS FOR TOMORROW
                         NORMAL    RECORD    YEAR
 MAXIMUM TEMPERATURE (F)   53        83      2012
 MINIMUM TEMPERATURE (F)   27        10      2009
                                             1972


SUNRISE AND SUNSET
MARCH 30 2017.........SUNRISE   637 AM MDT   SUNSET   717 PM MDT
MARCH 31 2017.........SUNRISE   635 AM MDT   SUNSET   719 PM MDT


-  INDICATES NEGATIVE NUMBERS.
R  INDICATES RECORD WAS SET OR TIED.
MM INDICATES DATA IS MISSING.
T  INDICATES TRACE AMOUNT.




$$
