000
CDUS43 KUNR 240035
CLIRAP


CLIMATE REPORT
NATIONAL WEATHER SERVICE RAPID CITY SD
635 PM MDT SUN JUL 23 2017


...................................

...THE RAPID CITY AIRPORT SD CLIMATE SUMMARY FOR JULY 23 2017...
VALID TODAY AS OF 0500 PM LOCAL TIME.

CLIMATE NORMAL PERIOD 1981 TO 2010
CLIMATE RECORD PERIOD 1942 TO 2017


WEATHER ITEM   OBSERVED TIME   RECORD YEAR NORMAL DEPARTURE LAST
                VALUE   (LST)  VALUE       VALUE  FROM      YEAR
                                                  NORMAL
..................................................................
TEMPERATURE (F)
 TODAY
  MAXIMUM         93    329 PM 106    2007  88      5       90
  MINIMUM         54    426 AM  48    1951  59     -5       58
  AVERAGE         74                        74      0       74

PRECIPITATION (IN)
  TODAY            0.00          0.94 1969   0.07  -0.07      T
  MONTH TO DATE    0.67                      1.32  -0.65     1.77
  SINCE JUN 1      2.42                      3.85  -1.43     2.99
  SINCE JAN 1      6.69                     10.54  -3.85     7.63

SNOWFALL (IN)
  TODAY            0.0           0.0    MM   0.0    0.0      0.0
  MONTH TO DATE    0.0                       0.0    0.0      0.0
  SINCE JUN 1      0.0                       0.0    0.0      0.0
  SINCE JUL 1      0.0                       0.0    0.0      0.0
  SNOW DEPTH       0

DEGREE DAYS
 HEATING
  TODAY            0                         0      0        0
  MONTH TO DATE    0                        10    -10        3
  SINCE JUN 1     33                       109    -76       13
  SINCE JUL 1      0                        10    -10        3

 COOLING
  TODAY            9                         9      0        9
  MONTH TO DATE  294                       178    116      190
  SINCE JUN 1    396                       262    134      376
  SINCE JAN 1    408                       277    131      376
..................................................................


WIND (MPH)
  HIGHEST WIND SPEED    17   HIGHEST WIND DIRECTION    SE (130)
  HIGHEST GUST SPEED    23   HIGHEST GUST DIRECTION    SE (140)
  AVERAGE WIND SPEED     7.3


SKY COVER
  AVERAGE SKY COVER 0.0


WEATHER CONDITIONS
 THE FOLLOWING WEATHER WAS RECORDED TODAY.
  NO SIGNIFICANT WEATHER WAS OBSERVED.


RELATIVE HUMIDITY (PERCENT)
 HIGHEST    66           400 AM
 LOWEST     20           400 PM
 AVERAGE    43

..........................................................


THE RAPID CITY AIRPORT SD CLIMATE NORMALS FOR TOMORROW
                         NORMAL    RECORD    YEAR
 MAXIMUM TEMPERATURE (F)   88       109      2003
 MINIMUM TEMPERATURE (F)   59        51      2010
                                             1996


SUNRISE AND SUNSET
JULY 23 2017..........SUNRISE   531 AM MDT   SUNSET   826 PM MDT
JULY 24 2017..........SUNRISE   532 AM MDT   SUNSET   825 PM MDT


-  INDICATES NEGATIVE NUMBERS.
R  INDICATES RECORD WAS SET OR TIED.
MM INDICATES DATA IS MISSING.
T  INDICATES TRACE AMOUNT.




$$
