000
CDUS46 KMFR 200836
CLIRBG


CLIMATE REPORT
NATIONAL WEATHER SERVICE MEDFORD, OR
136 AM PDT WED AUG 20 2014


...................................

...THE ROSEBURG OR CLIMATE SUMMARY FOR AUGUST 19 2014...

CLIMATE NORMAL PERIOD 1981 TO 2010
CLIMATE RECORD PERIOD 1931 TO 2014


WEATHER ITEM   OBSERVED TIME   RECORD YEAR NORMAL DEPARTURE LAST
                VALUE   (LST)  VALUE       VALUE  FROM      YEAR
                                                  NORMAL
..................................................................
TEMPERATURE (F)
 YESTERDAY
  MAXIMUM         90    321 PM 105    2009  84      6       92
  MINIMUM         64    609 AM  42    1973  55      9       60
  AVERAGE         77                        70      7       76

PRECIPITATION (IN)
  YESTERDAY        0.00          0.96 2007   0.02  -0.02     0.00
  MONTH TO DATE    0.03                      0.20  -0.17     0.16
  SINCE SEP 1     24.19                     35.99 -11.80    26.71
  SINCE JAN 1     16.65                     19.38  -2.73     8.04

SNOWFALL (IN)
  YESTERDAY       MM                        MM     MM       MM
  MONTH TO DATE   MM                        MM     MM       MM
  SINCE JUL 1     MM                        MM     MM       MM
  SNOW DEPTH      MM

DEGREE DAYS
 HEATING
  YESTERDAY        0                         0      0        0
  MONTH TO DATE    0                         0      0        0
  SINCE JUN 1     42                        94    -52       35
  SINCE JUL 1      7                        11     -4        0

 COOLING
  YESTERDAY       12                         5      7       11
  MONTH TO DATE  207                       113     94      159
  SINCE JUN 1    586                       336    250      576
  SINCE JAN 1    631                       356    275      610
..................................................................


WIND (MPH)
  RESULTANT WIND SPEED   2   RESULTANT WIND DIRECTION   N (340)
  HIGHEST WIND SPEED    17   HIGHEST WIND DIRECTION    NW (330)
  HIGHEST GUST SPEED    23   HIGHEST GUST DIRECTION    NW (310)
  AVERAGE WIND SPEED     4.5


SKY COVER
  POSSIBLE SUNSHINE  MM
  AVERAGE SKY COVER 0.0


WEATHER CONDITIONS
 THE FOLLOWING WEATHER WAS RECORDED YESTERDAY.
  NO SIGNIFICANT WEATHER WAS OBSERVED.


RELATIVE HUMIDITY (PERCENT)
 HIGHEST    73           600 AM
 LOWEST     27           400 PM
 AVERAGE    50

..........................................................


THE ROSEBURG OR CLIMATE NORMALS FOR TODAY
                         NORMAL    RECORD    YEAR
 MAXIMUM TEMPERATURE (F)   84       100      1961
 MINIMUM TEMPERATURE (F)   55        44      1973


SUNRISE AND SUNSET
AUGUST 20 2014........SUNRISE   625 AM PDT   SUNSET   808 PM PDT
AUGUST 21 2014........SUNRISE   626 AM PDT   SUNSET   807 PM PDT


-  INDICATES NEGATIVE NUMBERS.
R  INDICATES RECORD WAS SET OR TIED.
MM INDICATES DATA IS MISSING.
T  INDICATES TRACE AMOUNT.




$$
