000
CDUS46 KMFR 280837
CLIRBG


CLIMATE REPORT
NATIONAL WEATHER SERVICE MEDFORD, OR
137 AM PDT FRI AUG 28 2015


...................................

...THE ROSEBURG OR CLIMATE SUMMARY FOR AUGUST 27 2015...

CLIMATE NORMAL PERIOD 1981 TO 2010
CLIMATE RECORD PERIOD 1931 TO 2015


WEATHER ITEM   OBSERVED TIME   RECORD YEAR NORMAL DEPARTURE LAST
                VALUE   (LST)  VALUE       VALUE  FROM      YEAR
                                                  NORMAL
..................................................................
TEMPERATURE (F)
 YESTERDAY
  MAXIMUM         92    342 PM 101    1972  83      9       98
  MINIMUM         57    505 AM  42    1960  54      3       61
  AVERAGE         75                        69      6       80

PRECIPITATION (IN)
  YESTERDAY        0.00          0.28 1954   0.03  -0.03     0.00
  MONTH TO DATE    0.01                      0.36  -0.35     0.03
  SINCE OCT 1     24.96                     35.19 -10.23    20.35
  SINCE JAN 1     10.68                     19.54  -8.86    16.65

SNOWFALL (IN)
  YESTERDAY       MM                        MM     MM       MM
  MONTH TO DATE   MM                        MM     MM       MM
  SINCE JUL 1      0.0                      MM     MM       MM
  SNOW DEPTH      MM

DEGREE DAYS
 HEATING
  YESTERDAY        0                         1     -1        0
  MONTH TO DATE    0                         2     -2        0
  SINCE JUN 1     12                        96    -84       42
  SINCE JUL 1      0                        13    -13        7

 COOLING
  YESTERDAY       10                         4      6       15
  MONTH TO DATE  254                       151    103      286
  SINCE JUN 1    835                       374    461      665
  SINCE JAN 1    865                       394    471      710
..................................................................


WIND (MPH)
  RESULTANT WIND SPEED   2   RESULTANT WIND DIRECTION  NW (330)
  HIGHEST WIND SPEED    14   HIGHEST WIND DIRECTION    NW (320)
  HIGHEST GUST SPEED    20   HIGHEST GUST DIRECTION     W (280)
  AVERAGE WIND SPEED     2.8


SKY COVER
  POSSIBLE SUNSHINE  MM
  AVERAGE SKY COVER 0.0


WEATHER CONDITIONS
 THE FOLLOWING WEATHER WAS RECORDED YESTERDAY.
  HAZE


RELATIVE HUMIDITY (PERCENT)
 HIGHEST    72           400 AM
 LOWEST     19           100 PM
 AVERAGE    46

..........................................................


THE ROSEBURG OR CLIMATE NORMALS FOR TODAY
                         NORMAL    RECORD    YEAR
 MAXIMUM TEMPERATURE (F)   83        98      1988
 MINIMUM TEMPERATURE (F)   54        42      1973


SUNRISE AND SUNSET
AUGUST 28 2015........SUNRISE   633 AM PDT   SUNSET   756 PM PDT
AUGUST 29 2015........SUNRISE   634 AM PDT   SUNSET   754 PM PDT


-  INDICATES NEGATIVE NUMBERS.
R  INDICATES RECORD WAS SET OR TIED.
MM INDICATES DATA IS MISSING.
T  INDICATES TRACE AMOUNT.




$$
