000
CDUS46 KMFR 280835
CLIRBG


CLIMATE REPORT
NATIONAL WEATHER SERVICE MEDFORD, OR
135 AM PDT WED JUN 28 2017


...................................

...THE ROSEBURG OR CLIMATE SUMMARY FOR JUNE 27 2017...

CLIMATE NORMAL PERIOD 1981 TO 2010
CLIMATE RECORD PERIOD 1931 TO 2017


WEATHER ITEM   OBSERVED TIME   RECORD YEAR NORMAL DEPARTURE LAST
                VALUE   (LST)  VALUE       VALUE  FROM      YEAR
                                                  NORMAL
..................................................................
TEMPERATURE (F)
 YESTERDAY
  MAXIMUM         75    304 PM 101    2015  79     -4       88
  MINIMUM         58   1159 PM  38    1965  54      4       59
  AVERAGE         67                        66      1       74

PRECIPITATION (IN)
  YESTERDAY        0.00          0.60 1969   0.00   0.00     0.00
  MONTH TO DATE    0.83                      1.10  -0.27     0.86
  SINCE OCT 1     42.38                     34.38   8.00    37.68
  SINCE JAN 1     23.46                     18.73   4.73    18.49

SNOWFALL (IN)
  YESTERDAY       MM                        MM     MM       MM
  MONTH TO DATE   MM                        MM     MM       MM
  SINCE JUL 1     MM                        MM     MM        0.0
  SNOW DEPTH      MM

DEGREE DAYS
 HEATING
  YESTERDAY        0                         1     -1        0
  MONTH TO DATE   64                        79    -15       64
  SINCE JUN 1     64                        79    -15       64
  SINCE JUL 1   3749                      4062   -313     3153

 COOLING
  YESTERDAY        2                         3     -1        9
  MONTH TO DATE   93                        38     55      117
  SINCE JUN 1     93                        38     55      117
  SINCE JAN 1    142                        58     84      160
..................................................................


WIND (MPH)
  RESULTANT WIND SPEED   5   RESULTANT WIND DIRECTION   N (360)
  HIGHEST WIND SPEED    16   HIGHEST WIND DIRECTION     N (10)
  HIGHEST GUST SPEED    21   HIGHEST GUST DIRECTION     N (10)
  AVERAGE WIND SPEED     5.9


SKY COVER
  POSSIBLE SUNSHINE  MM
  AVERAGE SKY COVER 0.5


WEATHER CONDITIONS
 THE FOLLOWING WEATHER WAS RECORDED YESTERDAY.
  NO SIGNIFICANT WEATHER WAS OBSERVED.


RELATIVE HUMIDITY (PERCENT)
 HIGHEST    86           300 AM
 LOWEST     49           200 PM
 AVERAGE    68

..........................................................


THE ROSEBURG OR CLIMATE NORMALS FOR TODAY
                         NORMAL    RECORD    YEAR
 MAXIMUM TEMPERATURE (F)   80       102      2003
 MINIMUM TEMPERATURE (F)   54        40      1954


SUNRISE AND SUNSET
JUNE 28 2017..........SUNRISE   536 AM PDT   SUNSET   857 PM PDT
JUNE 29 2017..........SUNRISE   537 AM PDT   SUNSET   857 PM PDT


-  INDICATES NEGATIVE NUMBERS.
R  INDICATES RECORD WAS SET OR TIED.
MM INDICATES DATA IS MISSING.
T  INDICATES TRACE AMOUNT.




$$
