000
CDUS46 KSTO 220841 RRA
CLIRDD

CLIMATE REPORT
NATIONAL WEATHER SERVICE SACRAMENTO, CA
1240 AM PST THU FEB 22 2018


...................................

...THE REDDING AIRPORT CA CLIMATE SUMMARY FOR FEBRUARY 21 2018...

CLIMATE NORMAL PERIOD 1981 TO 2010
CLIMATE RECORD PERIOD 1986 TO 2018


WEATHER ITEM   OBSERVED RECORD YEAR NORMAL DEPARTURE LAST
                VALUE   VALUE       VALUE  FROM      YEAR
                                           NORMAL
...........................................................
TEMPERATURE (F)
 YESTERDAY
  MAXIMUM         55     78    1995  61     -6       59
  MINIMUM         27R    29    2006  40    -13       42
  AVERAGE         41

PRECIPITATION (IN)
  YESTERDAY        0.00   1.03 1998   0.19  -0.19     0.08
  MONTH TO DATE    0.00               4.17  -4.17     7.31
  SINCE OCT 1     10.52              22.98 -12.46    37.49
  SINCE JAN 1      4.85              10.13  -5.28    18.76

SNOWFALL (IN)
  YESTERDAY        0.0   MM      MM  MM              MM
  MONTH TO DATE    0.0               MM               0.0
  SINCE DEC 1      0.0               MM               3.0
  SINCE JUL 1      0.0               MM               3.0

DEGREE DAYS
 HEATING
  YESTERDAY       24

 COOLING
  YESTERDAY        0
...........................................................


WIND (MPH)
  RESULTANT WIND SPEED   1   RESULTANT WIND DIRECTION   N (10)
  HIGHEST WIND SPEED     8   HIGHEST WIND DIRECTION     S (160)
  HIGHEST GUST SPEED    10   HIGHEST GUST DIRECTION     N (10)


SKY COVER
  POSSIBLE SUNSHINE  MM
  AVERAGE SKY COVER 0.2


WEATHER CONDITIONS
 THE FOLLOWING WEATHER WAS RECORDED YESTERDAY.
  NO SIGNIFICANT WEATHER WAS OBSERVED.


RELATIVE HUMIDITY (PERCENT)
 HIGHEST    75
 LOWEST     26
 AVERAGE    51

..........................................................


THE REDDING AIRPORT CA CLIMATE NORMALS FOR TODAY
                         NORMAL    RECORD    YEAR
 MAXIMUM TEMPERATURE (F)   61        80      1995
                                             1988
 MINIMUM TEMPERATURE (F)   40        29      2011
                                             1994


SUNRISE AND SUNSET
FEBRUARY 22 2018......SUNRISE   653 AM PST   SUNSET   553 PM PST
FEBRUARY 23 2018......SUNRISE   652 AM PST   SUNSET   554 PM PST


-  INDICATES NEGATIVE NUMBERS.
R  INDICATES RECORD WAS SET OR TIED.
MM INDICATES DATA IS MISSING.
T  INDICATES TRACE AMOUNT.

&&
....................................................................

REDDING CITY CLIMATE DATA FOR FEBRUARY 21

CLIMATE RECORD PERIOD 1897-1986

RECORD HIGH..............     77 IN 1964
RECORD LOW...............     28 IN 1897
RECORD RAINFALL..........   3.03 IN 1956

$$
