000
CDUS46 KSTO 280035
CLIRDD

CLIMATE REPORT
NATIONAL WEATHER SERVICE SACRAMENTO, CA
533 PM PDT FRI MAY 27 2016


...................................

...THE REDDING AIRPORT CA CLIMATE SUMMARY FOR MAY 27 2016...
VALID TODAY AS OF 0500 PM LOCAL TIME.

CLIMATE NORMAL PERIOD 1981 TO 2010
CLIMATE RECORD PERIOD 1986 TO 2016


WEATHER ITEM   OBSERVED RECORD YEAR NORMAL DEPARTURE LAST
                VALUE   VALUE       VALUE  FROM      YEAR
                                           NORMAL
...........................................................
TEMPERATURE (F)
 TODAY
  MAXIMUM         87    100    2009  84      3       90
  MINIMUM         57     44    1998  57      0       60
  AVERAGE         72

PRECIPITATION (IN)
  TODAY            0.00   1.13 1998   0.06  -0.06     0.00
  MONTH TO DATE    0.97               1.63  -0.66     0.34
  SINCE OCT 1     38.03              32.80   5.23    22.47
  SINCE JAN 1     28.17              19.95   8.22     6.22

SNOWFALL (IN)
  TODAY            0.0   MM      MM  MM               0.0
  MONTH TO DATE    0.0               MM               0.0
  SINCE MAR 1      0.0               MM               0.0
  SINCE JUL 1      0.0               MM               0.0

DEGREE DAYS
 HEATING
  TODAY            0

 COOLING
  TODAY            7
...........................................................


WIND (MPH)
  RESULTANT WIND SPEED   9   RESULTANT WIND DIRECTION   N (360)
  HIGHEST WIND SPEED    22   HIGHEST WIND DIRECTION     N (10)
  HIGHEST GUST SPEED    28   HIGHEST GUST DIRECTION     N (10)


SKY COVER
  POSSIBLE SUNSHINE  MM
  AVERAGE SKY COVER 0.0


WEATHER CONDITIONS
 THE FOLLOWING WEATHER WAS RECORDED TODAY.
  NO SIGNIFICANT WEATHER WAS OBSERVED.


RELATIVE HUMIDITY (PERCENT)
 HIGHEST    62
 LOWEST     14
 AVERAGE    38

..........................................................


THE REDDING AIRPORT CA CLIMATE NORMALS FOR TOMORROW
                         NORMAL    RECORD    YEAR
 MAXIMUM TEMPERATURE (F)   85       100      2009
 MINIMUM TEMPERATURE (F)   57        45      2006


SUNRISE AND SUNSET
MAY 27 2016...........SUNRISE   543 AM PDT   SUNSET   830 PM PDT
MAY 28 2016...........SUNRISE   543 AM PDT   SUNSET   831 PM PDT


-  INDICATES NEGATIVE NUMBERS.
R  INDICATES RECORD WAS SET OR TIED.
MM INDICATES DATA IS MISSING.
T  INDICATES TRACE AMOUNT.




&&
....................................................................

REDDING CITY CLIMATE DATA FOR MAY 27

CLIMATE RECORD PERIOD 1897-1986

RECORD HIGH..............    108 IN 1919
RECORD LOW...............     40 IN 1927

RECORD RAINFALL..........   1.44 IN 1906

$$

NNNN
