000
CDUS46 KSTO 250040
CLIRDD

CLIMATE REPORT
NATIONAL WEATHER SERVICE SACRAMENTO, CA
537 PM PDT THU JUL 24 2014


...................................

...THE REDDING AIRPORT CA CLIMATE SUMMARY FOR JULY 24 2014...
VALID TODAY AS OF 500 PM LOCAL TIME.

CLIMATE NORMAL PERIOD 1981 TO 2010
CLIMATE RECORD PERIOD 1986 TO 2014


WEATHER ITEM   OBSERVED RECORD YEAR NORMAL DEPARTURE LAST
                VALUE   VALUE       VALUE  FROM      YEAR
                                           NORMAL
...........................................................
TEMPERATURE (F)
 TODAY
  MAXIMUM         98    113    2006 100     -2      101
  MINIMUM         62     56    1987  66     -4       72
  AVERAGE         80

PRECIPITATION (IN)
  TODAY            0.00   0.05 2003   0.00   0.00     0.00
  MONTH TO DATE    0.09               0.07   0.02      T
  SINCE JUL 1      0.09               0.07   0.02      T
  SINCE JAN 1     14.36              20.93  -6.57     9.30

SNOWFALL (IN)
  TODAY            0.0   MM      MM  MM               0.0
  MONTH TO DATE    0.0               MM               0.0
  SINCE JUN 1      0.0               MM               0.0
  SINCE JUL 1      0.0               MM               0.0

DEGREE DAYS
 HEATING
  TODAY            0

 COOLING
  TODAY           15
...........................................................


WIND (MPH)
  RESULTANT WIND SPEED   8   RESULTANT WIND DIRECTION   N (340)
  HIGHEST WIND SPEED    20   HIGHEST WIND DIRECTION     N (20)
  HIGHEST GUST SPEED    24   HIGHEST GUST DIRECTION     N (20)


SKY COVER
  POSSIBLE SUNSHINE  MM
  AVERAGE SKY COVER 0.0


WEATHER CONDITIONS
 THE FOLLOWING WEATHER WAS RECORDED TODAY.
  NO SIGNIFICANT WEATHER WAS OBSERVED.


RELATIVE HUMIDITY (PERCENT)
 HIGHEST    52
 LOWEST      7
 AVERAGE    30

..........................................................


THE REDDING AIRPORT CA CLIMATE NORMALS FOR TOMORROW
                         NORMAL    RECORD    YEAR
 MAXIMUM TEMPERATURE (F)  100       112      2006
 MINIMUM TEMPERATURE (F)   66        57      1999
                                             1994
                                             1987


SUNRISE AND SUNSET
JULY 24 2014..........SUNRISE   559 AM PDT   SUNSET   832 PM PDT
JULY 25 2014..........SUNRISE   600 AM PDT   SUNSET   831 PM PDT


-  INDICATES NEGATIVE NUMBERS.
R  INDICATES RECORD WAS SET OR TIED.
MM INDICATES DATA IS MISSING.
T  INDICATES TRACE AMOUNT.

&&
....................................................................

REDDING CITY CLIMATE DATA FOR JULY 24

CLIMATE RECORD PERIOD 1897-1986

RECORD HIGH..............    113 IN 1964
RECORD LOW...............     53 IN 1983

RECORD RAINFALL..........   0.66 IN 1946

$$

NNNN
