000
CDUS46 KSTO 290851
CLIRDD

CLIMATE REPORT
NATIONAL WEATHER SERVICE SACRAMENTO, CA
1236 AM PST THU JAN 29 2015


...................................

...THE REDDING AIRPORT CA CLIMATE SUMMARY FOR JANUARY 28 2015...

CLIMATE NORMAL PERIOD 1981 TO 2010
CLIMATE RECORD PERIOD 1986 TO 2015


WEATHER ITEM   OBSERVED RECORD YEAR NORMAL DEPARTURE LAST
                VALUE   VALUE       VALUE  FROM      YEAR
                                           NORMAL
...........................................................
TEMPERATURE (F)
 YESTERDAY
  MAXIMUM         74R    71    1989  57     17       64
  MINIMUM         38     22    1991  37      1       50
  AVERAGE         56

PRECIPITATION (IN)
  YESTERDAY        0.00   0.75 1995   0.17  -0.17     0.00
  MONTH TO DATE    0.26               5.42  -5.16     0.08
  SINCE OCT 1     16.51              18.27  -1.76     2.19
  SINCE JAN 1      0.26               5.42  -5.16     0.08

SNOWFALL (IN)
  YESTERDAY        0.0   MM      MM  MM               0.0
  MONTH TO DATE    0.0               MM               0.0
  SINCE DEC 1      0.0               MM               5.0
  SINCE JUL 1      0.0               MM               5.0

DEGREE DAYS
 HEATING
  YESTERDAY        9

 COOLING
  YESTERDAY        0
...........................................................


WIND (MPH)
  RESULTANT WIND SPEED   2   RESULTANT WIND DIRECTION   N (340)
  HIGHEST WIND SPEED    10   HIGHEST WIND DIRECTION    SE (150)
  HIGHEST GUST SPEED    11   HIGHEST GUST DIRECTION     N (340)


SKY COVER
  POSSIBLE SUNSHINE  MM
  AVERAGE SKY COVER 0.0


WEATHER CONDITIONS
 THE FOLLOWING WEATHER WAS RECORDED YESTERDAY.
  FOG
  FOG W/VISIBILITY <= 1/4 MILE


RELATIVE HUMIDITY (PERCENT)
 HIGHEST   100
 LOWEST     29
 AVERAGE    65

..........................................................


THE REDDING AIRPORT CA CLIMATE NORMALS FOR TODAY
                         NORMAL    RECORD    YEAR
 MAXIMUM TEMPERATURE (F)   57        76      1989
 MINIMUM TEMPERATURE (F)   37        28      2007
                                             2002


SUNRISE AND SUNSET
JANUARY 29 2015.......SUNRISE   722 AM PST   SUNSET   524 PM PST
JANUARY 30 2015.......SUNRISE   721 AM PST   SUNSET   525 PM PST


-  INDICATES NEGATIVE NUMBERS.
R  INDICATES RECORD WAS SET OR TIED.
MM INDICATES DATA IS MISSING.
T  INDICATES TRACE AMOUNT.






&&
....................................................................

REDDING CITY CLIMATE DATA FOR JANUARY 28

CLIMATE RECORD PERIOD 1897-1986

RECORD HIGH..............     80 IN 1984
RECORD LOW...............     20 IN 1980

RECORD RAINFALL..........   2.54 IN 1926

$$

JCLAPP
