000
CDUS46 KSTO 290836
CLIRDD

CLIMATE REPORT
NATIONAL WEATHER SERVICE SACRAMENTO, CA
135 AM PDT SUN MAR 29 2015


...................................

...THE REDDING AIRPORT CA CLIMATE SUMMARY FOR MARCH 28 2015...

CLIMATE NORMAL PERIOD 1981 TO 2010
CLIMATE RECORD PERIOD 1986 TO 2015


WEATHER ITEM   OBSERVED RECORD YEAR NORMAL DEPARTURE LAST
                VALUE   VALUE       VALUE  FROM      YEAR
                                           NORMAL
...........................................................
TEMPERATURE (F)
 YESTERDAY
  MAXIMUM         82R    82    2002  66     16       63
  MINIMUM         50     32    1999  44      6       50
  AVERAGE         66

PRECIPITATION (IN)
  YESTERDAY        0.00   0.27 2014   0.10  -0.10     0.27
  MONTH TO DATE    1.06               4.07  -3.01     4.35
  SINCE OCT 1     20.95              28.39  -7.44    14.96
  SINCE JAN 1      4.70              15.54 -10.84    12.85

SNOWFALL (IN)
  YESTERDAY        0.0   MM      MM  MM               0.0
  MONTH TO DATE    0.0               MM               0.0
  SINCE MAR 1      0.0               MM               0.0
  SINCE JUL 1      0.0               MM               5.0

DEGREE DAYS
 HEATING
  YESTERDAY        0

 COOLING
  YESTERDAY        1
...........................................................


WIND (MPH)
  RESULTANT WIND SPEED   8   RESULTANT WIND DIRECTION   N (340)
  HIGHEST WIND SPEED    20   HIGHEST WIND DIRECTION     N (360)
  HIGHEST GUST SPEED    25   HIGHEST GUST DIRECTION     N (10)


SKY COVER
  POSSIBLE SUNSHINE  MM
  AVERAGE SKY COVER 0.0


WEATHER CONDITIONS
 THE FOLLOWING WEATHER WAS RECORDED YESTERDAY.
  HAZE


RELATIVE HUMIDITY (PERCENT)
 HIGHEST    63
 LOWEST     15
 AVERAGE    39

..........................................................


THE REDDING AIRPORT CA CLIMATE NORMALS FOR TODAY
                         NORMAL    RECORD    YEAR
 MAXIMUM TEMPERATURE (F)   66        85      2002
 MINIMUM TEMPERATURE (F)   44        33      1996


SUNRISE AND SUNSET
MARCH 29 2015.........SUNRISE   658 AM PDT   SUNSET   731 PM PDT
MARCH 30 2015.........SUNRISE   656 AM PDT   SUNSET   732 PM PDT


-  INDICATES NEGATIVE NUMBERS.
R  INDICATES RECORD WAS SET OR TIED.
MM INDICATES DATA IS MISSING.
T  INDICATES TRACE AMOUNT.

&&
....................................................................

REDDING CITY CLIMATE DATA FOR MARCH 28

CLIMATE RECORD PERIOD 1897-1986

RECORD HIGH..............     86 IN 1923
RECORD LOW...............     28 IN 1985

RECORD RAINFALL..........   2.35 IN 1940

$$
