000
CDUS46 KSTO 020838
CLIRDD

CLIMATE REPORT
NATIONAL WEATHER SERVICE SACRAMENTO, CA
136 AM PDT WED SEP 2 2015


...................................

...THE REDDING AIRPORT CA CLIMATE SUMMARY FOR SEPTEMBER 1 2015...

CLIMATE NORMAL PERIOD 1981 TO 2010
CLIMATE RECORD PERIOD 1986 TO 2015


WEATHER ITEM   OBSERVED RECORD YEAR NORMAL DEPARTURE LAST
                VALUE   VALUE       VALUE  FROM      YEAR
                                           NORMAL
...........................................................
TEMPERATURE (F)
 YESTERDAY
  MAXIMUM         96    110    1998  94      2      104
                               1988
  MINIMUM         63     54    2012  61      2       72
  AVERAGE         80

PRECIPITATION (IN)
  YESTERDAY        0.00   2.77 2000   0.01  -0.01     0.00
  MONTH TO DATE    0.00               0.01  -0.01     0.00
  SINCE OCT 1     23.08              33.99 -10.91    16.59
  SINCE JAN 1      6.83              21.14 -14.31    14.48

SNOWFALL (IN)
  YESTERDAY        0.0   MM      MM  MM               0.0
  MONTH TO DATE    0.0               MM               0.0
  SINCE SEP 1      0.0               MM               0.0
  SINCE JUL 1      0.0               MM               0.0

DEGREE DAYS
 HEATING
  YESTERDAY        0

 COOLING
  YESTERDAY       15
...........................................................


WIND (MPH)
  RESULTANT WIND SPEED   5   RESULTANT WIND DIRECTION   S (180)
  HIGHEST WIND SPEED    18   HIGHEST WIND DIRECTION     S (160)
  HIGHEST GUST SPEED    25   HIGHEST GUST DIRECTION     S (160)


SKY COVER
  POSSIBLE SUNSHINE  MM
  AVERAGE SKY COVER 0.0


WEATHER CONDITIONS
 THE FOLLOWING WEATHER WAS RECORDED YESTERDAY.
  NO SIGNIFICANT WEATHER WAS OBSERVED.


RELATIVE HUMIDITY (PERCENT)
 HIGHEST    56
 LOWEST     15
 AVERAGE    36

..........................................................


THE REDDING AIRPORT CA CLIMATE NORMALS FOR TODAY
                         NORMAL    RECORD    YEAR
 MAXIMUM TEMPERATURE (F)   93       112      1998
 MINIMUM TEMPERATURE (F)   60        50      1999


SUNRISE AND SUNSET
SEPTEMBER  2 2015.....SUNRISE   637 AM PDT   SUNSET   740 PM PDT
SEPTEMBER  3 2015.....SUNRISE   638 AM PDT   SUNSET   738 PM PDT


-  INDICATES NEGATIVE NUMBERS.
R  INDICATES RECORD WAS SET OR TIED.
MM INDICATES DATA IS MISSING.
T  INDICATES TRACE AMOUNT.




&&
....................................................................

REDDING CITY CLIMATE DATA FOR SEPTEMBER 01

CLIMATE RECORD PERIOD 1897-1986

RECORD HIGH..............    113 IN 1950
RECORD LOW...............     50 IN 1982

RECORD RAINFALL..........   0.29 IN 1964

$$

NNNN
