000
CDUS46 KSTO 180050
CLIRDD

CLIMATE REPORT
NATIONAL WEATHER SERVICE SACRAMENTO, CA
548 PM PDT THU APR 17 2014


...................................

...THE REDDING AIRPORT CA CLIMATE SUMMARY FOR APRIL 17 2014...
VALID TODAY AS OF 0500 PM LOCAL TIME.

CLIMATE NORMAL PERIOD 1981 TO 2010
CLIMATE RECORD PERIOD 1986 TO 2014


WEATHER ITEM   OBSERVED RECORD YEAR NORMAL DEPARTURE LAST
                VALUE   VALUE       VALUE  FROM      YEAR
                                           NORMAL
...........................................................
TEMPERATURE (F)
 TODAY
  MAXIMUM         80     84    1999  71      9       70
  MINIMUM         50     34    2006  46      4       37
  AVERAGE         65

PRECIPITATION (IN)
  TODAY            0.00   2.33 1993   0.09  -0.09     0.00
  MONTH TO DATE    0.08               1.45  -1.37     1.90
  SINCE JUL 1     17.53              31.05 -13.52    26.02
  SINCE JAN 1     14.03              17.29  -3.26     6.86

SNOWFALL (IN)
  TODAY            0.0   MM      MM  MM               0.0
  MONTH TO DATE    0.0               MM               0.0
  SINCE MAR 1      0.0               MM               0.0
  SINCE JUL 1      5.0               MM               1.0

DEGREE DAYS
 HEATING
  TODAY            0

 COOLING
  TODAY            0
...........................................................


WIND (MPH)
  RESULTANT WIND SPEED   1   RESULTANT WIND DIRECTION  NW (320)
  HIGHEST WIND SPEED    16   HIGHEST WIND DIRECTION    NW (310)
  HIGHEST GUST SPEED    23   HIGHEST GUST DIRECTION    NW (310)


SKY COVER
  POSSIBLE SUNSHINE  MM
  AVERAGE SKY COVER 0.1


WEATHER CONDITIONS
 THE FOLLOWING WEATHER WAS RECORDED TODAY.
  NO SIGNIFICANT WEATHER WAS OBSERVED.


RELATIVE HUMIDITY (PERCENT)
 HIGHEST    83
 LOWEST     25
 AVERAGE    54

..........................................................


THE REDDING AIRPORT CA CLIMATE NORMALS FOR TOMORROW
                         NORMAL    RECORD    YEAR
 MAXIMUM TEMPERATURE (F)   71        87      2009
 MINIMUM TEMPERATURE (F)   46        33      2007
                                             1996


SUNRISE AND SUNSET
APRIL 17 2014.........SUNRISE   628 AM PDT   SUNSET   751 PM PDT
APRIL 18 2014.........SUNRISE   626 AM PDT   SUNSET   752 PM PDT


-  INDICATES NEGATIVE NUMBERS.
R  INDICATES RECORD WAS SET OR TIED.
MM INDICATES DATA IS MISSING.
T  INDICATES TRACE AMOUNT.






&&
....................................................................

REDDING CITY CLIMATE DATA FOR APRIL 17

CLIMATE RECORD PERIOD 1897-1986

RECORD HIGH..............     94 IN 1954
RECORD LOW...............     35 IN 1896

RECORD RAINFALL..........   0.85 IN 1942

$$

NNNN
