000
CDUS46 KSTO 280836
CLIRDD

CLIMATE REPORT
NATIONAL WEATHER SERVICE SACRAMENTO, CA
136 AM PDT THU APR 28 2016


...................................

...THE REDDING AIRPORT CA CLIMATE SUMMARY FOR APRIL 27 2016...

CLIMATE NORMAL PERIOD 1981 TO 2010
CLIMATE RECORD PERIOD 1986 TO 2016


WEATHER ITEM   OBSERVED RECORD YEAR NORMAL DEPARTURE LAST
                VALUE   VALUE       VALUE  FROM      YEAR
                                           NORMAL
...........................................................
TEMPERATURE (F)
 YESTERDAY
  MAXIMUM         69     94    2004  74     -5       92
  MINIMUM         49     39    2012  48      1       63
                               1991
  AVERAGE         59

PRECIPITATION (IN)
  YESTERDAY        0.02   0.48 1995   0.08  -0.06     0.00
  MONTH TO DATE    3.25               2.27   0.98     1.18
  SINCE OCT 1     37.06              30.96   6.10    22.13
  SINCE JAN 1     27.20              18.11   9.09     5.88

SNOWFALL (IN)
  YESTERDAY       MM     MM      MM  MM               0.0
  MONTH TO DATE    0.0               MM               0.0
  SINCE MAR 1      0.0               MM               0.0
  SINCE JUL 1      0.0               MM               0.0

DEGREE DAYS
 HEATING
  YESTERDAY        6

 COOLING
  YESTERDAY        0
...........................................................


WIND (MPH)
  RESULTANT WIND SPEED   2   RESULTANT WIND DIRECTION   N (360)
  HIGHEST WIND SPEED    10   HIGHEST WIND DIRECTION     N (360)
  HIGHEST GUST SPEED    13   HIGHEST GUST DIRECTION     E (80)


SKY COVER
  POSSIBLE SUNSHINE  MM
  AVERAGE SKY COVER 0.5


WEATHER CONDITIONS
 THE FOLLOWING WEATHER WAS RECORDED YESTERDAY.
  LIGHT RAIN


RELATIVE HUMIDITY (PERCENT)
 HIGHEST    77
 LOWEST     37
 AVERAGE    57

..........................................................


THE REDDING AIRPORT CA CLIMATE NORMALS FOR TODAY
                         NORMAL    RECORD    YEAR
 MAXIMUM TEMPERATURE (F)   74        92      2013
                                             2006
 MINIMUM TEMPERATURE (F)   49        40      2010


SUNRISE AND SUNSET
APRIL 28 2016.........SUNRISE   611 AM PDT   SUNSET   802 PM PDT
APRIL 29 2016.........SUNRISE   610 AM PDT   SUNSET   804 PM PDT


-  INDICATES NEGATIVE NUMBERS.
R  INDICATES RECORD WAS SET OR TIED.
MM INDICATES DATA IS MISSING.
T  INDICATES TRACE AMOUNT.




&&
....................................................................

REDDING CITY CLIMATE DATA FOR APRIL 27

CLIMATE RECORD PERIOD 1897-1986

RECORD HIGH..............     97 IN 1926
RECORD LOW...............     34 IN 1970

RECORD RAINFALL..........   2.74 IN 1904

$$

NNNN
