000
CDUS46 KSTO 180841 RRA
CLIRDD

CLIMATE REPORT
NATIONAL WEATHER SERVICE SACRAMENTO, CA
1240 AM PST SAT NOV 18 2017


...................................

...THE REDDING AIRPORT CA CLIMATE SUMMARY FOR NOVEMBER 17 2017...

CLIMATE NORMAL PERIOD 1981 TO 2010
CLIMATE RECORD PERIOD 1986 TO 2017


WEATHER ITEM   OBSERVED RECORD YEAR NORMAL DEPARTURE LAST
                VALUE   VALUE       VALUE  FROM      YEAR
                                           NORMAL
...........................................................
TEMPERATURE (F)
 YESTERDAY
  MAXIMUM         61     80    2005  62     -1       62
  MINIMUM         40     29    2014  40      0       35
  AVERAGE         51

PRECIPITATION (IN)
  YESTERDAY        0.00   2.40 2012   0.15  -0.15     0.00
  MONTH TO DATE    3.81               2.20   1.61     0.29
  SINCE OCT 1      4.14               4.30  -0.16     8.07
  SINCE JAN 1     33.15              26.07   7.08    38.70

SNOWFALL (IN)
  YESTERDAY        0.0    0.0  2002  MM               0.0
                               2001
  MONTH TO DATE    0.0               MM               0.0
  SINCE SEP 1      0.0               MM               0.0
  SINCE JUL 1      0.0               MM               0.0

DEGREE DAYS
 HEATING
  YESTERDAY       14

 COOLING
  YESTERDAY        0
...........................................................


WIND (MPH)
  RESULTANT WIND SPEED   4   RESULTANT WIND DIRECTION   N (350)
  HIGHEST WIND SPEED    13   HIGHEST WIND DIRECTION     N (10)
  HIGHEST GUST SPEED    14   HIGHEST GUST DIRECTION    NE (30)


SKY COVER
  POSSIBLE SUNSHINE  MM
  AVERAGE SKY COVER 0.1


WEATHER CONDITIONS
 THE FOLLOWING WEATHER WAS RECORDED YESTERDAY.
  FOG


RELATIVE HUMIDITY (PERCENT)
 HIGHEST   100
 LOWEST     29
 AVERAGE    65

..........................................................


THE REDDING AIRPORT CA CLIMATE NORMALS FOR TODAY
                         NORMAL    RECORD    YEAR
 MAXIMUM TEMPERATURE (F)   61        77      2005
 MINIMUM TEMPERATURE (F)   40        27      2000


SUNRISE AND SUNSET
NOVEMBER 18 2017......SUNRISE   659 AM PST   SUNSET   449 PM PST
NOVEMBER 19 2017......SUNRISE   701 AM PST   SUNSET   448 PM PST


-  INDICATES NEGATIVE NUMBERS.
R  INDICATES RECORD WAS SET OR TIED.
MM INDICATES DATA IS MISSING.
T  INDICATES TRACE AMOUNT.

&&
....................................................................

REDDING CITY CLIMATE DATA FOR NOVEMBER 17

CLIMATE RECORD PERIOD 1897-1986

RECORD HIGH..............     83 IN 1936
RECORD LOW...............     29 IN 1985
RECORD RAINFALL..........   1.22 IN 1965

$$
