000
CDUS46 KSTO 301441
CLIRDD

CLIMATE REPORT
NATIONAL WEATHER SERVICE SACRAMENTO, CA
739 AM PDT SAT AUG 30 2014


...................................

...THE REDDING AIRPORT CA CLIMATE SUMMARY FOR AUGUST 29 2014...

CLIMATE NORMAL PERIOD 1981 TO 2010
CLIMATE RECORD PERIOD 1986 TO 2014


WEATHER ITEM   OBSERVED RECORD YEAR NORMAL DEPARTURE LAST
                VALUE   VALUE       VALUE  FROM      YEAR
                                           NORMAL
...........................................................
TEMPERATURE (F)
 YESTERDAY
  MAXIMUM         96    109    1988  94      2       93
                               1987
  MINIMUM         68     53    1994  61      7       60
  AVERAGE         82

PRECIPITATION (IN)
  YESTERDAY        0.00   0.00 2007   0.01  -0.01     0.00
                               2006
                               2005
  MONTH TO DATE    0.12               0.16  -0.04      T
  SINCE JUL 1      0.21               0.25  -0.04      T
  SINCE JAN 1     14.48              21.11  -6.63     9.30

SNOWFALL (IN)
  YESTERDAY        0.0   MM      MM  MM               0.0
  MONTH TO DATE    0.0               MM               0.0
  SINCE JUN 1      0.0               MM               0.0
  SINCE JUL 1      0.0               MM               0.0

DEGREE DAYS
 HEATING
  YESTERDAY        0

 COOLING
  YESTERDAY       17
...........................................................


WIND (MPH)
  RESULTANT WIND SPEED   4   RESULTANT WIND DIRECTION   S (160)
  HIGHEST WIND SPEED    21   HIGHEST WIND DIRECTION     S (170)
  HIGHEST GUST SPEED    24   HIGHEST GUST DIRECTION     S (170)


SKY COVER
  POSSIBLE SUNSHINE  MM
  AVERAGE SKY COVER 0.0


WEATHER CONDITIONS
 THE FOLLOWING WEATHER WAS RECORDED YESTERDAY.
  NO SIGNIFICANT WEATHER WAS OBSERVED.


RELATIVE HUMIDITY (PERCENT)
 HIGHEST    53
 LOWEST     19
 AVERAGE    36

..........................................................


THE REDDING AIRPORT CA CLIMATE NORMALS FOR TODAY
                         NORMAL    RECORD    YEAR
 MAXIMUM TEMPERATURE (F)   94       110      1987
 MINIMUM TEMPERATURE (F)   61        50      2010


SUNRISE AND SUNSET
AUGUST 30 2014........SUNRISE   635 AM PDT   SUNSET   744 PM PDT
AUGUST 31 2014........SUNRISE   636 AM PDT   SUNSET   743 PM PDT


-  INDICATES NEGATIVE NUMBERS.
R  INDICATES RECORD WAS SET OR TIED.
MM INDICATES DATA IS MISSING.
T  INDICATES TRACE AMOUNT.

&&
....................................................................

REDDING CITY CLIMATE DATA FOR AUGUST 29

CLIMATE RECORD PERIOD 1897-1986

RECORD HIGH..............    108 IN 1944
RECORD LOW...............     50 IN 1946

RECORD RAINFALL..........   1.43 IN 1979

$$

NNNN
