000
CDUS46 KSTO 250846
CLIRDD

CLIMATE REPORT
NATIONAL WEATHER SERVICE SACRAMENTO, CA
1242 AM PST SAT FEB 25 2017


........................................................

...THE REDDING AIRPORT CA CLIMATE SUMMARY FOR FEBRUARY 24 2017...

CLIMATE NORMAL PERIOD 1981 TO 2010
CLIMATE RECORD PERIOD 1986 TO 2017


WEATHER ITEM   OBSERVED RECORD YEAR NORMAL DEPARTURE LAST
                VALUE   VALUE       VALUE  FROM      YEAR
                                           NORMAL
...........................................................
TEMPERATURE (F)
 YESTERDAY
  MAXIMUM         52     81    1992  61     -9       72
  MINIMUM         29R    29    1987  41    -12       42
  AVERAGE         41

PRECIPITATION (IN)
  YESTERDAY        0.23   0.94 2001   0.20   0.03     0.00
  MONTH TO DATE    7.55               4.76   2.79     0.84
  SINCE OCT 1     37.73              23.57  14.16    23.38
  SINCE JAN 1     19.00              10.72   8.28    13.52

SNOWFALL (IN)
  YESTERDAY       MM     MM      MM  MM               0.0
  MONTH TO DATE    0.0               MM               0.0
  SINCE DEC 1      3.0               MM               0.0
  SINCE JUL 1      3.0               MM               0.0

DEGREE DAYS
 HEATING
  YESTERDAY       24

 COOLING
  YESTERDAY        0
...........................................................


WIND (MPH)
  RESULTANT WIND SPEED   1   RESULTANT WIND DIRECTION   S (160)
  HIGHEST WIND SPEED    15   HIGHEST WIND DIRECTION     W (270)
  HIGHEST GUST SPEED    19   HIGHEST GUST DIRECTION     W (270)


SKY COVER
  POSSIBLE SUNSHINE  MM
  AVERAGE SKY COVER 0.3


WEATHER CONDITIONS
 THE FOLLOWING WEATHER WAS RECORDED YESTERDAY.
  RAIN
  LIGHT RAIN
  FOG


RELATIVE HUMIDITY (PERCENT)
 HIGHEST    92
 LOWEST     35
 AVERAGE    64

..........................................................


THE REDDING AIRPORT CA CLIMATE NORMALS FOR TODAY
                         NORMAL    RECORD    YEAR
 MAXIMUM TEMPERATURE (F)   62        83      1992
 MINIMUM TEMPERATURE (F)   41        26      1996


SUNRISE AND SUNSET
FEBRUARY 25 2017......SUNRISE   648 AM PST   SUNSET   557 PM PST
FEBRUARY 26 2017......SUNRISE   647 AM PST   SUNSET   558 PM PST


-  INDICATES NEGATIVE NUMBERS.
R  INDICATES RECORD WAS SET OR TIED.
MM INDICATES DATA IS MISSING.
T  INDICATES TRACE AMOUNT.

&&
....................................................................

REDDING CITY CLIMATE DATA FOR FEBRUARY 24

CLIMATE RECORD PERIOD 1897-1986

RECORD HIGH..............     81 IN 1947
RECORD LOW...............     26 IN 1981

RECORD RAINFALL..........   2.04 IN 1958

$$

NNNN
