000
CDUS41 KPHI 222129
CLIRDG


CLIMATE REPORT
NATIONAL WEATHER SERVICE MOUNT HOLLY NJ
527 PM EDT SAT JUL 22 2017


...................................

...THE READING PA CLIMATE SUMMARY FOR JULY 22 2017...
VALID TODAY AS OF 0500 PM LOCAL TIME.

CLIMATE NORMAL PERIOD 1981 TO 2010
CLIMATE RECORD PERIOD 1869 TO 2017


WEATHER ITEM   OBSERVED TIME   RECORD YEAR NORMAL DEPARTURE LAST
                VALUE   (LST)  VALUE       VALUE  FROM      YEAR
                                                  NORMAL
..................................................................
TEMPERATURE (F)
 TODAY
  MAXIMUM         91    156 PM 106    2011  85      6       96
  MINIMUM         72    511 AM  55    1974  64      8       69
                                      1971
  AVERAGE         82                        75      7       83

PRECIPITATION (IN)
  TODAY            0.73          2.19 2013   0.16   0.57     0.00
  MONTH TO DATE    5.16                      3.23   1.93     1.92
  SINCE JUN 1     10.43                      7.01   3.42     3.74
  SINCE JAN 1     23.85                     24.03  -0.18    17.74

DEGREE DAYS
 HEATING
  TODAY            0                         0      0        0
  MONTH TO DATE    0                         0      0        0
  SINCE JUN 1     16                        24     -8        9
  SINCE JUL 1      0                         0      0        0

 COOLING
  TODAY           17                        10      7       18
  MONTH TO DATE  283                       217     66      279
  SINCE JUN 1    517                       406    111      505
  SINCE JAN 1    592                       466    126      599
..................................................................


WIND (MPH)
  HIGHEST WIND SPEED    17   HIGHEST WIND DIRECTION    SW (230)
  HIGHEST GUST SPEED    26   HIGHEST GUST DIRECTION    SW (240)
  AVERAGE WIND SPEED     3.1


SKY COVER
  POSSIBLE SUNSHINE  MM
  AVERAGE SKY COVER 0.2


WEATHER CONDITIONS
 THE FOLLOWING WEATHER WAS RECORDED TODAY.
  THUNDERSTORM
  HEAVY RAIN
  LIGHT RAIN
  FOG


RELATIVE HUMIDITY (PERCENT)
 HIGHEST   100           400 AM
 LOWEST     55          1200 PM
 AVERAGE    78

..........................................................


THE READING PA CLIMATE NORMALS FOR TOMORROW
                         NORMAL    RECORD    YEAR
 MAXIMUM TEMPERATURE (F)   85       100      2011
 MINIMUM TEMPERATURE (F)   64        52      1981


SUNRISE AND SUNSET
JULY 22 2017..........SUNRISE   553 AM EDT   SUNSET   828 PM EDT
JULY 23 2017..........SUNRISE   553 AM EDT   SUNSET   827 PM EDT


-  INDICATES NEGATIVE NUMBERS.
R  INDICATES RECORD WAS SET OR TIED.
MM INDICATES DATA IS MISSING.
T  INDICATES TRACE AMOUNT.




$$
