000
CDUS41 KPHI 040631
CLIRDG


CLIMATE REPORT
NATIONAL WEATHER SERVICE MOUNT HOLLY NJ
131 AM EST SUN DEC 4 2016


...................................

...THE READING PA CLIMATE SUMMARY FOR DECEMBER 3 2016...

CLIMATE NORMAL PERIOD 1981 TO 2010
CLIMATE RECORD PERIOD 1869 TO 2016


WEATHER ITEM   OBSERVED TIME   RECORD YEAR NORMAL DEPARTURE LAST
                VALUE   (LST)  VALUE       VALUE  FROM      YEAR
                                                  NORMAL
..................................................................
TEMPERATURE (F)
 YESTERDAY
  MAXIMUM         50   1214 PM  70    1998  46      4       49
  MINIMUM         40    732 AM   9    1976  29     11       39
  AVERAGE         45                        38      7       44

PRECIPITATION (IN)
  YESTERDAY        0.00          1.56 1967   0.12  -0.12      T
  MONTH TO DATE    0.08                      0.35  -0.27     0.85
  SINCE DEC 1      0.08                      0.35  -0.27     0.85
  SINCE JAN 1     32.77                     40.33  -7.56    34.83

SNOWFALL (IN)
  YESTERDAY       MM            MM      MM  MM     MM       MM
  MONTH TO DATE   MM                        MM     MM       MM
  SINCE DEC 1     MM                        MM     MM       MM
  SINCE JUL 1     MM                        MM     MM       MM
  SNOW DEPTH      MM

DEGREE DAYS
 HEATING
  YESTERDAY       20                        27     -7       21
  MONTH TO DATE   61                        81    -20       54
  SINCE DEC 1     61                        81    -20       54
  SINCE JUL 1    915                      1148   -233      873

 COOLING
  YESTERDAY        0                         0      0        0
  MONTH TO DATE    0                         0      0        0
  SINCE DEC 1      0                         0      0        0
  SINCE JAN 1   1356                       896    460     1182
..................................................................


WIND (MPH)
  HIGHEST WIND SPEED    24   HIGHEST WIND DIRECTION    NW (310)
  HIGHEST GUST SPEED    29   HIGHEST GUST DIRECTION    NW (310)
  AVERAGE WIND SPEED    11.2


SKY COVER
  POSSIBLE SUNSHINE  MM
  AVERAGE SKY COVER 0.9


WEATHER CONDITIONS
 THE FOLLOWING WEATHER WAS RECORDED YESTERDAY.
  NO SIGNIFICANT WEATHER WAS OBSERVED.


RELATIVE HUMIDITY (PERCENT)
 HIGHEST    79           700 AM
 LOWEST     49           100 PM
 AVERAGE    64

..........................................................


THE READING PA CLIMATE NORMALS FOR TODAY
                         NORMAL    RECORD    YEAR
 MAXIMUM TEMPERATURE (F)   45        74      1998
 MINIMUM TEMPERATURE (F)   29        12      1940
                                             1906


SUNRISE AND SUNSET
DECEMBER  4 2016......SUNRISE   711 AM EST   SUNSET   437 PM EST
DECEMBER  5 2016......SUNRISE   712 AM EST   SUNSET   437 PM EST


-  INDICATES NEGATIVE NUMBERS.
R  INDICATES RECORD WAS SET OR TIED.
MM INDICATES DATA IS MISSING.
T  INDICATES TRACE AMOUNT.




$$
