000
CDUS41 KPHI 050640
CLIRDG


CLIMATE REPORT
NATIONAL WEATHER SERVICE MOUNT HOLLY NJ
225 AM EDT SUN JUL 5 2015


...................................

...THE READING PA CLIMATE SUMMARY FOR JULY 4 2015...

CLIMATE NORMAL PERIOD 1981 TO 2010
CLIMATE RECORD PERIOD 1869 TO 2015


WEATHER ITEM   OBSERVED TIME   RECORD YEAR NORMAL DEPARTURE LAST
                VALUE   (LST)  VALUE       VALUE  FROM      YEAR
                                                  NORMAL
..................................................................
TEMPERATURE (F)
 YESTERDAY
  MAXIMUM         73    239 PM 100    1966  85    -12       77
                                      1911
  MINIMUM         66    621 AM  48    1986  64      2       63
  AVERAGE         70                        74     -4       70

PRECIPITATION (IN)
  YESTERDAY        0.12          2.27 1884   0.16  -0.04     0.45
  MONTH TO DATE    0.32                      0.57  -0.25     2.12
  SINCE JUN 1      6.54                      4.35   2.19     5.91
  SINCE JAN 1     18.45                     21.37  -2.92    24.73

SNOWFALL (IN)
  YESTERDAY       MM            MM      MM  MM     MM       MM
  MONTH TO DATE   MM                        MM     MM       MM
  SINCE JUN 1     MM                        MM     MM       MM
  SINCE JUL 1     MM                        MM     MM       MM
  SNOW DEPTH      MM

DEGREE DAYS
 HEATING
  YESTERDAY        0                         0      0        0
  MONTH TO DATE    0                         0      0        0
  SINCE JUN 1     21                        24     -3        1
  SINCE JUL 1      0                         0      0        0

 COOLING
  YESTERDAY        5                        10     -5        5
  MONTH TO DATE   23                        37    -14       57
  SINCE JUN 1    248                       226     22      285
  SINCE JAN 1    407                       286    121      347
..................................................................


WIND (MPH)
  HIGHEST WIND SPEED     9   HIGHEST WIND DIRECTION    SE (120)
  HIGHEST GUST SPEED    13   HIGHEST GUST DIRECTION     S (190)
  AVERAGE WIND SPEED     2.9


SKY COVER
  POSSIBLE SUNSHINE  MM
  AVERAGE SKY COVER 1.0


WEATHER CONDITIONS
 THE FOLLOWING WEATHER WAS RECORDED YESTERDAY.
  LIGHT RAIN
  FOG


RELATIVE HUMIDITY (PERCENT)
 HIGHEST    93          1100 PM
 LOWEST     66           300 PM
 AVERAGE    80

..........................................................


THE READING PA CLIMATE NORMALS FOR TODAY
                         NORMAL    RECORD    YEAR
 MAXIMUM TEMPERATURE (F)   85       100      2010
                                             1999
                                             1919
 MINIMUM TEMPERATURE (F)   64        49      1979
                                             1978


SUNRISE AND SUNSET
JULY  5 2015..........SUNRISE   540 AM EDT   SUNSET   837 PM EDT
JULY  6 2015..........SUNRISE   540 AM EDT   SUNSET   837 PM EDT


-  INDICATES NEGATIVE NUMBERS.
R  INDICATES RECORD WAS SET OR TIED.
MM INDICATES DATA IS MISSING.
T  INDICATES TRACE AMOUNT.




$$
