000
CDUS41 KPHI 140630
CLIRDG


CLIMATE REPORT
NATIONAL WEATHER SERVICE MOUNT HOLLY NJ
126 AM EST SUN FEB 14 2016


...................................

...THE READING PA CLIMATE SUMMARY FOR FEBRUARY 13 2016...

CLIMATE NORMAL PERIOD 1981 TO 2010
CLIMATE RECORD PERIOD 1869 TO 2016


WEATHER ITEM   OBSERVED TIME   RECORD YEAR NORMAL DEPARTURE LAST
                VALUE   (LST)  VALUE       VALUE  FROM      YEAR
                                                  NORMAL
..................................................................
TEMPERATURE (F)
 YESTERDAY
  MAXIMUM         20    555 AM  62    1937  41    -21       20
                                      1935
  MINIMUM         10   1159 PM  -3    1979  23    -13        6
  AVERAGE         15                        32    -17       13

PRECIPITATION (IN)
  YESTERDAY        0.01          1.92 1966   0.10  -0.09     0.00
  MONTH TO DATE    1.21                      1.12   0.09     0.89
  SINCE DEC 1      8.30                      7.46   0.84     6.10
  SINCE JAN 1      4.74                      4.17   0.57     3.20

SNOWFALL (IN)
  YESTERDAY       MM            MM      MM  MM     MM       MM
  MONTH TO DATE   MM                        MM     MM       MM
  SINCE DEC 1     MM                        MM     MM       MM
  SINCE JUL 1     MM                        MM     MM       MM
  SNOW DEPTH      MM

DEGREE DAYS
 HEATING
  YESTERDAY       50                        33     17       52
  MONTH TO DATE  425                       447    -22      511
  SINCE DEC 1   2077                      2505   -428     2560
  SINCE JUL 1   2896                      3572   -676     3575

 COOLING
  YESTERDAY        0                         0      0        0
  MONTH TO DATE    0                         0      0        0
  SINCE DEC 1      0                         0      0        0
  SINCE JAN 1      0                         0      0        0
..................................................................


WIND (MPH)
  HIGHEST WIND SPEED    36   HIGHEST WIND DIRECTION    NW (310)
  HIGHEST GUST SPEED    41   HIGHEST GUST DIRECTION     W (290)
  AVERAGE WIND SPEED    17.3


SKY COVER
  POSSIBLE SUNSHINE  MM
  AVERAGE SKY COVER 0.5


WEATHER CONDITIONS
 THE FOLLOWING WEATHER WAS RECORDED YESTERDAY.
  LIGHT SNOW
  FOG
  HAZE
  BLOWING SNOW


RELATIVE HUMIDITY (PERCENT)
 HIGHEST    84           100 AM
 LOWEST     36           300 PM
 AVERAGE    60

..........................................................


THE READING PA CLIMATE NORMALS FOR TODAY
                         NORMAL    RECORD    YEAR
 MAXIMUM TEMPERATURE (F)   41        66      1946
 MINIMUM TEMPERATURE (F)   23        -4      1983


SUNRISE AND SUNSET
FEBRUARY 14 2016......SUNRISE   659 AM EST   SUNSET   537 PM EST
FEBRUARY 15 2016......SUNRISE   658 AM EST   SUNSET   539 PM EST


-  INDICATES NEGATIVE NUMBERS.
R  INDICATES RECORD WAS SET OR TIED.
MM INDICATES DATA IS MISSING.
T  INDICATES TRACE AMOUNT.




$$
