648
CDUS41 KPHI 050637
CLIRDG


CLIMATE REPORT
NATIONAL WEATHER SERVICE MOUNT HOLLY NJ
236 AM EDT THU MAY 5 2016


...................................

...THE READING PA CLIMATE SUMMARY FOR MAY 4 2016...

CLIMATE NORMAL PERIOD 1981 TO 2010
CLIMATE RECORD PERIOD 1869 TO 2016


WEATHER ITEM   OBSERVED TIME   RECORD YEAR NORMAL DEPARTURE LAST
                VALUE   (LST)  VALUE       VALUE  FROM      YEAR
                                                  NORMAL
..................................................................
TEMPERATURE (F)
 YESTERDAY
  MAXIMUM         54    436 PM  90    2001  69    -15       86
                                      1913
  MINIMUM         49   1159 PM  30    1986  46      3       50
  AVERAGE         52                        58     -6       68

PRECIPITATION (IN)
  YESTERDAY        0.14          1.78 1893   0.13   0.01     0.00
  MONTH TO DATE    0.92                      0.47   0.45      T
  SINCE MAR 1      3.73                      7.72  -3.99     6.51
  SINCE JAN 1     10.54                     13.25  -2.71    10.25

SNOWFALL (IN)
  YESTERDAY       MM            MM      MM  MM     MM       MM
  MONTH TO DATE   MM                        MM     MM       MM
  SINCE MAR 1     MM                        MM     MM       MM
  SINCE JUL 1     MM                        MM     MM       MM
  SNOW DEPTH      MM

DEGREE DAYS
 HEATING
  YESTERDAY       13                         8      5        0
  MONTH TO DATE   49                        34     15       17
  SINCE MAR 1   1004                      1190   -186     1306
  SINCE JUL 1   4351                      5232   -881     5611

 COOLING
  YESTERDAY        0                         1     -1        3
  MONTH TO DATE    0                         4     -4        3
  SINCE MAR 1     13                        13      0        3
  SINCE JAN 1     13                        13      0        3
..................................................................


WIND (MPH)
  HIGHEST WIND SPEED    12   HIGHEST WIND DIRECTION     E (90)
  HIGHEST GUST SPEED    17   HIGHEST GUST DIRECTION     E (90)
  AVERAGE WIND SPEED     5.9


SKY COVER
  POSSIBLE SUNSHINE  MM
  AVERAGE SKY COVER 0.9


WEATHER CONDITIONS
 THE FOLLOWING WEATHER WAS RECORDED YESTERDAY.
  RAIN
  LIGHT RAIN
  FOG


RELATIVE HUMIDITY (PERCENT)
 HIGHEST    89           300 AM
 LOWEST     77           400 PM
 AVERAGE    83

..........................................................


THE READING PA CLIMATE NORMALS FOR TODAY
                         NORMAL    RECORD    YEAR
 MAXIMUM TEMPERATURE (F)   69        92      1949
 MINIMUM TEMPERATURE (F)   46        29      1974


SUNRISE AND SUNSET
MAY  5 2016...........SUNRISE   558 AM EDT   SUNSET   804 PM EDT
MAY  6 2016...........SUNRISE   557 AM EDT   SUNSET   805 PM EDT


-  INDICATES NEGATIVE NUMBERS.
R  INDICATES RECORD WAS SET OR TIED.
MM INDICATES DATA IS MISSING.
T  INDICATES TRACE AMOUNT.




$$
