000
CDUS41 KPHI 240544
CLIRDG


CLIMATE REPORT
NATIONAL WEATHER SERVICE MOUNT HOLLY NJ
1243 AM EST FRI NOV 24 2017


...................................

...THE READING PA CLIMATE SUMMARY FOR NOVEMBER 23 2017...

CLIMATE NORMAL PERIOD 1981 TO 2010
CLIMATE RECORD PERIOD 1869 TO 2017


WEATHER ITEM   OBSERVED TIME   RECORD YEAR NORMAL DEPARTURE LAST
                VALUE   (LST)  VALUE       VALUE  FROM      YEAR
                                                  NORMAL
..................................................................
TEMPERATURE (F)
 YESTERDAY
  MAXIMUM         41    337 PM  71    1979  50     -9       47
                                      1939
                                      1931
  MINIMUM         25    723 AM  16    1972  33     -8       25
  AVERAGE         33                        41     -8       36

PRECIPITATION (IN)
  YESTERDAY        0.00          2.28 1992   0.12  -0.12     0.00
  MONTH TO DATE    1.78                      2.51  -0.73     0.47
  SINCE SEP 1      8.32                     10.07  -1.75     6.00
  SINCE JAN 1     41.76                     39.03   2.73    30.51

DEGREE DAYS
 HEATING
  YESTERDAY       32                        24      8       29
  MONTH TO DATE  493                       453     40      418
  SINCE SEP 1    741                       886   -145      719
  SINCE JUL 1    745                       891   -146      719

 COOLING
  YESTERDAY        0                         0      0        0
  MONTH TO DATE    0                         0      0        0
  SINCE SEP 1    197                        93    104      214
  SINCE JAN 1   1086                       896    190     1356
..................................................................


WIND (MPH)
  HIGHEST WIND SPEED    16   HIGHEST WIND DIRECTION     N (340)
  HIGHEST GUST SPEED    21   HIGHEST GUST DIRECTION    NW (330)
  AVERAGE WIND SPEED     5.8


SKY COVER
  POSSIBLE SUNSHINE  MM
  AVERAGE SKY COVER 0.0


WEATHER CONDITIONS
 THE FOLLOWING WEATHER WAS RECORDED YESTERDAY.
  NO SIGNIFICANT WEATHER WAS OBSERVED.


RELATIVE HUMIDITY (PERCENT)
 HIGHEST    85          1100 PM
 LOWEST     41           300 PM
 AVERAGE    63

..........................................................


THE READING PA CLIMATE NORMALS FOR TODAY
                         NORMAL    RECORD    YEAR
 MAXIMUM TEMPERATURE (F)   50        71      2014
 MINIMUM TEMPERATURE (F)   32        15      1970


SUNRISE AND SUNSET
NOVEMBER 24 2017......SUNRISE   700 AM EST   SUNSET   441 PM EST
NOVEMBER 25 2017......SUNRISE   701 AM EST   SUNSET   440 PM EST


-  INDICATES NEGATIVE NUMBERS.
R  INDICATES RECORD WAS SET OR TIED.
MM INDICATES DATA IS MISSING.
T  INDICATES TRACE AMOUNT.




$$
