000
CDUS41 KPHI 210604
CLIRDG


CLIMATE REPORT
NATIONAL WEATHER SERVICE MOUNT HOLLY NJ
102 AM EST WED FEB 21 2018


...................................

...THE READING PA CLIMATE SUMMARY FOR FEBRUARY 20 2018...

CLIMATE NORMAL PERIOD 1981 TO 2010
CLIMATE RECORD PERIOD 1869 TO 2018


WEATHER ITEM   OBSERVED TIME   RECORD YEAR NORMAL DEPARTURE LAST
                VALUE   (LST)  VALUE       VALUE  FROM      YEAR
                                                  NORMAL
..................................................................
TEMPERATURE (F)
 YESTERDAY
  MAXIMUM         64    441 PM  72    1930  43     21       57
  MINIMUM         38    632 AM  -3    1903  24     14       37
  AVERAGE         51                        33     18       47

PRECIPITATION (IN)
  YESTERDAY        0.00          1.37 1924   0.10  -0.10     0.00
  MONTH TO DATE    4.33                      1.78   2.55     0.75
  SINCE DEC 1      9.10                      8.12   0.98     5.24
  SINCE JAN 1      7.58                      4.83   2.75     3.11

DEGREE DAYS
 HEATING
  YESTERDAY       14                        32    -18       18
  MONTH TO DATE  596                       674    -78      555
  SINCE DEC 1   2739                      2732      7     2382
  SINCE JUL 1   3643                      3799   -156     3236

 COOLING
  YESTERDAY        0                         0      0        0
  MONTH TO DATE    0                         0      0        0
  SINCE DEC 1      0                         0      0        0
  SINCE JAN 1      0                         0      0        0
..................................................................


WIND (MPH)
  HIGHEST WIND SPEED    12   HIGHEST WIND DIRECTION     S (190)
  HIGHEST GUST SPEED    18   HIGHEST GUST DIRECTION     S (200)
  AVERAGE WIND SPEED     3.5


SKY COVER
  POSSIBLE SUNSHINE  MM
  AVERAGE SKY COVER 0.6


WEATHER CONDITIONS
 THE FOLLOWING WEATHER WAS RECORDED YESTERDAY.
  FOG
  FOG W/VISIBILITY <= 1/4 MILE


RELATIVE HUMIDITY (PERCENT)
 HIGHEST   100          1200 AM
 LOWEST     78           300 PM
 AVERAGE    89

..........................................................


THE READING PA CLIMATE NORMALS FOR TODAY
                         NORMAL    RECORD    YEAR
 MAXIMUM TEMPERATURE (F)   43        71      1930
 MINIMUM TEMPERATURE (F)   24        -2      1978
                                             1903


SUNRISE AND SUNSET
FEBRUARY 21 2018......SUNRISE   649 AM EST   SUNSET   546 PM EST
FEBRUARY 22 2018......SUNRISE   648 AM EST   SUNSET   547 PM EST


-  INDICATES NEGATIVE NUMBERS.
R  INDICATES RECORD WAS SET OR TIED.
MM INDICATES DATA IS MISSING.
T  INDICATES TRACE AMOUNT.




$$
