000
CDUS41 KPHI 210630
CLIRDG


CLIMATE REPORT
NATIONAL WEATHER SERVICE MOUNT HOLLY NJ
229 AM EDT SUN SEP 21 2014


...................................

...THE READING PA CLIMATE SUMMARY FOR SEPTEMBER 20 2014...

CLIMATE NORMAL PERIOD 1981 TO 2010
CLIMATE RECORD PERIOD 1869 TO 2014


WEATHER ITEM   OBSERVED TIME   RECORD YEAR NORMAL DEPARTURE LAST
                VALUE   (LST)  VALUE       VALUE  FROM      YEAR
                                                  NORMAL
..................................................................
TEMPERATURE (F)
 YESTERDAY
  MAXIMUM         79    249 PM  93    1983  74      5       80
  MINIMUM         57    612 AM  38    1993  53      4       51
                                      1979
  AVERAGE         68                        64      4       66

PRECIPITATION (IN)
  YESTERDAY        0.00          2.38 1894   0.16  -0.16     0.00
  MONTH TO DATE    1.25                      2.66  -1.41     0.77
  SINCE SEP 1      1.25                      2.66  -1.41     0.77
  SINCE JAN 1     31.68                     31.62   0.06    29.91

SNOWFALL (IN)
  YESTERDAY       MM            MM      MM  MM     MM       MM
  MONTH TO DATE   MM                        MM     MM       MM
  SINCE SEP 1     MM                        MM     MM       MM
  SINCE JUL 1     MM                        MM     MM       MM
  SNOW DEPTH      MM

DEGREE DAYS
 HEATING
  YESTERDAY        0                         3     -3        0
  MONTH TO DATE   30                        24      6       48
  SINCE SEP 1     30                        24      6       48
  SINCE JUL 1     31                        29      2       48

 COOLING
  YESTERDAY        3                         2      1        1
  MONTH TO DATE  105                        73     32       96
  SINCE SEP 1    105                        73     32       96
  SINCE JAN 1    926                       876     50     1080
..................................................................


WIND (MPH)
  HIGHEST WIND SPEED    15   HIGHEST WIND DIRECTION     S (160)
  HIGHEST GUST SPEED    22   HIGHEST GUST DIRECTION     S (200)
  AVERAGE WIND SPEED     6.3


SKY COVER
  POSSIBLE SUNSHINE  MM
  AVERAGE SKY COVER 0.6


WEATHER CONDITIONS
 THE FOLLOWING WEATHER WAS RECORDED YESTERDAY.
  NO SIGNIFICANT WEATHER WAS OBSERVED.


RELATIVE HUMIDITY (PERCENT)
 HIGHEST    86           200 AM
 LOWEST     48           100 PM
 AVERAGE    67

..........................................................


THE READING PA CLIMATE NORMALS FOR TODAY
                         NORMAL    RECORD    YEAR
 MAXIMUM TEMPERATURE (F)   74        94      1931
 MINIMUM TEMPERATURE (F)   53        38      1956


SUNRISE AND SUNSET
SEPTEMBER 21 2014.....SUNRISE   650 AM EDT   SUNSET   703 PM EDT
SEPTEMBER 22 2014.....SUNRISE   651 AM EDT   SUNSET   701 PM EDT


-  INDICATES NEGATIVE NUMBERS.
R  INDICATES RECORD WAS SET OR TIED.
MM INDICATES DATA IS MISSING.
T  INDICATES TRACE AMOUNT.




$$
