000
CDUS46 KPDT 290827
CLIRDM

CLIMATE REPORT
NATIONAL WEATHER SERVICE PENDLETON OR
129 AM PDT SUN MAR 29 2015


...................................

...THE REDMOND OR CLIMATE SUMMARY FOR MARCH 28 2015...

CLIMATE NORMAL PERIOD 1981 TO 2010
CLIMATE RECORD PERIOD 1949 TO 2015


WEATHER ITEM   OBSERVED TIME   RECORD YEAR NORMAL DEPARTURE LAST
                VALUE   (LST)  VALUE       VALUE  FROM      YEAR
                                                  NORMAL
..................................................................
TEMPERATURE (F)
 YESTERDAY
  MAXIMUM         59    337 PM  77    1994  56      3       57
  MINIMUM         33    613 AM  12    1975  27      6       39
  AVERAGE         46                        42      4       48

PRECIPITATION (IN)
  YESTERDAY        0.00          0.43 1989   0.02  -0.02     0.04
  MONTH TO DATE    0.40                      0.59  -0.19     0.58
  SINCE OCT 1      5.66                      4.97   0.69     3.20
  SINCE JAN 1      1.38                      2.21  -0.83     2.49

DEGREE DAYS
 HEATING
  YESTERDAY       19                        23     -4       17
  MONTH TO DATE  567                       708   -141      641
  SINCE MAR 1    567                       708   -141      641
  SINCE JUL 1   4600                      5381   -781     5434

 COOLING
  YESTERDAY        0                         0      0        0
  MONTH TO DATE    0                         0      0        0
  SINCE MAR 1      0                         0      0        0
  SINCE JAN 1      0                         0      0        0
..................................................................


WIND (MPH)
  RESULTANT WIND SPEED   2   RESULTANT WIND DIRECTION  NW (320)
  HIGHEST WIND SPEED    24   HIGHEST WIND DIRECTION    NW (300)
  HIGHEST GUST SPEED    31   HIGHEST GUST DIRECTION    NW (310)
  AVERAGE WIND SPEED     6.0


SKY COVER
  POSSIBLE SUNSHINE  MM
  AVERAGE SKY COVER 0.1


WEATHER CONDITIONS
 THE FOLLOWING WEATHER WAS RECORDED YESTERDAY.
  NO SIGNIFICANT WEATHER WAS OBSERVED.


RELATIVE HUMIDITY (PERCENT)
 HIGHEST    82           600 AM
 LOWEST     27           100 PM
 AVERAGE    55

..........................................................


THE REDMOND OR CLIMATE NORMALS FOR TODAY
                         NORMAL    RECORD    YEAR
 MAXIMUM TEMPERATURE (F)   57        80      1966
 MINIMUM TEMPERATURE (F)   27        14      1950


SUNRISE AND SUNSET
MARCH 29 2015.........SUNRISE   652 AM PDT   SUNSET   728 PM PDT
MARCH 30 2015.........SUNRISE   650 AM PDT   SUNSET   729 PM PDT


-  INDICATES NEGATIVE NUMBERS.
R  INDICATES RECORD WAS SET OR TIED.
MM INDICATES DATA IS MISSING.
T  INDICATES TRACE AMOUNT.




$$
