000
CDUS46 KPDT 230945 RRA
CLIRDM

CLIMATE REPORT
NATIONAL WEATHER SERVICE PENDLETON OR
244 AM PDT WED AUG 23 2017


...................................

...THE REDMOND OR CLIMATE SUMMARY FOR AUGUST 22 2017...

CLIMATE NORMAL PERIOD 1981 TO 2010
CLIMATE RECORD PERIOD 1949 TO 2017


WEATHER ITEM   OBSERVED TIME   RECORD YEAR NORMAL DEPARTURE LAST
                VALUE   (LST)  VALUE       VALUE  FROM      YEAR
                                                  NORMAL
..................................................................
TEMPERATURE (F)
 YESTERDAY
  MAXIMUM         92    250 PM  98    1961  84      8       81
  MINIMUM         45    524 AM  31    1960  44      1       43
  AVERAGE         69                        64      5       62

PRECIPITATION (IN)
  YESTERDAY        0.00          0.39 1948   0.01  -0.01     0.00
  MONTH TO DATE    0.29                      0.35  -0.06     0.02
  SINCE OCT 1      8.79                      8.34   0.45     9.06
  SINCE JAN 1      5.04                      5.58  -0.54     5.49

DEGREE DAYS
 HEATING
  YESTERDAY        0                         3     -3        3
  MONTH TO DATE   12                        47    -35       28
  SINCE JUN 1    183                       333   -150      254
  SINCE JUL 1     18                       116    -98       77

 COOLING
  YESTERDAY        4                         2      2        0
  MONTH TO DATE  123                        67     56       75
  SINCE JUN 1    331                       188    143      215
  SINCE JAN 1    341                       193    148      218
..................................................................


WIND (MPH)
  RESULTANT WIND SPEED   2   RESULTANT WIND DIRECTION   N (360)
  HIGHEST WIND SPEED    21   HIGHEST WIND DIRECTION    NW (310)
  HIGHEST GUST SPEED    24   HIGHEST GUST DIRECTION    NW (310)
  AVERAGE WIND SPEED     5.4


SKY COVER
  POSSIBLE SUNSHINE  MM
  AVERAGE SKY COVER 0.3


WEATHER CONDITIONS
 THE FOLLOWING WEATHER WAS RECORDED YESTERDAY.
  HAZE


RELATIVE HUMIDITY (PERCENT)
 HIGHEST    58          1000 PM
 LOWEST     13           300 PM
 AVERAGE    36

..........................................................


THE REDMOND OR CLIMATE NORMALS FOR TODAY
                         NORMAL    RECORD    YEAR
 MAXIMUM TEMPERATURE (F)   83        99      1969
 MINIMUM TEMPERATURE (F)   44        32      2010
                                             1971


SUNRISE AND SUNSET
AUGUST 23 2017........SUNRISE   618 AM PDT   SUNSET   756 PM PDT
AUGUST 24 2017........SUNRISE   619 AM PDT   SUNSET   754 PM PDT


-  INDICATES NEGATIVE NUMBERS.
R  INDICATES RECORD WAS SET OR TIED.
MM INDICATES DATA IS MISSING.
T  INDICATES TRACE AMOUNT.




$$
