000
CDUS46 KPDT 260852
CLIRDM

CLIMATE REPORT
NATIONAL WEATHER SERVICE PENDLETON OR
152 AM PDT FRI AUG 26 2016


...................................

...THE REDMOND OR CLIMATE SUMMARY FOR AUGUST 25 2016...

CLIMATE NORMAL PERIOD 1981 TO 2010
CLIMATE RECORD PERIOD 1949 TO 2016


WEATHER ITEM   OBSERVED TIME   RECORD YEAR NORMAL DEPARTURE LAST
                VALUE   (LST)  VALUE       VALUE  FROM      YEAR
                                                  NORMAL
..................................................................
TEMPERATURE (F)
 YESTERDAY
  MAXIMUM         86    315 PM 100    2010  83      3       91
  MINIMUM         45    512 AM  31    1992  44      1       48
  AVERAGE         66                        63      3       70

PRECIPITATION (IN)
  YESTERDAY        0.00          0.86 2013   0.02  -0.02     0.00
  MONTH TO DATE    0.02                      0.40  -0.38     0.01
  SINCE OCT 1      9.06                      8.39   0.67     8.76
  SINCE JAN 1      5.49                      5.63  -0.14     4.48

DEGREE DAYS
 HEATING
  YESTERDAY        0                         3     -3        0
  MONTH TO DATE   37                        56    -19       27
  SINCE JUN 1    263                       342    -79      152
  SINCE JUL 1     86                       125    -39       75

 COOLING
  YESTERDAY        1                         2     -1        5
  MONTH TO DATE   76                        73      3       90
  SINCE JUN 1    216                       194     22      331
  SINCE JAN 1    219                       199     20      340
..................................................................


WIND (MPH)
  RESULTANT WIND SPEED   2   RESULTANT WIND DIRECTION   N (20)
  HIGHEST WIND SPEED    20   HIGHEST WIND DIRECTION    NW (320)
  HIGHEST GUST SPEED    26   HIGHEST GUST DIRECTION    NE (30)
  AVERAGE WIND SPEED     5.7


SKY COVER
  POSSIBLE SUNSHINE  MM
  AVERAGE SKY COVER 0.0


WEATHER CONDITIONS
 THE FOLLOWING WEATHER WAS RECORDED YESTERDAY.
  NO SIGNIFICANT WEATHER WAS OBSERVED.


RELATIVE HUMIDITY (PERCENT)
 HIGHEST    53          1200 AM
 LOWEST     11           300 PM
 AVERAGE    32

..........................................................


THE REDMOND OR CLIMATE NORMALS FOR TODAY
                         NORMAL    RECORD    YEAR
 MAXIMUM TEMPERATURE (F)   83        95      1999
 MINIMUM TEMPERATURE (F)   43        32      1993


SUNRISE AND SUNSET
AUGUST 26 2016........SUNRISE   621 AM PDT   SUNSET   750 PM PDT
AUGUST 27 2016........SUNRISE   622 AM PDT   SUNSET   748 PM PDT


-  INDICATES NEGATIVE NUMBERS.
R  INDICATES RECORD WAS SET OR TIED.
MM INDICATES DATA IS MISSING.
T  INDICATES TRACE AMOUNT.




$$
