000
CDUS46 KPDT 130846
CLIRDM

CLIMATE REPORT
NATIONAL WEATHER SERVICE PENDLETON OR
1246 AM PST WED DEC 13 2017

...................................

...THE REDMOND OR CLIMATE SUMMARY FOR DECEMBER 12 2017...

CLIMATE NORMAL PERIOD 1981 TO 2010
CLIMATE RECORD PERIOD 1949 TO 2017


WEATHER ITEM   OBSERVED TIME   RECORD YEAR NORMAL DEPARTURE LAST
                VALUE   (LST)  VALUE       VALUE  FROM      YEAR
                                                  NORMAL
..................................................................
TEMPERATURE (F)
 YESTERDAY
  MAXIMUM         43    257 PM  60    1956  40      3       41
  MINIMUM          4    349 AM  -8    1972  20    -16       11
  AVERAGE         24                        30     -6       26

PRECIPITATION (IN)
  YESTERDAY        0.00          0.31 1948   0.04  -0.04      T
  MONTH TO DATE    T                         0.47  -0.47     0.74
  SINCE OCT 1      0.99                      2.07  -1.08     2.75
  SINCE JAN 1      6.46                      8.21  -1.75     8.29

DEGREE DAYS
 HEATING
  YESTERDAY       41                        35      6       39
  MONTH TO DATE  471                       406     65      451
  SINCE DEC 1    471                       406     65      451
  SINCE JUL 1   2050                      2180   -130     1915

 COOLING
  YESTERDAY        0                         0      0        0
  MONTH TO DATE    0                         0      0        0
  SINCE DEC 1      0                         0      0        0
  SINCE JAN 1    434                       222    212      240
..................................................................


WIND (MPH)
  RESULTANT WIND SPEED   1   RESULTANT WIND DIRECTION  NW (330)
  HIGHEST WIND SPEED     8   HIGHEST WIND DIRECTION    NW (320)
  HIGHEST GUST SPEED     9   HIGHEST GUST DIRECTION     N (20)
  AVERAGE WIND SPEED     2.3


SKY COVER
  POSSIBLE SUNSHINE  MM
  AVERAGE SKY COVER 0.2


WEATHER CONDITIONS
 THE FOLLOWING WEATHER WAS RECORDED YESTERDAY.
  NO SIGNIFICANT WEATHER WAS OBSERVED.


RELATIVE HUMIDITY (PERCENT)
 HIGHEST    88          1200 AM
 LOWEST     39           200 PM
 AVERAGE    64

..........................................................


THE REDMOND OR CLIMATE NORMALS FOR TODAY
                         NORMAL    RECORD    YEAR
 MAXIMUM TEMPERATURE (F)   40        62      1998
 MINIMUM TEMPERATURE (F)   20        -7      1972


SUNRISE AND SUNSET
DECEMBER 13 2017......SUNRISE   732 AM PST   SUNSET   426 PM PST
DECEMBER 14 2017......SUNRISE   733 AM PST   SUNSET   426 PM PST


-  INDICATES NEGATIVE NUMBERS.
R  INDICATES RECORD WAS SET OR TIED.
MM INDICATES DATA IS MISSING.
T  INDICATES TRACE AMOUNT.

$$
