000
CDUS46 KPDT 280051
CLIRDM

CLIMATE REPORT
NATIONAL WEATHER SERVICE PENDLETON OR
433 PM PST FRI FEB 27 2015


...................................

...THE REDMOND OR CLIMATE SUMMARY FOR FEBRUARY 27 2015...
VALID TODAY AS OF 0400 PM LOCAL TIME.

CLIMATE NORMAL PERIOD 1981 TO 2010
CLIMATE RECORD PERIOD 1949 TO 2015


WEATHER ITEM   OBSERVED TIME   RECORD YEAR NORMAL DEPARTURE LAST
                VALUE   (LST)  VALUE       VALUE  FROM      YEAR
                                                  NORMAL
..................................................................
TEMPERATURE (F)
 TODAY
  MAXIMUM         50    200 PM  63    1967  50      0       41
  MINIMUM         32    725 AM -12    1960  24      8       27
  AVERAGE         41                        37      4       34

PRECIPITATION (IN)
  TODAY            0.12          0.27 2006   0.02   0.10     0.16
  MONTH TO DATE    0.66                      0.63   0.03     1.32
  SINCE OCT 1      5.22                      4.36   0.86     2.55
  SINCE JAN 1      0.94                      1.60  -0.66     1.84

DEGREE DAYS
 HEATING
  TODAY           24                        28     -4       31
  MONTH TO DATE  641                       806   -165      931
  SINCE DEC 1   2410                      2872   -462     2975
  SINCE JUL 1   3997                      4646   -649     4761

 COOLING
  TODAY            0                         0      0        0
  MONTH TO DATE    0                         0      0        0
  SINCE DEC 1      0                         0      0        0
  SINCE JAN 1      0                         0      0        0
..................................................................


WIND (MPH)
  RESULTANT WIND SPEED   2   RESULTANT WIND DIRECTION  SE (150)
  HIGHEST WIND SPEED    20   HIGHEST WIND DIRECTION    NW (320)
  HIGHEST GUST SPEED    24   HIGHEST GUST DIRECTION    NW (330)
  AVERAGE WIND SPEED     4.6


SKY COVER
  POSSIBLE SUNSHINE  MM
  AVERAGE SKY COVER 0.9


WEATHER CONDITIONS
THE FOLLOWING WEATHER WAS RECORDED TODAY.
  RAIN
  LIGHT RAIN
  FOG


RELATIVE HUMIDITY (PERCENT)
 HIGHEST   100           700 AM
 LOWEST     54           200 PM
 AVERAGE    77

..........................................................


THE REDMOND OR CLIMATE NORMALS FOR TOMORROW
                         NORMAL    RECORD    YEAR
 MAXIMUM TEMPERATURE (F)   50        65      1959
 MINIMUM TEMPERATURE (F)   24        -7      1960


SUNRISE AND SUNSET
FEBRUARY 27 2015......SUNRISE   645 AM PST   SUNSET   550 PM PST
FEBRUARY 28 2015......SUNRISE   644 AM PST   SUNSET   551 PM PST


-  INDICATES NEGATIVE NUMBERS.
R  INDICATES RECORD WAS SET OR TIED.
MM INDICATES DATA IS MISSING.
T  INDICATES TRACE AMOUNT.




$$
