000
CDUS46 KPDT 260846 RRA
CLIRDM

CLIMATE REPORT
NATIONAL WEATHER SERVICE PENDLETON OR
145 AM PDT MON JUN 26 2017


...................................

...THE REDMOND OR CLIMATE SUMMARY FOR JUNE 25 2017...

CLIMATE NORMAL PERIOD 1981 TO 2010
CLIMATE RECORD PERIOD 1949 TO 2017


WEATHER ITEM   OBSERVED TIME   RECORD YEAR NORMAL DEPARTURE LAST
                VALUE   (LST)  VALUE       VALUE  FROM      YEAR
                                                  NORMAL
..................................................................
TEMPERATURE (F)
 YESTERDAY
  MAXIMUM        102R   418 PM 101    1968  79     23       82
  MINIMUM         43    447 AM  26    2001  43      0       36
  AVERAGE         73                        61     12       59

PRECIPITATION (IN)
  YESTERDAY        T             0.29 1980   0.01  -0.01     0.00
  MONTH TO DATE    0.36                      0.56  -0.20     0.65
  SINCE OCT 1      8.50                      7.36   1.14     8.40
  SINCE JAN 1      4.75                      4.60   0.15     4.83

DEGREE DAYS
 HEATING
  YESTERDAY        0                         5     -5        6
  MONTH TO DATE  158                       194    -36      177
  SINCE JUN 1    158                       194    -36      177
  SINCE JUL 1   6708                      6690     18     5792

 COOLING
  YESTERDAY        8                         1      7        0
  MONTH TO DATE   27                        15     12       44
  SINCE JUN 1     27                        15     12       44
  SINCE JAN 1     37                        20     17       47
..................................................................


WIND (MPH)
  RESULTANT WIND SPEED   3   RESULTANT WIND DIRECTION   W (280)
  HIGHEST WIND SPEED    30   HIGHEST WIND DIRECTION    SW (230)
  HIGHEST GUST SPEED    38   HIGHEST GUST DIRECTION    SW (230)
  AVERAGE WIND SPEED     8.0


SKY COVER
  POSSIBLE SUNSHINE  MM
  AVERAGE SKY COVER 0.0


WEATHER CONDITIONS
 THE FOLLOWING WEATHER WAS RECORDED YESTERDAY.
  LIGHT RAIN


RELATIVE HUMIDITY (PERCENT)
 HIGHEST    53           500 AM
 LOWEST      7           400 PM
 AVERAGE    30

..........................................................


THE REDMOND OR CLIMATE NORMALS FOR TODAY
                         NORMAL    RECORD    YEAR
 MAXIMUM TEMPERATURE (F)   80       101      2015
                                             1968
 MINIMUM TEMPERATURE (F)   43        28      1976


SUNRISE AND SUNSET
JUNE 26 2017..........SUNRISE   522 AM PDT   SUNSET   853 PM PDT
JUNE 27 2017..........SUNRISE   523 AM PDT   SUNSET   853 PM PDT


-  INDICATES NEGATIVE NUMBERS.
R  INDICATES RECORD WAS SET OR TIED.
MM INDICATES DATA IS MISSING.
T  INDICATES TRACE AMOUNT.




$$
