000
CDUS46 KPDT 230840
CLIRDM

CLIMATE REPORT
NATIONAL WEATHER SERVICE PENDLETON OR
140 AM PDT TUE MAY 23 2017


...................................

...THE REDMOND OR CLIMATE SUMMARY FOR MAY 22 2017...

CLIMATE NORMAL PERIOD 1981 TO 2010
CLIMATE RECORD PERIOD 1949 TO 2017


WEATHER ITEM   OBSERVED TIME   RECORD YEAR NORMAL DEPARTURE LAST
                VALUE   (LST)  VALUE       VALUE  FROM      YEAR
                                                  NORMAL
..................................................................
TEMPERATURE (F)
 YESTERDAY
  MAXIMUM         87    334 PM  90    1979  69     18       61
  MINIMUM         40    435 AM  21    2013  37      3       30
  AVERAGE         64                        53     11       46

PRECIPITATION (IN)
  YESTERDAY        0.00          0.38 2015   0.04  -0.04      T
  MONTH TO DATE    0.13                      0.69  -0.56     1.98
  SINCE OCT 1      8.10                      6.46   1.64     7.75
  SINCE JAN 1      4.35                      3.70   0.65     4.18

DEGREE DAYS
 HEATING
  YESTERDAY        1                        12    -11       19
  MONTH TO DATE  305                       326    -21      215
  SINCE MAR 1   1625                      1724    -99     1385
  SINCE JUL 1   6502                      6397    105     5516

 COOLING
  YESTERDAY        0                         0      0        0
  MONTH TO DATE    2                         0      2        3
  SINCE MAR 1      2                         0      2        3
  SINCE JAN 1      2                         0      2        3
..................................................................


WIND (MPH)
  RESULTANT WIND SPEED   3   RESULTANT WIND DIRECTION  NE (30)
  HIGHEST WIND SPEED    20   HIGHEST WIND DIRECTION    NW (320)
  HIGHEST GUST SPEED    24   HIGHEST GUST DIRECTION    NW (320)
  AVERAGE WIND SPEED     5.8


SKY COVER
  POSSIBLE SUNSHINE  MM
  AVERAGE SKY COVER 0.0


WEATHER CONDITIONS
 THE FOLLOWING WEATHER WAS RECORDED YESTERDAY.
  NO SIGNIFICANT WEATHER WAS OBSERVED.


RELATIVE HUMIDITY (PERCENT)
 HIGHEST    89           400 AM
 LOWEST     15           300 PM
 AVERAGE    52

..........................................................


THE REDMOND OR CLIMATE NORMALS FOR TODAY
                         NORMAL    RECORD    YEAR
 MAXIMUM TEMPERATURE (F)   70        88      1983
 MINIMUM TEMPERATURE (F)   37        18      1964


SUNRISE AND SUNSET
MAY 23 2017...........SUNRISE   530 AM PDT   SUNSET   834 PM PDT
MAY 24 2017...........SUNRISE   529 AM PDT   SUNSET   835 PM PDT


-  INDICATES NEGATIVE NUMBERS.
R  INDICATES RECORD WAS SET OR TIED.
MM INDICATES DATA IS MISSING.
T  INDICATES TRACE AMOUNT.


$$
