000
CDUS46 KPDT 010830
CLIRDM

CLIMATE REPORT
NATIONAL WEATHER SERVICE PENDLETON OR
130 AM PDT FRI AUG 1 2014


...................................

...THE REDMOND OR CLIMATE SUMMARY FOR JULY 31 2014...

CLIMATE NORMAL PERIOD 1981 TO 2010
CLIMATE RECORD PERIOD 1949 TO 2014


WEATHER ITEM   OBSERVED TIME   RECORD YEAR NORMAL DEPARTURE LAST
                VALUE   (LST)  VALUE       VALUE  FROM      YEAR
                                                  NORMAL
..................................................................
TEMPERATURE (F)
 YESTERDAY
  MAXIMUM         98    207 PM 100    2009  88     10       85
                                      1971
  MINIMUM         59    343 AM  34    2006  47     12       56
                                      1963
  AVERAGE         79                        68     11       71

PRECIPITATION (IN)
  YESTERDAY        0.00          0.41 1971   0.02  -0.02      T
  MONTH TO DATE    0.29                      0.55  -0.26      T
  SINCE OCT 1      4.75                      7.99  -3.24     5.83
  SINCE JAN 1      4.04                      5.23  -1.19     1.92

DEGREE DAYS
 HEATING
  YESTERDAY        0                         1     -1        0
  MONTH TO DATE   31                        68    -37       20
  SINCE JUN 1    254                       286    -32      205
  SINCE JUL 1     31                        69    -38       20

 COOLING
  YESTERDAY       14                         4     10        6
  MONTH TO DATE  193                        97     96      167
  SINCE JUN 1    194                       121     73      206
  SINCE JAN 1    194                       126     68      215
..................................................................


WIND (MPH)
  RESULTANT WIND SPEED   3   RESULTANT WIND DIRECTION  NW (330)
  HIGHEST WIND SPEED    22   HIGHEST WIND DIRECTION    SE (140)
  HIGHEST GUST SPEED    32   HIGHEST GUST DIRECTION    SE (150)
  AVERAGE WIND SPEED     7.1


SKY COVER
  POSSIBLE SUNSHINE  MM
  AVERAGE SKY COVER 0.0


WEATHER CONDITIONS
 THE FOLLOWING WEATHER WAS RECORDED YESTERDAY.
  NO SIGNIFICANT WEATHER WAS OBSERVED.


RELATIVE HUMIDITY (PERCENT)
 HIGHEST    44           500 AM
 LOWEST     13           100 PM
 AVERAGE    29

..........................................................


THE REDMOND OR CLIMATE NORMALS FOR TODAY
                         NORMAL    RECORD    YEAR
 MAXIMUM TEMPERATURE (F)   88       103      2009
 MINIMUM TEMPERATURE (F)   47        32      1963


SUNRISE AND SUNSET
AUGUST  1 2014........SUNRISE   552 AM PDT   SUNSET   829 PM PDT
AUGUST  2 2014........SUNRISE   553 AM PDT   SUNSET   828 PM PDT


-  INDICATES NEGATIVE NUMBERS.
R  INDICATES RECORD WAS SET OR TIED.
MM INDICATES DATA IS MISSING.
T  INDICATES TRACE AMOUNT.


$$
