000
CDUS46 KPDT 020028
CLIRDM

CLIMATE REPORT
NATIONAL WEATHER SERVICE PENDLETON OR
528 PM PDT TUE SEP 1 2015


...................................

...THE REDMOND OR CLIMATE SUMMARY FOR SEPTEMBER 1 2015...
VALID TODAY AS OF 0500 PM LOCAL TIME.

CLIMATE NORMAL PERIOD 1981 TO 2010
CLIMATE RECORD PERIOD 1949 TO 2015


WEATHER ITEM   OBSERVED TIME   RECORD YEAR NORMAL DEPARTURE LAST
                VALUE   (LST)  VALUE       VALUE  FROM      YEAR
                                                  NORMAL
..................................................................
TEMPERATURE (F)
 TODAY
  MAXIMUM         83    306 PM 104    1998  81      2       80
  MINIMUM         38    452 AM  28    1973  42     -4       41
  AVERAGE         61                        61      0       61

PRECIPITATION (IN)
  TODAY            0.00          0.11 1985   0.01  -0.01     0.00
  MONTH TO DATE    0.00                      0.01  -0.01     0.00
  SINCE OCT 1      8.77                      8.50   0.27     5.71
  SINCE JAN 1      4.49                      5.74  -1.25     5.00

DEGREE DAYS
 HEATING
  TODAY            4                         5     -1        4
  MONTH TO DATE    4                         5     -1        4
  SINCE SEP 1      4                         5     -1        4
  SINCE JUL 1     95                       154    -59       78

 COOLING
  TODAY            0                         1     -1        0
  MONTH TO DATE    0                         1     -1        0
  SINCE SEP 1      0                         1     -1        0
  SINCE JAN 1    355                       207    148      297
..................................................................


WIND (MPH)
  RESULTANT WIND SPEED   1   RESULTANT WIND DIRECTION   N (350)
  HIGHEST WIND SPEED    21   HIGHEST WIND DIRECTION    NW (310)
  HIGHEST GUST SPEED    27   HIGHEST GUST DIRECTION    NW (300)
  AVERAGE WIND SPEED     4.7


SKY COVER
  POSSIBLE SUNSHINE  MM
  AVERAGE SKY COVER 0.0


WEATHER CONDITIONS
 THE FOLLOWING WEATHER WAS RECORDED TODAY.
  NO SIGNIFICANT WEATHER WAS OBSERVED.


RELATIVE HUMIDITY (PERCENT)
 HIGHEST    85           400 AM
 LOWEST     15           300 PM
 AVERAGE    50

..........................................................


THE REDMOND OR CLIMATE NORMALS FOR TOMORROW
                         NORMAL    RECORD    YEAR
 MAXIMUM TEMPERATURE (F)   81       105      1998
 MINIMUM TEMPERATURE (F)   42        28      1973


SUNRISE AND SUNSET
SEPTEMBER  1 2015.....SUNRISE   627 AM PDT   SUNSET   741 PM PDT
SEPTEMBER  2 2015.....SUNRISE   628 AM PDT   SUNSET   739 PM PDT


-  INDICATES NEGATIVE NUMBERS.
R  INDICATES RECORD WAS SET OR TIED.
MM INDICATES DATA IS MISSING.
T  INDICATES TRACE AMOUNT.




$$
