000
CDUS46 KPDT 300903 RRA
CLIRDM

CLIMATE REPORT
NATIONAL WEATHER SERVICE PENDLETON OR
203 AM PDT SAT APR 30 2016


...................................

...THE REDMOND OR CLIMATE SUMMARY FOR APRIL 29 2016...

CLIMATE NORMAL PERIOD 1981 TO 2010
CLIMATE RECORD PERIOD 1949 TO 2016


WEATHER ITEM   OBSERVED TIME   RECORD YEAR NORMAL DEPARTURE LAST
                VALUE   (LST)  VALUE       VALUE  FROM      YEAR
                                                  NORMAL
..................................................................
TEMPERATURE (F)
 YESTERDAY
  MAXIMUM         54    227 PM  89    1968  63     -9       60
  MINIMUM         29   1127 PM  14    1962  31     -2       29
  AVERAGE         42                        47     -5       45

PRECIPITATION (IN)
  YESTERDAY        0.02          0.60 1995   0.02   0.00     0.00
  MONTH TO DATE    0.29                      0.70  -0.41     0.15
  SINCE OCT 1      5.77                      5.74   0.03     5.81
  SINCE JAN 1      2.20                      2.98  -0.78     1.53

DEGREE DAYS
 HEATING
  YESTERDAY       23                        18      5       20
  MONTH TO DATE  422                       602   -180      640
  SINCE MAR 1   1152                      1380   -228     1261
  SINCE JUL 1   5283                      6053   -770     5294

 COOLING
  YESTERDAY        0                         0      0        0
  MONTH TO DATE    0                         0      0        0
  SINCE MAR 1      0                         0      0        0
  SINCE JAN 1      0                         0      0        0
..................................................................


WIND (MPH)
  RESULTANT WIND SPEED   5   RESULTANT WIND DIRECTION  NW (320)
  HIGHEST WIND SPEED    21   HIGHEST WIND DIRECTION     N (350)
  HIGHEST GUST SPEED    29   HIGHEST GUST DIRECTION     W (290)
  AVERAGE WIND SPEED     8.1


SKY COVER
  POSSIBLE SUNSHINE  MM
  AVERAGE SKY COVER 0.5


WEATHER CONDITIONS
 THE FOLLOWING WEATHER WAS RECORDED YESTERDAY.
  RAIN
  LIGHT RAIN


RELATIVE HUMIDITY (PERCENT)
 HIGHEST    92          1100 PM
 LOWEST     44          1100 AM
 AVERAGE    68

..........................................................


THE REDMOND OR CLIMATE NORMALS FOR TODAY
                         NORMAL    RECORD    YEAR
 MAXIMUM TEMPERATURE (F)   63        88      1998
 MINIMUM TEMPERATURE (F)   32        16      1969


SUNRISE AND SUNSET
APRIL 30 2016.........SUNRISE   556 AM PDT   SUNSET   808 PM PDT
MAY  1 2016...........SUNRISE   555 AM PDT   SUNSET   809 PM PDT


-  INDICATES NEGATIVE NUMBERS.
R  INDICATES RECORD WAS SET OR TIED.
MM INDICATES DATA IS MISSING.
T  INDICATES TRACE AMOUNT.




$$
