000
CDUS46 KPDT 030902 RRA
CLIRDM

CLIMATE REPORT
NATIONAL WEATHER SERVICE PENDLETON OR
202 AM PDT MON AUG 3 2015


...................................

...THE REDMOND OR CLIMATE SUMMARY FOR AUGUST 2 2015...

CLIMATE NORMAL PERIOD 1981 TO 2010
CLIMATE RECORD PERIOD 1949 TO 2015


WEATHER ITEM   OBSERVED TIME   RECORD YEAR NORMAL DEPARTURE LAST
                VALUE   (LST)  VALUE       VALUE  FROM      YEAR
                                                  NORMAL
..................................................................
TEMPERATURE (F)
 YESTERDAY
  MAXIMUM         96    341 PM  98    1998  87      9       93
  MINIMUM         58    401 AM  34    1972  47     11       58
  AVERAGE         77                        67     10       76

PRECIPITATION (IN)
  YESTERDAY        T             0.51 2009   0.01  -0.01     0.13
  MONTH TO DATE    T                         0.03  -0.03     0.18
  SINCE OCT 1      8.75                      8.02   0.73     4.93
  SINCE JAN 1      4.47                      5.26  -0.79     4.22

DEGREE DAYS
 HEATING
  YESTERDAY        0                         1     -1        0
  MONTH TO DATE    0                         2     -2        0
  SINCE JUN 1    125                       288   -163      254
  SINCE JUL 1     48                        71    -23       31

 COOLING
  YESTERDAY       12                         4      8       11
  MONTH TO DATE   25                         8     17       22
  SINCE JUN 1    266                       129    137      216
  SINCE JAN 1    275                       134    141      216
..................................................................


WIND (MPH)
  RESULTANT WIND SPEED   3   RESULTANT WIND DIRECTION  NW (320)
  HIGHEST WIND SPEED    23   HIGHEST WIND DIRECTION     W (280)
  HIGHEST GUST SPEED    28   HIGHEST GUST DIRECTION     W (280)
  AVERAGE WIND SPEED     7.5


SKY COVER
  POSSIBLE SUNSHINE  MM
  AVERAGE SKY COVER 0.0


WEATHER CONDITIONS
 THE FOLLOWING WEATHER WAS RECORDED YESTERDAY.
  LIGHT RAIN
  HAZE


RELATIVE HUMIDITY (PERCENT)
 HIGHEST    42           500 AM
 LOWEST      7           100 PM
 AVERAGE    25

..........................................................


THE REDMOND OR CLIMATE NORMALS FOR TODAY
                         NORMAL    RECORD    YEAR
 MAXIMUM TEMPERATURE (F)   87       103      1998
 MINIMUM TEMPERATURE (F)   47        35      1956


SUNRISE AND SUNSET
AUGUST  3 2015........SUNRISE   554 AM PDT   SUNSET   827 PM PDT
AUGUST  4 2015........SUNRISE   555 AM PDT   SUNSET   825 PM PDT


-  INDICATES NEGATIVE NUMBERS.
R  INDICATES RECORD WAS SET OR TIED.
MM INDICATES DATA IS MISSING.
T  INDICATES TRACE AMOUNT.

$$
