000
CDUS46 KPDT 230954
CLIRDM

CLIMATE REPORT
NATIONAL WEATHER SERVICE PENDLETON OR
154 AM PST SUN NOV 23 2014


...................................

...THE REDMOND OR CLIMATE SUMMARY FOR NOVEMBER 22 2014...

CLIMATE NORMAL PERIOD 1981 TO 2010
CLIMATE RECORD PERIOD 1949 TO 2014


WEATHER ITEM   OBSERVED TIME   RECORD YEAR NORMAL DEPARTURE LAST
                VALUE   (LST)  VALUE       VALUE  FROM      YEAR
                                                  NORMAL
..................................................................
TEMPERATURE (F)
 YESTERDAY
  MAXIMUM         44   1224 AM  71    1954  46     -2       34
  MINIMUM         30   1034 PM  -3    1985  24      6        0
  AVERAGE         37                        35      2       17

PRECIPITATION (IN)
  YESTERDAY        0.11          1.40 1961   0.03   0.08     0.00
  MONTH TO DATE    1.86                      0.68   1.18     0.20
  SINCE OCT 1      2.52                      1.32   1.20     0.34
  SINCE JAN 1      7.94                      7.46   0.48     4.43

DEGREE DAYS
 HEATING
  YESTERDAY       28                        30     -2       48
  MONTH TO DATE  749                       579    170      594
  SINCE SEP 1   1309                      1375    -66     1487
  SINCE JUL 1   1383                      1524   -141     1523

 COOLING
  YESTERDAY        0                         0      0        0
  MONTH TO DATE    0                         0      0        0
  SINCE SEP 1     14                        16     -2       36
  SINCE JAN 1    311                       222     89      350
..................................................................


WIND (MPH)
  RESULTANT WIND SPEED   6   RESULTANT WIND DIRECTION   W (270)
  HIGHEST WIND SPEED    30   HIGHEST WIND DIRECTION     W (280)
  HIGHEST GUST SPEED    36   HIGHEST GUST DIRECTION     W (280)
  AVERAGE WIND SPEED     9.3


SKY COVER
  POSSIBLE SUNSHINE  MM
  AVERAGE SKY COVER 0.6


WEATHER CONDITIONS
THE FOLLOWING WEATHER WAS RECORDED YESTERDAY.
  RAIN
  LIGHT RAIN
  FOG


RELATIVE HUMIDITY (PERCENT)
 HIGHEST   100          1200 AM
 LOWEST     67           400 PM
 AVERAGE    84

..........................................................


THE REDMOND OR CLIMATE NORMALS FOR TODAY
                         NORMAL    RECORD    YEAR
 MAXIMUM TEMPERATURE (F)   46        65      1959
 MINIMUM TEMPERATURE (F)   24        -8      1993


SUNRISE AND SUNSET
NOVEMBER 23 2014......SUNRISE   711 AM PST   SUNSET   431 PM PST
NOVEMBER 24 2014......SUNRISE   712 AM PST   SUNSET   430 PM PST


-  INDICATES NEGATIVE NUMBERS.
R  INDICATES RECORD WAS SET OR TIED.
MM INDICATES DATA IS MISSING.
T  INDICATES TRACE AMOUNT.

$$
