000
CDUS46 KPDT 210848 RRA
CLIRDM

CLIMATE REPORT
NATIONAL WEATHER SERVICE PENDLETON OR
132 AM PDT SAT OCT 21 2017


...................................

...THE REDMOND OR CLIMATE SUMMARY FOR OCTOBER 20 2017...

CLIMATE NORMAL PERIOD 1981 TO 2010
CLIMATE RECORD PERIOD 1949 TO 2017


WEATHER ITEM   OBSERVED TIME   RECORD YEAR NORMAL DEPARTURE LAST
                VALUE   (LST)  VALUE       VALUE  FROM      YEAR
                                                  NORMAL
..................................................................
TEMPERATURE (F)
 YESTERDAY
  MAXIMUM         53   1209 PM  84    1999  62     -9       64
  MINIMUM         31    722 PM  18    1976  31      0       48
  AVERAGE         42                        46     -4       56

PRECIPITATION (IN)
  YESTERDAY        T             0.30 1951   0.02  -0.02     0.01
  MONTH TO DATE    0.43                      0.36   0.07     0.35
  SINCE OCT 1      0.43                      0.36   0.07     0.35
  SINCE JAN 1      5.90                      6.50  -0.60     5.89

DEGREE DAYS
 HEATING
  YESTERDAY       23                        19      4        9
  MONTH TO DATE  392                       317     75      303
  SINCE SEP 1    614                       567     47      572
  SINCE JUL 1    637                       716    -79      661

 COOLING
  YESTERDAY        0                         0      0        0
  MONTH TO DATE    0                         0      0        0
  SINCE SEP 1     56                        16     40        1
  SINCE JAN 1    434                       222    212      240
..................................................................


WIND (MPH)
  RESULTANT WIND SPEED   4   RESULTANT WIND DIRECTION  SW (230)
  HIGHEST WIND SPEED    29   HIGHEST WIND DIRECTION     W (270)
  HIGHEST GUST SPEED    38   HIGHEST GUST DIRECTION     W (280)
  AVERAGE WIND SPEED     8.1


SKY COVER
  POSSIBLE SUNSHINE  MM
  AVERAGE SKY COVER 0.4


WEATHER CONDITIONS
 THE FOLLOWING WEATHER WAS RECORDED YESTERDAY.
  LIGHT RAIN


RELATIVE HUMIDITY (PERCENT)
 HIGHEST    82           600 AM
 LOWEST     34           400 PM
 AVERAGE    58

..........................................................


THE REDMOND OR CLIMATE NORMALS FOR TODAY
                         NORMAL    RECORD    YEAR
 MAXIMUM TEMPERATURE (F)   61        86      1999
 MINIMUM TEMPERATURE (F)   30        13      1961


SUNRISE AND SUNSET
OCTOBER 21 2017.......SUNRISE   728 AM PDT   SUNSET   610 PM PDT
OCTOBER 22 2017.......SUNRISE   729 AM PDT   SUNSET   608 PM PDT


-  INDICATES NEGATIVE NUMBERS.
R  INDICATES RECORD WAS SET OR TIED.
MM INDICATES DATA IS MISSING.
T  INDICATES TRACE AMOUNT.




$$
