000
CDUS42 KRAH 260548
CLIRDU

CLIMATE REPORT
NATIONAL WEATHER SERVICE RALEIGH NC
147 AM EDT FRI MAY 26 2017
...................................

...THE RALEIGH-DURHAM INTL AIRPORT NC CLIMATE SUMMARY FOR MAY 25 2017...

CLIMATE NORMAL PERIOD 1981 TO 2010
CLIMATE RECORD PERIOD 1887 TO 2017


WEATHER ITEM   OBSERVED TIME   RECORD YEAR NORMAL DEPARTURE LAST
                VALUE   (LST)  VALUE       VALUE  FROM      YEAR
                                                  NORMAL
..................................................................
TEMPERATURE (F)
 YESTERDAY
  MAXIMUM         76    113 PM  93    2011  82     -6       87
                                      2004
                                      1936
  MINIMUM         60   1159 PM  41    2013  59      1       59
  AVERAGE         68                        70     -2       73

PRECIPITATION (IN)
  YESTERDAY        0.82          1.40 1960   0.12   0.70     0.00
  MONTH TO DATE    5.42                      2.55   2.87     3.73
  SINCE MAR 1     17.21                      9.58   7.63    10.75
  SINCE JAN 1     21.64                     16.31   5.33    17.16

DEGREE DAYS
 HEATING
  YESTERDAY        0                         1     -1        0
  MONTH TO DATE   45                        49     -4       52
  SINCE MAR 1    533                       666   -133      466
  SINCE JUL 1   2506                      3238   -732     2609

 COOLING
  YESTERDAY        3                         6     -3        8
  MONTH TO DATE  127                       105     22       79
  SINCE MAR 1    271                       165    106      174
  SINCE JAN 1    279                       166    113      174
..................................................................


WIND (MPH)
  HIGHEST WIND SPEED    28   HIGHEST WIND DIRECTION    SW (230)
  HIGHEST GUST SPEED    37   HIGHEST GUST DIRECTION    SW (230)
  AVERAGE WIND SPEED    11.4


SKY COVER
  POSSIBLE SUNSHINE  MM
  AVERAGE SKY COVER 0.6


WEATHER CONDITIONS
 THE FOLLOWING WEATHER WAS RECORDED YESTERDAY.
  THUNDERSTORM
  HEAVY RAIN
  LIGHT RAIN
  FOG


RELATIVE HUMIDITY (PERCENT)
 HIGHEST   100           500 AM
 LOWEST     53           200 PM
 AVERAGE    77

..........................................................


THE RALEIGH-DURHAM INTL AIRPORT NC CLIMATE NORMALS FOR TODAY
                         NORMAL    RECORD    YEAR
 MAXIMUM TEMPERATURE (F)   82        94      1953
                                             1933
 MINIMUM TEMPERATURE (F)   60        43      1979


SUNRISE AND SUNSET
MAY 26 2017...........SUNRISE   602 AM EDT   SUNSET   822 PM EDT
MAY 27 2017...........SUNRISE   602 AM EDT   SUNSET   823 PM EDT


-  INDICATES NEGATIVE NUMBERS.
R  INDICATES RECORD WAS SET OR TIED.
MM INDICATES DATA IS MISSING.
T  INDICATES TRACE AMOUNT.


&&

CLIMATE REPORT
NWS FORECAST OFFICE
NCSU CENTENNIAL CAMPUS
RALEIGH NC

MAXIMUM TEMPERATURE...74

MINIMUM TEMPERATURE...60

PRECIPITATION...0.22


$$
