000
CDUS42 KRAH 050819
CLIRDU


CLIMATE REPORT
NATIONAL WEATHER SERVICE RALEIGH NC
418 AM EDT SUN JUL 5 2015


...................................

...THE RALEIGH-DURHAM INTL AIRPORT NC CLIMATE SUMMARY FOR JULY 4 2015...

CLIMATE NORMAL PERIOD 1981 TO 2010
CLIMATE RECORD PERIOD 1887 TO 2015


WEATHER ITEM   OBSERVED TIME   RECORD YEAR NORMAL DEPARTURE LAST
                VALUE   (LST)  VALUE       VALUE  FROM      YEAR
                                                  NORMAL
..................................................................
TEMPERATURE (F)
 YESTERDAY
  MAXIMUM         87    354 PM 101    2012  90     -3       88
  MINIMUM         69    413 AM  54    1933  70     -1       71
  AVERAGE         78                        80     -2       80

PRECIPITATION (IN)
  YESTERDAY        0.06          4.83 1931   0.14  -0.08      T
  MONTH TO DATE    0.44                      0.53  -0.09      T
  SINCE JUN 1      6.79                      4.05   2.74     3.31
  SINCE JAN 1     24.63                     21.08   3.55    22.58

DEGREE DAYS
 HEATING
  YESTERDAY        0                         0      0        0
  MONTH TO DATE    0                         0      0        0
  SINCE JUN 1      0                         4     -4        0
  SINCE JUL 1      0                         0      0        0

 COOLING
  YESTERDAY       13                        15     -2       15
  MONTH TO DATE   49                        60    -11       73
  SINCE JUN 1    486                       407     79      450
  SINCE JAN 1    756                       616    140      663
..................................................................


WIND (MPH)
  HIGHEST WIND SPEED    21   HIGHEST WIND DIRECTION    SW (220)
  HIGHEST GUST SPEED    29   HIGHEST GUST DIRECTION    SW (230)
  AVERAGE WIND SPEED     8.6


SKY COVER
  POSSIBLE SUNSHINE  MM
  AVERAGE SKY COVER 0.7


WEATHER CONDITIONS
 THE FOLLOWING WEATHER WAS RECORDED YESTERDAY.
  THUNDERSTORM
  LIGHT RAIN


RELATIVE HUMIDITY (PERCENT)
 HIGHEST   100           200 AM
 LOWEST     61           400 PM
 AVERAGE    81

..........................................................


THE RALEIGH-DURHAM INTL AIRPORT NC CLIMATE NORMALS FOR TODAY
                         NORMAL    RECORD    YEAR
 MAXIMUM TEMPERATURE (F)   90       102      1999
 MINIMUM TEMPERATURE (F)   70        54      1996


SUNRISE AND SUNSET
JULY  5 2015..........SUNRISE   604 AM EDT   SUNSET   835 PM EDT
JULY  6 2015..........SUNRISE   605 AM EDT   SUNSET   835 PM EDT


-  INDICATES NEGATIVE NUMBERS.
R  INDICATES RECORD WAS SET OR TIED.
MM INDICATES DATA IS MISSING.
T  INDICATES TRACE AMOUNT.

&&

CLIMATE REPORT NWS FORECAST OFFICE
NCSU CENTENNIAL CAMPUS
RALEIGH, NC

MAXIMUM TEMPERATURE... 86

MINIMUM TEMPERATURE... 69

PRECIPITATION... 0.48


$$
