000
CDUS42 KRAH 300722
CLIRDU


CLIMATE REPORT
NATIONAL WEATHER SERVICE RALEIGH NC
218 AM EST FRI JAN 30 2015


...................................

...THE RALEIGH-DURHAM INTL AIRPORT NC CLIMATE SUMMARY FOR JANUARY 29 2015...

CLIMATE NORMAL PERIOD 1981 TO 2010
CLIMATE RECORD PERIOD 1887 TO 2015


WEATHER ITEM   OBSERVED TIME   RECORD YEAR NORMAL DEPARTURE LAST
                VALUE   (LST)  VALUE       VALUE  FROM      YEAR
                                                  NORMAL
..................................................................
TEMPERATURE (F)
 YESTERDAY
  MAXIMUM         47    338 PM  78    2002  52     -5       27
  MINIMUM         23    441 AM   7    2000  32     -9       14
                                      1977
  AVERAGE         35                        42     -7       21

PRECIPITATION (IN)
  YESTERDAY        0.02          1.30 1917   0.11  -0.09      T
  MONTH TO DATE    3.35                      3.27   0.08     1.96
  SINCE DEC 1      8.32                      6.34   1.98     7.87
  SINCE JAN 1      3.35                      3.27   0.08     1.96

SNOWFALL (IN)
  YESTERDAY        T             1.8  1966   0.1   -0.1      0.2
  MONTH TO DATE    T                         2.7   -2.7      1.9
  SINCE DEC 1      T                         3.3   -3.3      1.9
  SINCE JUL 1      T                         3.4   -3.4      1.9
  SNOW DEPTH       0

DEGREE DAYS
 HEATING
  YESTERDAY       30                        23      7       44
  MONTH TO DATE  719                       698     21      799
  SINCE DEC 1   1341                      1368    -27     1379
  SINCE JUL 1   2005                      1949     56     2031

 COOLING
  YESTERDAY        0                         0      0        0
  MONTH TO DATE    0                         0      0        0
  SINCE DEC 1      0                         2     -2       13
  SINCE JAN 1      0                         0      0        0
..................................................................


WIND (MPH)
  HIGHEST WIND SPEED    15   HIGHEST WIND DIRECTION    SW (220)
  HIGHEST GUST SPEED    18   HIGHEST GUST DIRECTION     S (200)
  AVERAGE WIND SPEED     4.6


SKY COVER
  POSSIBLE SUNSHINE  MM
  AVERAGE SKY COVER 0.6


WEATHER CONDITIONS
 THE FOLLOWING WEATHER WAS RECORDED YESTERDAY.
  LIGHT RAIN
  SLEET
  FOG


RELATIVE HUMIDITY (PERCENT)
 HIGHEST    74           300 AM
 LOWEST     28           100 PM
 AVERAGE    51

..........................................................


THE RALEIGH-DURHAM INTL AIRPORT NC CLIMATE NORMALS FOR TODAY
                         NORMAL    RECORD    YEAR
 MAXIMUM TEMPERATURE (F)   52        80      2002
 MINIMUM TEMPERATURE (F)   32         7      2014
                                             1977


SUNRISE AND SUNSET
JANUARY 30 2015.......SUNRISE   717 AM EST   SUNSET   540 PM EST
JANUARY 31 2015.......SUNRISE   716 AM EST   SUNSET   541 PM EST


-  INDICATES NEGATIVE NUMBERS.
R  INDICATES RECORD WAS SET OR TIED.
MM INDICATES DATA IS MISSING.
T  INDICATES TRACE AMOUNT.

&&

CLIMATE REPORT NWS FORECAST OFFICE
NCSU CENTENNIAL CAMPUS
RALEIGH, NC

MAXIMUM TEMPERATURE...47

MINIMUM TEMPERATURE...24

PRECIPITATION...0.01

SNOW...T


$$
