028
CDUS42 KRAH 230801
CLIRDU


CLIMATE REPORT
NATIONAL WEATHER SERVICE RALEIGH NC
359 AM EDT THU MAR 23 2017


...................................

...THE RALEIGH-DURHAM INTL AIRPORT NC CLIMATE SUMMARY FOR MARCH 22 2017...

CLIMATE NORMAL PERIOD 1981 TO 2010
CLIMATE RECORD PERIOD 1887 TO 2017


WEATHER ITEM   OBSERVED TIME   RECORD YEAR NORMAL DEPARTURE LAST
                VALUE   (LST)  VALUE       VALUE  FROM      YEAR
                                                  NORMAL
..................................................................
TEMPERATURE (F)
 YESTERDAY
  MAXIMUM         64    301 PM  89    1907  65     -1       66
                                      1894
  MINIMUM         39   1152 PM  22    1986  41     -2       32
  AVERAGE         52                        53     -1       49

PRECIPITATION (IN)
  YESTERDAY        0.00          1.42 1931   0.12  -0.12     0.00
  MONTH TO DATE    2.59                      2.94  -0.35     3.13
  SINCE MAR 1      2.59                      2.94  -0.35     3.13
  SINCE JAN 1      7.02                      9.67  -2.65     9.54

SNOWFALL (IN)
  YESTERDAY        0.0           3.0  1914   0.0    0.0      0.0
  MONTH TO DATE    0.3                       0.4   -0.1       T
  SINCE MAR 1      0.3                       0.4   -0.1       T
  SINCE JUL 1      0.8                       5.9   -5.1      1.4
  SNOW DEPTH       0

DEGREE DAYS
 HEATING
  YESTERDAY       13                        12      1       16
  MONTH TO DATE  376                       329     47      201
  SINCE MAR 1    376                       329     47      201
  SINCE JUL 1   2349                      2901   -552     2344

 COOLING
  YESTERDAY        0                         0      0        0
  MONTH TO DATE    5                         0      5       31
  SINCE MAR 1      5                         0      5       31
  SINCE JAN 1     13                         1     12       31
..................................................................


WIND (MPH)
  HIGHEST WIND SPEED    21   HIGHEST WIND DIRECTION    NE (50)
  HIGHEST GUST SPEED    28   HIGHEST GUST DIRECTION    NE (40)
  AVERAGE WIND SPEED     8.3


SKY COVER
  POSSIBLE SUNSHINE  MM
  AVERAGE SKY COVER 0.5


WEATHER CONDITIONS
 THE FOLLOWING WEATHER WAS RECORDED YESTERDAY.
  LIGHT RAIN


RELATIVE HUMIDITY (PERCENT)
 HIGHEST    93           200 AM
 LOWEST     17           500 PM
 AVERAGE    55

..........................................................


THE RALEIGH-DURHAM INTL AIRPORT NC CLIMATE NORMALS FOR TODAY
                         NORMAL    RECORD    YEAR
 MAXIMUM TEMPERATURE (F)   66        93      1907
 MINIMUM TEMPERATURE (F)   42        20      1888


SUNRISE AND SUNSET
MARCH 23 2017.........SUNRISE   714 AM EDT   SUNSET   730 PM EDT
MARCH 24 2017.........SUNRISE   713 AM EDT   SUNSET   730 PM EDT


-  INDICATES NEGATIVE NUMBERS.
R  INDICATES RECORD WAS SET OR TIED.
MM INDICATES DATA IS MISSING.
T  INDICATES TRACE AMOUNT.


&&

CLIMATE REPORT
NWS FORECAST OFFICE
NCSU CENTENNIAL CAMPUS
RALEIGH NC

MAXIMUM TEMPERATURE... 62

MINIMUM TEMPERATURE... 43

PRECIPITATION... T

$$
