000
CDUS42 KRAH 230636
CLIRDU


CLIMATE REPORT
NATIONAL WEATHER SERVICE RALEIGH NC
235 AM EDT SAT SEP 23 2017


...................................

...THE RALEIGH-DURHAM INTL AIRPORT NC CLIMATE SUMMARY FOR SEPTEMBER 22 2017...

CLIMATE NORMAL PERIOD 1981 TO 2010
CLIMATE RECORD PERIOD 1887 TO 2017


WEATHER ITEM   OBSERVED TIME   RECORD YEAR NORMAL DEPARTURE LAST
                VALUE   (LST)  VALUE       VALUE  FROM      YEAR
                                                  NORMAL
..................................................................
TEMPERATURE (F)
 YESTERDAY
  MAXIMUM         89    233 PM  98    1895  80      9       83
  MINIMUM         61    545 AM  42    1889  59      2       71
  AVERAGE         75                        70      5       77

PRECIPITATION (IN)
  YESTERDAY        0.00          2.74 1923   0.12  -0.12     0.23
  MONTH TO DATE    2.28                      3.35  -1.07     3.68
  SINCE SEP 1      2.28                      3.35  -1.07     3.68
  SINCE JAN 1     37.68                     32.89   4.79    40.43

DEGREE DAYS
 HEATING
  YESTERDAY        0                         1     -1        0
  MONTH TO DATE    7                         6      1        0
  SINCE SEP 1      7                         6      1        0
  SINCE JUL 1      7                         7      0        0

 COOLING
  YESTERDAY       10                         6      4       12
  MONTH TO DATE  151                       190    -39      273
  SINCE SEP 1    151                       190    -39      273
  SINCE JAN 1   1783                      1631    152     1941
..................................................................


WIND (MPH)
  HIGHEST WIND SPEED    13   HIGHEST WIND DIRECTION    NE (40)
  HIGHEST GUST SPEED    16   HIGHEST GUST DIRECTION    NE (40)
  AVERAGE WIND SPEED     2.3


SKY COVER
  POSSIBLE SUNSHINE  MM
  AVERAGE SKY COVER 0.3


WEATHER CONDITIONS
 THE FOLLOWING WEATHER WAS RECORDED YESTERDAY.
  FOG


RELATIVE HUMIDITY (PERCENT)
 HIGHEST   100          1200 AM
 LOWEST     36           300 PM
 AVERAGE    68

..........................................................


THE RALEIGH-DURHAM INTL AIRPORT NC CLIMATE NORMALS FOR TODAY
                         NORMAL    RECORD    YEAR
 MAXIMUM TEMPERATURE (F)   80        99      2010
 MINIMUM TEMPERATURE (F)   59        37      1983


SUNRISE AND SUNSET
SEPTEMBER 23 2017.....SUNRISE   704 AM EDT   SUNSET   710 PM EDT
SEPTEMBER 24 2017.....SUNRISE   705 AM EDT   SUNSET   709 PM EDT


-  INDICATES NEGATIVE NUMBERS.
R  INDICATES RECORD WAS SET OR TIED.
MM INDICATES DATA IS MISSING.
T  INDICATES TRACE AMOUNT.

&&

CLIMATE REPORT
NWS FORECAST OFFICE
NCSU CENTENNIAL CAMPUS
RALEIGH NC

MAXIMUM TEMPERATURE... 89

MINIMUM TEMPERATURE... 65

PRECIPITATION... 0.00

$$
