000
CDUS42 KRAH 302058
CLIRDU


CLIMATE REPORT
NATIONAL WEATHER SERVICE RALEIGH NC
457 PM EDT MON MAY 30 2016


...................................

...THE RALEIGH-DURHAM INTL AIRPORT NC CLIMATE SUMMARY FOR MAY 30 2016...
VALID TODAY AS OF 0400 PM LOCAL TIME.

CLIMATE NORMAL PERIOD 1981 TO 2010
CLIMATE RECORD PERIOD 1887 TO 2016


WEATHER ITEM   OBSERVED TIME   RECORD YEAR NORMAL DEPARTURE LAST
                VALUE   (LST)  VALUE       VALUE  FROM      YEAR
                                                  NORMAL
..................................................................
TEMPERATURE (F)
 TODAY
  MAXIMUM         84    142 PM  95    1895  83      1       88
  MINIMUM         66    542 AM  48    1946  61      5       66
  AVERAGE         75                        72      3       77

PRECIPITATION (IN)
  TODAY            0.46          1.69 1948   0.13   0.33     0.00
  MONTH TO DATE    6.14                      3.15   2.99     3.04
  SINCE MAR 1     13.16                     10.18   2.98    11.58
  SINCE JAN 1     19.57                     16.91   2.66    17.84

DEGREE DAYS
 HEATING
  TODAY            0                         1     -1        0
  MONTH TO DATE   52                        54     -2       20
  SINCE MAR 1    466                       671   -205      587
  SINCE JUL 1   2609                      3243   -634     3484

 COOLING
  TODAY           10                         8      2       12
  MONTH TO DATE  128                       141    -13      200
  SINCE MAR 1    223                       201     22      256
  SINCE JAN 1    223                       202     21      256
..................................................................


WIND (MPH)
  HIGHEST WIND SPEED    16   HIGHEST WIND DIRECTION     E (100)
  HIGHEST GUST SPEED    20   HIGHEST GUST DIRECTION     E (100)



SKY COVER
  POSSIBLE SUNSHINE  MM
  AVERAGE SKY COVER 0.9


WEATHER CONDITIONS
 THE FOLLOWING WEATHER WAS RECORDED TODAY.
  THUNDERSTORM
  LIGHT RAIN
  FOG
  FOG W/VISIBILITY <= 1/4 MILE


RELATIVE HUMIDITY (PERCENT)
 HIGHEST    93          1200 AM
 LOWEST     65           200 PM
 AVERAGE    79

..........................................................


THE RALEIGH-DURHAM INTL AIRPORT NC CLIMATE NORMALS FOR TOMORROW
                         NORMAL    RECORD    YEAR
 MAXIMUM TEMPERATURE (F)   83        98      1895
 MINIMUM TEMPERATURE (F)   61        44      1996
                                             1961


SUNRISE AND SUNSET
MAY 30 2016...........SUNRISE   601 AM EDT   SUNSET   825 PM EDT
MAY 31 2016...........SUNRISE   600 AM EDT   SUNSET   826 PM EDT


-  INDICATES NEGATIVE NUMBERS.
R  INDICATES RECORD WAS SET OR TIED.
MM INDICATES DATA IS MISSING.
T  INDICATES TRACE AMOUNT.

&&

CLIMATE REPORT
NWS FORECAST OFFICE
NCSU CENTENNIAL CAMPUS
RALEIGH NC

MAXIMUM TEMPERATURE... 84

MINIMUM TEMPERATURE... 65

PRECIPITATION... 0.00


$$
