000
CDUS42 KRAH 141542
CLIRDU


CLIMATE REPORT
NATIONAL WEATHER SERVICE RALEIGH NC
1040 AM EST SUN FEB 14 2016


...................................

...THE RALEIGH-DURHAM INTL AIRPORT NC CLIMATE SUMMARY FOR FEBRUARY 14 2016...
VALID AS OF 1030 AM LOCAL TIME.

CLIMATE NORMAL PERIOD 1981 TO 2010
CLIMATE RECORD PERIOD 1887 TO 2016


WEATHER ITEM   OBSERVED TIME   RECORD YEAR NORMAL DEPARTURE LAST
                VALUE   (LST)  VALUE       VALUE  FROM      YEAR
                                                  NORMAL
..................................................................
TEMPERATURE (F)
 TODAY
  MAXIMUM                       78    1989  55    -33       53
                                      1951
                                      1949
  MINIMUM         15    719 AM  -2    1899  34    -19       22
  AVERAGE         19                        44    -25       38

PRECIPITATION (IN)
  TODAY            0.00          2.29 1922   0.11  -0.11      T
  MONTH TO DATE    1.63                      1.54   0.09     0.96
  SINCE DEC 1      9.43                      8.11   1.32     9.28
  SINCE JAN 1      3.36                      5.04  -1.68     4.31

SNOWFALL (IN)
  TODAY            0.0           6.0  1913   0.1   -0.1       T
  MONTH TO DATE    T                         1.1   -1.1       T
  SINCE DEC 1      1.2                       4.6   -3.4       T
  SINCE JUL 1      1.2                       4.7   -3.5       T
  SNOW DEPTH       0

..................................................................


WIND (MPH)
  RESULTANT WIND SPEED   4   RESULTANT WIND DIRECTION  NE (60)
  HIGHEST WIND SPEED    13   HIGHEST WIND DIRECTION    NE (50)
  HIGHEST GUST SPEED    17   HIGHEST GUST DIRECTION    NE (30)
  AVERAGE WIND SPEED     4.5


SKY COVER
  POSSIBLE SUNSHINE  MM
  AVERAGE SKY COVER 0.3


WEATHER CONDITIONS
 THE FOLLOWING WEATHER WAS RECORDED TODAY.
  NO SIGNIFICANT WEATHER WAS OBSERVED.


RELATIVE HUMIDITY (PERCENT)
 HIGHEST    51           500 AM
 LOWEST     36          1200 AM
 AVERAGE    44

..........................................................


THE RALEIGH-DURHAM INTL AIRPORT NC CLIMATE NORMALS FOR TOMORROW
                         NORMAL    RECORD    YEAR
 MAXIMUM TEMPERATURE (F)   55        82      1989
 MINIMUM TEMPERATURE (F)   34         6      1899


SUNRISE AND SUNSET
FEBRUARY 14 2016......SUNRISE   704 AM EST   SUNSET   555 PM EST
FEBRUARY 15 2016......SUNRISE   703 AM EST   SUNSET   556 PM EST


-  INDICATES NEGATIVE NUMBERS.
R  INDICATES RECORD WAS SET OR TIED.
MM INDICATES DATA IS MISSING.
T  INDICATES TRACE AMOUNT.

&&

CLIMATE REPORT NWS FORECAST OFFICE
NCSU CENTENNIAL CAMPUS
RALEIGH...NC

MINIMUM TEMPERATURE... 16

PRECIPITATION... 0.00

$$
