000
CDUS46 KBOI 200932
CLIREO


CLIMATE REPORT
NATIONAL WEATHER SERVICE BOISE ID
332 AM MDT WED SEP 20 2017


...................................

...THE ROME OR CLIMATE SUMMARY FOR SEPTEMBER 19 2017...

CLIMATE NORMAL PERIOD 1981 TO 2010
CLIMATE RECORD PERIOD 9999 TO 9999


WEATHER ITEM   OBSERVED TIME   NORMAL DEPARTURE LAST
                VALUE   (LST)  VALUE  FROM      YEAR
                                      NORMAL
......................................................
TEMPERATURE (F)
 YESTERDAY
  MAXIMUM         63        MM  78    -15       89
  MINIMUM         42        MM  39      3       51
  AVERAGE         53            59     -6       70

PRECIPITATION (IN)
  YESTERDAY        0.00          0.02  -0.02     0.00
  MONTH TO DATE    0.15          0.21  -0.06     0.19
  SINCE OCT 1      9.25          8.73   0.52     8.29
  SINCE JAN 1      6.87          6.54   0.33     3.86

DEGREE DAYS
 HEATING
  YESTERDAY       12             7      5        0
  MONTH TO DATE   55            83    -28      109
  SINCE SEP 1     55            83    -28      109
  SINCE JUL 1     55           124    -69      130

 COOLING
  YESTERDAY        0             1     -1        5
  MONTH TO DATE  132            39     93       21
  SINCE SEP 1    132            39     93       21
  SINCE JAN 1   1037           505    532      682
......................................................


WIND (MPH)
  RESULTANT WIND SPEED  12   RESULTANT WIND DIRECTION  SW (220)
  HIGHEST WIND SPEED    25   HIGHEST WIND DIRECTION     W (250)
  HIGHEST GUST SPEED    36   HIGHEST GUST DIRECTION     W (250)
  AVERAGE WIND SPEED    14.0


SKY COVER
  AVERAGE SKY COVER 0.0


WEATHER CONDITIONS
 THE FOLLOWING WEATHER WAS RECORDED YESTERDAY.
  NO SIGNIFICANT WEATHER WAS OBSERVED.


RELATIVE HUMIDITY (PERCENT)
 HIGHEST    76           200 AM
 LOWEST     30           200 PM
 AVERAGE    53

..........................................................


THE ROME OR CLIMATE NORMALS FOR TODAY
                         NORMAL    RECORD    YEAR
 MAXIMUM TEMPERATURE (F)   78        MM        MM
 MINIMUM TEMPERATURE (F)   39        MM        MM


SUNRISE AND SUNSET
SEPTEMBER 20 2017.....SUNRISE   637 AM PDT   SUNSET   652 PM PDT
SEPTEMBER 21 2017.....SUNRISE   638 AM PDT   SUNSET   650 PM PDT


-  INDICATES NEGATIVE NUMBERS.
R  INDICATES RECORD WAS SET OR TIED.
MM INDICATES DATA IS MISSING.
T  INDICATES TRACE AMOUNT.




$$
