000
CDUS46 KBOI 170933
CLIREO


CLIMATE REPORT
NATIONAL WEATHER SERVICE BOISE ID
233 AM MST FRI NOV 17 2017


...................................

...THE ROME OR CLIMATE SUMMARY FOR NOVEMBER 16 2017...

CLIMATE NORMAL PERIOD 1981 TO 2010
CLIMATE RECORD PERIOD 9999 TO 9999


WEATHER ITEM   OBSERVED TIME   NORMAL DEPARTURE LAST
                VALUE   (LST)  VALUE  FROM      YEAR
                                      NORMAL
......................................................
TEMPERATURE (F)
 YESTERDAY
  MAXIMUM         54   1259 PM  49      5       47
  MINIMUM         40   1159 PM  24     16       18
  AVERAGE         47            36     11       33

PRECIPITATION (IN)
  YESTERDAY        0.07          0.01   0.06     0.00
  MONTH TO DATE    0.81          0.35   0.46     0.00
  SINCE OCT 1      1.01          1.09  -0.08     0.58
  SINCE JAN 1      8.13          7.82   0.31     4.89

DEGREE DAYS
 HEATING
  YESTERDAY       18            29    -11       32
  MONTH TO DATE  379           412    -33      266
  SINCE SEP 1   1101          1128    -27      814
  SINCE JUL 1   1101          1169    -68      835

 COOLING
  YESTERDAY        0             0      0        0
  MONTH TO DATE    0             0      0        0
  SINCE SEP 1    132            41     91       36
  SINCE JAN 1   1037           507    530      697
......................................................


WIND (MPH)
  RESULTANT WIND SPEED  10   RESULTANT WIND DIRECTION  SW (210)
  HIGHEST WIND SPEED    24   HIGHEST WIND DIRECTION    SW (220)
  HIGHEST GUST SPEED    30   HIGHEST GUST DIRECTION    SW (240)
  AVERAGE WIND SPEED    11.9


SKY COVER
  AVERAGE SKY COVER 0.0


WEATHER CONDITIONS
 THE FOLLOWING WEATHER WAS RECORDED YESTERDAY.
  NO SIGNIFICANT WEATHER WAS OBSERVED.


RELATIVE HUMIDITY (PERCENT)
 HIGHEST    93           500 AM
 LOWEST     50          1100 AM
 AVERAGE    72

..........................................................


THE ROME OR CLIMATE NORMALS FOR TODAY
                         NORMAL    RECORD    YEAR
 MAXIMUM TEMPERATURE (F)   48        MM        MM
 MINIMUM TEMPERATURE (F)   23        MM        MM


SUNRISE AND SUNSET
NOVEMBER 17 2017......SUNRISE   646 AM PST   SUNSET   427 PM PST
NOVEMBER 18 2017......SUNRISE   647 AM PST   SUNSET   426 PM PST


-  INDICATES NEGATIVE NUMBERS.
R  INDICATES RECORD WAS SET OR TIED.
MM INDICATES DATA IS MISSING.
T  INDICATES TRACE AMOUNT.




$$
