000
CDUS46 KBOI 280931
CLIREO


CLIMATE REPORT
NATIONAL WEATHER SERVICE BOISE ID
331 AM MDT SUN MAY 28 2017


...................................

...THE ROME OR CLIMATE SUMMARY FOR MAY 27 2017...

CLIMATE NORMAL PERIOD 1981 TO 2010
CLIMATE RECORD PERIOD 9999 TO 9999


WEATHER ITEM   OBSERVED TIME   NORMAL DEPARTURE LAST
                VALUE   (LST)  VALUE  FROM      YEAR
                                      NORMAL
......................................................
TEMPERATURE (F)
 YESTERDAY
  MAXIMUM         80    417 PM  73      7       69
  MINIMUM         36    513 AM  40     -4       39
  AVERAGE         58            56      2       54

PRECIPITATION (IN)
  YESTERDAY        0.00          0.05  -0.05     0.00
  MONTH TO DATE    0.39          1.24  -0.85     1.39
  SINCE OCT 1      7.57          6.80   0.77     7.84
  SINCE JAN 1      5.19          4.61   0.58     3.41

DEGREE DAYS
 HEATING
  YESTERDAY        7             9     -2       11
  MONTH TO DATE  271           328    -57      240
  SINCE MAR 1   1352          1688   -336     1243
  SINCE JUL 1   5932          6422   -490     5339

 COOLING
  YESTERDAY        0             1     -1        0
  MONTH TO DATE   10             1      9        6
  SINCE MAR 1     10             1      9        6
  SINCE JAN 1     10             1      9        6
......................................................


WIND (MPH)
  RESULTANT WIND SPEED   4   RESULTANT WIND DIRECTION  NE (50)
  HIGHEST WIND SPEED    14   HIGHEST WIND DIRECTION    NE (30)
  HIGHEST GUST SPEED    18   HIGHEST GUST DIRECTION     N (20)
  AVERAGE WIND SPEED     5.9


SKY COVER
  AVERAGE SKY COVER 0.0


WEATHER CONDITIONS
 THE FOLLOWING WEATHER WAS RECORDED YESTERDAY.
  NO SIGNIFICANT WEATHER WAS OBSERVED.


RELATIVE HUMIDITY (PERCENT)
 HIGHEST    70           400 AM
 LOWEST     14           200 PM
 AVERAGE    42

..........................................................


THE ROME OR CLIMATE NORMALS FOR TODAY
                         NORMAL    RECORD    YEAR
 MAXIMUM TEMPERATURE (F)   73        MM        MM
 MINIMUM TEMPERATURE (F)   40        MM        MM


SUNRISE AND SUNSET
MAY 28 2017...........SUNRISE   518 AM PDT   SUNSET   820 PM PDT
MAY 29 2017...........SUNRISE   518 AM PDT   SUNSET   820 PM PDT


-  INDICATES NEGATIVE NUMBERS.
R  INDICATES RECORD WAS SET OR TIED.
MM INDICATES DATA IS MISSING.
T  INDICATES TRACE AMOUNT.




$$
