000
CDUS46 KBOI 070930
CLIREO


CLIMATE REPORT
NATIONAL WEATHER SERVICE BOISE ID
330 AM MDT TUE JUL 7 2015


...................................

...THE ROME OR CLIMATE SUMMARY FOR JULY 6 2015...

CLIMATE NORMAL PERIOD 1981 TO 2010
CLIMATE RECORD PERIOD 9999 TO 9999


WEATHER ITEM   OBSERVED TIME   NORMAL DEPARTURE LAST
                VALUE   (LST)  VALUE  FROM      YEAR
                                      NORMAL
......................................................
TEMPERATURE (F)
 YESTERDAY
  MAXIMUM         92    414 PM  90      2      102
  MINIMUM         65   1105 PM  50     15       54
  AVERAGE         79            70      9       78

PRECIPITATION (IN)
  YESTERDAY        0.00          0.01  -0.01     0.00
  MONTH TO DATE    0.00          0.07  -0.07     0.00
  SINCE OCT 1      7.20          7.88  -0.68     2.35
  SINCE JAN 1      5.20          5.69  -0.49     2.16

DEGREE DAYS
 HEATING
  YESTERDAY        0             1     -1        0
  MONTH TO DATE    0             6     -6        0
  SINCE JUN 1     10           131   -121       59
  SINCE JUL 1      0             6     -6        0

 COOLING
  YESTERDAY       14             6      8       13
  MONTH TO DATE  105            32     73       77
  SINCE JUN 1    339            94    245      126
  SINCE JAN 1    354           104    250      137
......................................................


WIND (MPH)
  RESULTANT WIND SPEED   2   RESULTANT WIND DIRECTION  NE (40)
  HIGHEST WIND SPEED    20   HIGHEST WIND DIRECTION     N (350)
  HIGHEST GUST SPEED    24   HIGHEST GUST DIRECTION     N (340)
  AVERAGE WIND SPEED     7.3


SKY COVER
  AVERAGE SKY COVER 0.0


WEATHER CONDITIONS
 THE FOLLOWING WEATHER WAS RECORDED YESTERDAY.
  NO SIGNIFICANT WEATHER WAS OBSERVED.


RELATIVE HUMIDITY (PERCENT)
 HIGHEST    56           200 AM
 LOWEST     18           200 PM
 AVERAGE    37

..........................................................


THE ROME OR CLIMATE NORMALS FOR TODAY
                         NORMAL    RECORD    YEAR
 MAXIMUM TEMPERATURE (F)   90        MM        MM
 MINIMUM TEMPERATURE (F)   51        MM        MM


SUNRISE AND SUNSET
JULY  7 2015..........SUNRISE   521 AM PDT   SUNSET   831 PM PDT
JULY  8 2015..........SUNRISE   522 AM PDT   SUNSET   831 PM PDT


-  INDICATES NEGATIVE NUMBERS.
R  INDICATES RECORD WAS SET OR TIED.
MM INDICATES DATA IS MISSING.
T  INDICATES TRACE AMOUNT.




$$
