000
CDUS46 KBOI 180932
CLIREO


CLIMATE REPORT
NATIONAL WEATHER SERVICE BOISE ID
232 AM MST THU DEC 18 2014


...................................

...THE ROME OR CLIMATE SUMMARY FOR DECEMBER 17 2014...

CLIMATE NORMAL PERIOD 1981 TO 2010
CLIMATE RECORD PERIOD 9999 TO 9999


WEATHER ITEM   OBSERVED TIME   NORMAL DEPARTURE LAST
                VALUE   (LST)  VALUE  FROM      YEAR
                                      NORMAL
......................................................
TEMPERATURE (F)
 YESTERDAY
  MAXIMUM         37    143 PM  38     -1       46
  MINIMUM         23    904 PM  18      5       16
  AVERAGE         30            28      2       31

PRECIPITATION (IN)
  YESTERDAY        0.00          0.03  -0.03     0.00
  MONTH TO DATE    0.23          0.46  -0.23     0.10
  SINCE OCT 1      1.51          1.83  -0.32     0.14
  SINCE JAN 1      4.91          8.56  -3.65     5.24

DEGREE DAYS
 HEATING
  YESTERDAY       35            37     -2       34
  MONTH TO DATE  452           613   -161      741
  SINCE DEC 1    452           613   -161      741
  SINCE JUL 1   1690          2226   -536     2259

 COOLING
  YESTERDAY        0             0      0        0
  MONTH TO DATE    0             0      0        0
  SINCE DEC 1      0             0      0        0
  SINCE JAN 1    690           507    183      878
......................................................


WIND (MPH)
  RESULTANT WIND SPEED   1   RESULTANT WIND DIRECTION   S (180)
  HIGHEST WIND SPEED     8   HIGHEST WIND DIRECTION    SE (150)
  HIGHEST GUST SPEED     9   HIGHEST GUST DIRECTION     S (160)
  AVERAGE WIND SPEED     2.4


SKY COVER
  AVERAGE SKY COVER 0.0


WEATHER CONDITIONS
 THE FOLLOWING WEATHER WAS RECORDED YESTERDAY.
  NO SIGNIFICANT WEATHER WAS OBSERVED.


RELATIVE HUMIDITY (PERCENT)
 HIGHEST    92          1200 AM
 LOWEST     81           100 AM
 AVERAGE    87

..........................................................


THE ROME OR CLIMATE NORMALS FOR TODAY
                         NORMAL    RECORD    YEAR
 MAXIMUM TEMPERATURE (F)   38        MM        MM
 MINIMUM TEMPERATURE (F)   18        MM        MM


SUNRISE AND SUNSET
DECEMBER 18 2014......SUNRISE   716 AM PST   SUNSET   420 PM PST
DECEMBER 19 2014......SUNRISE   717 AM PST   SUNSET   420 PM PST


-  INDICATES NEGATIVE NUMBERS.
R  INDICATES RECORD WAS SET OR TIED.
MM INDICATES DATA IS MISSING.
T  INDICATES TRACE AMOUNT.




$$
