000
CDUS46 KBOI 020934
CLIREO


CLIMATE REPORT
NATIONAL WEATHER SERVICE BOISE ID
333 AM MDT MON MAY 2 2016


...................................

...THE ROME OR CLIMATE SUMMARY FOR MAY 1 2016...

CLIMATE NORMAL PERIOD 1981 TO 2010
CLIMATE RECORD PERIOD 9999 TO 9999


WEATHER ITEM   OBSERVED TIME   NORMAL DEPARTURE LAST
                VALUE   (LST)  VALUE  FROM      YEAR
                                      NORMAL
......................................................
TEMPERATURE (F)
 YESTERDAY
  MAXIMUM         70    242 PM  65      5       79
  MINIMUM         30    454 AM  34     -4       31
  AVERAGE         50            50      0       55

PRECIPITATION (IN)
  YESTERDAY        0.00          0.04  -0.04     0.00
  MONTH TO DATE    0.00          0.04  -0.04     0.00
  SINCE OCT 1      6.45          5.60   0.85     3.62
  SINCE JAN 1      2.02          3.41  -1.39     1.62

DEGREE DAYS
 HEATING
  YESTERDAY       15            15      0       10
  MONTH TO DATE   15            15      0       10
  SINCE MAR 1   1018          1375   -357     1120
  SINCE JUL 1   5114          6109   -995     4927

 COOLING
  YESTERDAY        0             0      0        0
  MONTH TO DATE    0             0      0        0
  SINCE MAR 1      0             0      0        0
  SINCE JAN 1      0             0      0        0
......................................................


WIND (MPH)
  RESULTANT WIND SPEED   7   RESULTANT WIND DIRECTION   E (80)
  HIGHEST WIND SPEED    22   HIGHEST WIND DIRECTION    NE (60)
  HIGHEST GUST SPEED    30   HIGHEST GUST DIRECTION    NE (40)
  AVERAGE WIND SPEED     8.6


SKY COVER
  AVERAGE SKY COVER 0.0


WEATHER CONDITIONS
 THE FOLLOWING WEATHER WAS RECORDED YESTERDAY.
  NO SIGNIFICANT WEATHER WAS OBSERVED.


RELATIVE HUMIDITY (PERCENT)
 HIGHEST    92           400 AM
 LOWEST     19           500 PM
 AVERAGE    56

..........................................................


THE ROME OR CLIMATE NORMALS FOR TODAY
                         NORMAL    RECORD    YEAR
 MAXIMUM TEMPERATURE (F)   66        MM        MM
 MINIMUM TEMPERATURE (F)   34        MM        MM


SUNRISE AND SUNSET
MAY  2 2016...........SUNRISE   544 AM PDT   SUNSET   753 PM PDT
MAY  3 2016...........SUNRISE   543 AM PDT   SUNSET   754 PM PDT


-  INDICATES NEGATIVE NUMBERS.
R  INDICATES RECORD WAS SET OR TIED.
MM INDICATES DATA IS MISSING.
T  INDICATES TRACE AMOUNT.




$$
