000
CDUS43 KLOT 140632
CLIRFD


CLIMATE REPORT
NATIONAL WEATHER SERVICE CHICAGO IL
1231 AM CST SUN FEB 14 2016


...................................

...THE ROCKFORD IL CLIMATE SUMMARY FOR FEBRUARY 13 2016...

CLIMATE NORMAL PERIOD 1981 TO 2010
CLIMATE RECORD PERIOD 1905 TO 2016


WEATHER ITEM   OBSERVED TIME   RECORD YEAR NORMAL DEPARTURE LAST
                VALUE   (LST)  VALUE       VALUE  FROM      YEAR
                                                  NORMAL
..................................................................
TEMPERATURE (F)
 YESTERDAY
  MAXIMUM         17    347 PM  60    1938  33    -16       28
  MINIMUM          2    735 AM  -7    1988  17    -15       -1
                                      1986
  AVERAGE         10                        25    -15       14

PRECIPITATION (IN)
  YESTERDAY        0.00          1.01 1950   0.05  -0.05      T
  MONTH TO DATE    0.41                      0.57  -0.16     0.69
  SINCE DEC 1      5.94                      3.92   2.02     2.69
  SINCE JAN 1      1.29                      1.94  -0.65     1.76

SNOWFALL (IN)
  YESTERDAY        0.0           6.5  1946   0.3   -0.3       T
  MONTH TO DATE    0.7                       3.9   -3.2     12.0
  SINCE DEC 1      9.6                      25.4  -15.8     21.6
  SINCE JUL 1     18.4                      27.2   -8.8     25.2
  SNOW DEPTH       0

DEGREE DAYS
 HEATING
  YESTERDAY       55                        40     15       51
  MONTH TO DATE  533                       537     -4      626
  SINCE DEC 1   2673                      3111   -438     3051
  SINCE JUL 1   3704                      4446   -742     4598

 COOLING
  YESTERDAY        0                         0      0        0
  MONTH TO DATE    0                         0      0        0
  SINCE DEC 1      0                         0      0        0
  SINCE JAN 1      0                         0      0        0
..................................................................


WIND (MPH)
  HIGHEST WIND SPEED    20   HIGHEST WIND DIRECTION     N (360)
  HIGHEST GUST SPEED    26   HIGHEST GUST DIRECTION     N (10)
  AVERAGE WIND SPEED     7.3


SKY COVER
  POSSIBLE SUNSHINE  MM
  AVERAGE SKY COVER 0.3


WEATHER CONDITIONS
 THE FOLLOWING WEATHER WAS RECORDED YESTERDAY.
  NO SIGNIFICANT WEATHER WAS OBSERVED.


RELATIVE HUMIDITY (PERCENT)
 HIGHEST    69           900 PM
 LOWEST     36           200 PM
 AVERAGE    53

..........................................................


THE ROCKFORD IL CLIMATE NORMALS FOR TODAY
                         NORMAL    RECORD    YEAR
 MAXIMUM TEMPERATURE (F)   34        59      2006
                                             1918
 MINIMUM TEMPERATURE (F)   17        -8      1916


SUNRISE AND SUNSET
FEBRUARY 14 2016......SUNRISE   654 AM CST   SUNSET   527 PM CST
FEBRUARY 15 2016......SUNRISE   653 AM CST   SUNSET   528 PM CST


-  INDICATES NEGATIVE NUMBERS.
R  INDICATES RECORD WAS SET OR TIED.
MM INDICATES DATA IS MISSING.
T  INDICATES TRACE AMOUNT.




$$
