000
CDUS43 KLOT 020633
CLIRFD


CLIMATE REPORT
NATIONAL WEATHER SERVICE CHICAGO IL
132 AM CDT MON MAY 2 2016


...................................

...THE ROCKFORD IL CLIMATE SUMMARY FOR MAY 1 2016...

CLIMATE NORMAL PERIOD 1981 TO 2010
CLIMATE RECORD PERIOD 1905 TO 2016


WEATHER ITEM   OBSERVED TIME   RECORD YEAR NORMAL DEPARTURE LAST
                VALUE   (LST)  VALUE       VALUE  FROM      YEAR
                                                  NORMAL
..................................................................
TEMPERATURE (F)
 YESTERDAY
  MAXIMUM         54    132 PM  88    1992  67    -13       71
                                      1952
  MINIMUM         46    828 AM  27    1978  44      2       34
  AVERAGE         50                        55     -5       53

PRECIPITATION (IN)
  YESTERDAY        0.25          2.00 1973   0.11   0.14     0.00
  MONTH TO DATE    0.25                      0.11   0.14     0.00
  SINCE MAR 1      7.16                      5.78   1.38     4.42
  SINCE JAN 1      8.69                      8.56   0.13     6.34

SNOWFALL (IN)
  YESTERDAY        0.0           1.5  1940   0.0    0.0      0.0
  MONTH TO DATE    0.0                       0.0    0.0      0.0
  SINCE MAR 1      2.8                       5.7   -2.9      7.6
  SINCE JUL 1     24.0                      36.7  -12.7     35.5
  SNOW DEPTH       0

DEGREE DAYS
 HEATING
  YESTERDAY       15                        10      5       12
  MONTH TO DATE   15                        10      5       12
  SINCE MAR 1   1165                      1348   -183     1362
  SINCE JUL 1   5351                      6350   -999     6808

 COOLING
  YESTERDAY        0                         0      0        0
  MONTH TO DATE    0                         0      0        0
  SINCE MAR 1      7                         8     -1        0
  SINCE JAN 1      7                         8     -1        0
..................................................................


WIND (MPH)
  HIGHEST WIND SPEED    18   HIGHEST WIND DIRECTION    NE (40)
  HIGHEST GUST SPEED    24   HIGHEST GUST DIRECTION    NE (40)
  AVERAGE WIND SPEED    11.9


SKY COVER
  POSSIBLE SUNSHINE  MM
  AVERAGE SKY COVER 1.0


WEATHER CONDITIONS
 THE FOLLOWING WEATHER WAS RECORDED YESTERDAY.
  LIGHT RAIN
  FOG


RELATIVE HUMIDITY (PERCENT)
 HIGHEST    93           100 AM
 LOWEST     71           100 PM
 AVERAGE    82

..........................................................


THE ROCKFORD IL CLIMATE NORMALS FOR TODAY
                         NORMAL    RECORD    YEAR
 MAXIMUM TEMPERATURE (F)   67        88      1959
 MINIMUM TEMPERATURE (F)   44        28      1966


SUNRISE AND SUNSET
MAY  2 2016...........SUNRISE   550 AM CDT   SUNSET   757 PM CDT
MAY  3 2016...........SUNRISE   549 AM CDT   SUNSET   758 PM CDT


-  INDICATES NEGATIVE NUMBERS.
R  INDICATES RECORD WAS SET OR TIED.
MM INDICATES DATA IS MISSING.
T  INDICATES TRACE AMOUNT.




$$
