000
CDUS43 KGRB 300715
CLIRHI


CLIMATE REPORT
NATIONAL WEATHER SERVICE GREEN BAY
215 AM CDT SUN AUG 30 2015


...................................

...THE RHINELANDER WI CLIMATE SUMMARY FOR AUGUST 29 2015...

CLIMATE NORMAL PERIOD 1981 TO 2010
CLIMATE RECORD PERIOD 1908 TO 2015


WEATHER ITEM   OBSERVED TIME   RECORD YEAR NORMAL DEPARTURE LAST
                VALUE   (LST)  VALUE       VALUE  FROM      YEAR
                                                  NORMAL
..................................................................
TEMPERATURE (F)
 YESTERDAY
  MAXIMUM         75    408 PM  91    1984  74      1       71
  MINIMUM         49    502 AM  33    1934  51     -2       56
  AVERAGE         62                        62      0       64

PRECIPITATION (IN)
  YESTERDAY        0.00          2.40 1941   0.11  -0.11     0.44
  MONTH TO DATE    3.46                      3.06   0.40     4.42
  SINCE JUN 1     10.08                     10.97  -0.89    15.14
  SINCE JAN 1     18.68                     20.65  -1.97    26.25

SNOWFALL (IN)
  YESTERDAY        0.0           0.0    MM  MM     MM        0.0
  MONTH TO DATE    0.0                      MM     MM        0.0
  SINCE JUN 1      0.0                      MM     MM        0.0
  SINCE JUL 1      0.0                      MM     MM        0.0
  SNOW DEPTH       0

DEGREE DAYS
 HEATING
  YESTERDAY        3                         4     -1        1
  MONTH TO DATE   88                        68     20       69
  SINCE JUN 1    269                       253     16      286
  SINCE JUL 1    137                       119     18      193

 COOLING
  YESTERDAY        0                         1     -1        0
  MONTH TO DATE   50                        71    -21       29
  SINCE JUN 1    148                       229    -81      140
  SINCE JAN 1    153                       241    -88      147
..................................................................


WIND (MPH)
  HIGHEST WIND SPEED    12   HIGHEST WIND DIRECTION     S (190)
  HIGHEST GUST SPEED    16   HIGHEST GUST DIRECTION     S (180)
  AVERAGE WIND SPEED     4.8


SKY COVER
  POSSIBLE SUNSHINE  MM
  AVERAGE SKY COVER 0.3


WEATHER CONDITIONS
 THE FOLLOWING WEATHER WAS RECORDED YESTERDAY.
  FOG


RELATIVE HUMIDITY (PERCENT)
 HIGHEST   100           200 AM
 LOWEST     54           300 PM
 AVERAGE    77

..........................................................


THE RHINELANDER WI CLIMATE NORMALS FOR TODAY
                         NORMAL    RECORD    YEAR
 MAXIMUM TEMPERATURE (F)   74        92      2012
 MINIMUM TEMPERATURE (F)   51        28      1915


SUNRISE AND SUNSET
AUGUST 30 2015........SUNRISE   616 AM CDT   SUNSET   740 PM CDT
AUGUST 31 2015........SUNRISE   617 AM CDT   SUNSET   738 PM CDT


-  INDICATES NEGATIVE NUMBERS.
R  INDICATES RECORD WAS SET OR TIED.
MM INDICATES DATA IS MISSING.
T  INDICATES TRACE AMOUNT.




$$
