000
CDUS43 KGRB 270635
CLIRHI


CLIMATE REPORT
NATIONAL WEATHER SERVICE GREEN BAY
135 AM CDT TUE SEP 27 2016


...................................

...THE RHINELANDER WI CLIMATE SUMMARY FOR SEPTEMBER 26 2016...

CLIMATE NORMAL PERIOD 1981 TO 2010
CLIMATE RECORD PERIOD 1908 TO 2016


WEATHER ITEM   OBSERVED TIME   RECORD YEAR NORMAL DEPARTURE LAST
                VALUE   (LST)  VALUE       VALUE  FROM      YEAR
                                                  NORMAL
..................................................................
TEMPERATURE (F)
 YESTERDAY
  MAXIMUM         57   1205 PM  84    1920  62     -5       75
  MINIMUM         48    608 AM  23    1926  40      8       53
  AVERAGE         53                        51      2       64

PRECIPITATION (IN)
  YESTERDAY        0.06          2.17 1986   0.15  -0.09     0.00
  MONTH TO DATE    5.49                      3.66   1.83     2.31
  SINCE SEP 1      5.49                      3.66   1.83     2.31
  SINCE JAN 1     33.08                     24.54   8.54    20.99

SNOWFALL (IN)
  YESTERDAY        0.0           0.5  1942  MM     MM        0.0
  MONTH TO DATE    0.0                      MM     MM        0.0
  SINCE SEP 1      0.0                      MM     MM        0.0
  SINCE JUL 1      0.0                      MM     MM        0.0
  SNOW DEPTH       0

DEGREE DAYS
 HEATING
  YESTERDAY       12                        14     -2        1
  MONTH TO DATE  119                       243   -124       99
  SINCE SEP 1    119                       243   -124       99
  SINCE JUL 1    180                       370   -190      236

 COOLING
  YESTERDAY        0                         0      0        0
  MONTH TO DATE   13                        16     -3       69
  SINCE SEP 1     13                        16     -3       69
  SINCE JAN 1    321                       257     64      231
..................................................................


WIND (MPH)
  HIGHEST WIND SPEED    30   HIGHEST WIND DIRECTION     W (280)
  HIGHEST GUST SPEED    42   HIGHEST GUST DIRECTION     W (270)
  AVERAGE WIND SPEED    16.2


SKY COVER
  POSSIBLE SUNSHINE  MM
  AVERAGE SKY COVER 0.9


WEATHER CONDITIONS
 THE FOLLOWING WEATHER WAS RECORDED YESTERDAY.
  LIGHT RAIN
  FOG


RELATIVE HUMIDITY (PERCENT)
 HIGHEST   100           600 AM
 LOWEST     59           100 PM
 AVERAGE    80

..........................................................


THE RHINELANDER WI CLIMATE NORMALS FOR TODAY
                         NORMAL    RECORD    YEAR
 MAXIMUM TEMPERATURE (F)   61        84      1987
 MINIMUM TEMPERATURE (F)   40        26      2012
                                             1926


SUNRISE AND SUNSET
SEPTEMBER 27 2016.....SUNRISE   652 AM CDT   SUNSET   645 PM CDT
SEPTEMBER 28 2016.....SUNRISE   653 AM CDT   SUNSET   643 PM CDT


-  INDICATES NEGATIVE NUMBERS.
R  INDICATES RECORD WAS SET OR TIED.
MM INDICATES DATA IS MISSING.
T  INDICATES TRACE AMOUNT.




$$
