000
CDUS43 KGRB 050808
CLIRHI


CLIMATE REPORT
NATIONAL WEATHER SERVICE GREEN BAY
206 AM CST THU MAR 5 2015


...................................

...THE RHINELANDER WI CLIMATE SUMMARY FOR MARCH 4 2015...

CLIMATE NORMAL PERIOD 1981 TO 2010
CLIMATE RECORD PERIOD 1908 TO 2015


WEATHER ITEM   OBSERVED TIME   RECORD YEAR NORMAL DEPARTURE LAST
                VALUE   (LST)  VALUE       VALUE  FROM      YEAR
                                                  NORMAL
..................................................................
TEMPERATURE (F)
 YESTERDAY
  MAXIMUM         11   1208 AM  60    2000  32    -21       19
  MINIMUM        -13   1007 PM -22    1917  12    -25        3
                                      1913
  AVERAGE         -1                        22    -23       11

PRECIPITATION (IN)
  YESTERDAY        0.00          0.80 1920   0.04  -0.04     0.03
  MONTH TO DATE    0.13                      0.17  -0.04     0.06
  SINCE MAR 1      0.13                      0.17  -0.04     0.06
  SINCE JAN 1      1.02                      2.21  -1.19     2.67

SNOWFALL (IN)
  YESTERDAY        0.0           5.0  1961  MM     MM        0.8
                                      1920
  MONTH TO DATE    2.5                      MM     MM        1.5
  SINCE MAR 1      2.5                      MM     MM        1.5
  SINCE JUL 1     71.4                      MM     MM       74.0
  SNOW DEPTH      19

DEGREE DAYS
 HEATING
  YESTERDAY       66                        43     23       54
  MONTH TO DATE  213                       174     39      263
  SINCE MAR 1    213                       174     39      263
  SINCE JUL 1   7554                      6796    758     7892

 COOLING
  YESTERDAY        0                         0      0        0
  MONTH TO DATE    0                         0      0        0
  SINCE MAR 1      0                         0      0        0
  SINCE JAN 1      0                         0      0        0
..................................................................


WIND (MPH)
  HIGHEST WIND SPEED    24   HIGHEST WIND DIRECTION     W (260)
  HIGHEST GUST SPEED    33   HIGHEST GUST DIRECTION     W (280)
  AVERAGE WIND SPEED    10.8


SKY COVER
  POSSIBLE SUNSHINE  MM
  AVERAGE SKY COVER 0.3


WEATHER CONDITIONS
 THE FOLLOWING WEATHER WAS RECORDED YESTERDAY.
  NO SIGNIFICANT WEATHER WAS OBSERVED.


RELATIVE HUMIDITY (PERCENT)
 HIGHEST    72           700 AM
 LOWEST     45           200 PM
 AVERAGE    59

..........................................................


THE RHINELANDER WI CLIMATE NORMALS FOR TODAY
                         NORMAL    RECORD    YEAR
 MAXIMUM TEMPERATURE (F)   32        60      2000
 MINIMUM TEMPERATURE (F)   13       -31      1917


SUNRISE AND SUNSET
MARCH  5 2015.........SUNRISE   629 AM CST   SUNSET   550 PM CST
MARCH  6 2015.........SUNRISE   628 AM CST   SUNSET   551 PM CST


-  INDICATES NEGATIVE NUMBERS.
R  INDICATES RECORD WAS SET OR TIED.
MM INDICATES DATA IS MISSING.
T  INDICATES TRACE AMOUNT.

$$
