000
CDUS43 KGRB 230643
CLIRHI


CLIMATE REPORT
NATIONAL WEATHER SERVICE GREEN BAY
142 AM CDT SUN APR 23 2017


...................................

...THE RHINELANDER WI CLIMATE SUMMARY FOR APRIL 22 2017...

CLIMATE NORMAL PERIOD 1981 TO 2010
CLIMATE RECORD PERIOD 1908 TO 2017


WEATHER ITEM   OBSERVED TIME   RECORD YEAR NORMAL DEPARTURE LAST
                VALUE   (LST)  VALUE       VALUE  FROM      YEAR
                                                  NORMAL
..................................................................
TEMPERATURE (F)
 YESTERDAY
  MAXIMUM         67    351 PM  89    1980  57     10       54
  MINIMUM         26    500 AM  18    1936  32     -6       33
                                      1927
  AVERAGE         47                        45      2       44

PRECIPITATION (IN)
  YESTERDAY        0.00          1.24 1972   0.09  -0.09     0.00
  MONTH TO DATE    4.98                      1.79   3.19     1.09
  SINCE MAR 1      6.19                      3.36   2.83     4.76
  SINCE JAN 1      9.55                      5.40   4.15     6.49

SNOWFALL (IN)
  YESTERDAY        0.0           6.5  1972  MM     MM        0.0
  MONTH TO DATE    5.4                      MM     MM       11.9
  SINCE MAR 1     11.2                      MM     MM       21.2
  SINCE JUL 1     62.7                      MM     MM       55.7
  SNOW DEPTH       0

DEGREE DAYS
 HEATING
  YESTERDAY       18                        20     -2       21
  MONTH TO DATE  445                       554   -109      566
  SINCE MAR 1   1597                      1727   -130     1505
  SINCE JUL 1   7108                      8349  -1241     7188

 COOLING
  YESTERDAY        0                         0      0        0
  MONTH TO DATE    0                         0      0        0
  SINCE MAR 1      0                         0      0        0
  SINCE JAN 1      0                         0      0        0
..................................................................


WIND (MPH)
  HIGHEST WIND SPEED    21   HIGHEST WIND DIRECTION     W (270)
  HIGHEST GUST SPEED    26   HIGHEST GUST DIRECTION     W (280)
  AVERAGE WIND SPEED     6.9


SKY COVER
  POSSIBLE SUNSHINE  MM
  AVERAGE SKY COVER 0.0


WEATHER CONDITIONS
 THE FOLLOWING WEATHER WAS RECORDED YESTERDAY.
  NO SIGNIFICANT WEATHER WAS OBSERVED.


RELATIVE HUMIDITY (PERCENT)
 HIGHEST    85           600 AM
 LOWEST     22           200 PM
 AVERAGE    54

..........................................................


THE RHINELANDER WI CLIMATE NORMALS FOR TODAY
                         NORMAL    RECORD    YEAR
 MAXIMUM TEMPERATURE (F)   58        84      1925
 MINIMUM TEMPERATURE (F)   33        16      1909


SUNRISE AND SUNSET
APRIL 23 2017.........SUNRISE   558 AM CDT   SUNSET   755 PM CDT
APRIL 24 2017.........SUNRISE   556 AM CDT   SUNSET   756 PM CDT


-  INDICATES NEGATIVE NUMBERS.
R  INDICATES RECORD WAS SET OR TIED.
MM INDICATES DATA IS MISSING.
T  INDICATES TRACE AMOUNT.




$$
