000
CDUS43 KGRB 232150
CLIRHI


CLIMATE REPORT
NATIONAL WEATHER SERVICE GREEN BAY
449 PM CDT WED JUL 23 2014


...................................

...THE RHINELANDER WI CLIMATE SUMMARY FOR JULY 23 2014...
VALID TODAY AS OF 0400 PM LOCAL TIME.

CLIMATE NORMAL PERIOD 1981 TO 2010
CLIMATE RECORD PERIOD 1908 TO 2014


WEATHER ITEM   OBSERVED TIME   RECORD YEAR NORMAL DEPARTURE LAST
                VALUE   (LST)  VALUE       VALUE  FROM      YEAR
                                                  NORMAL
..................................................................
TEMPERATURE (F)
 TODAY
  MAXIMUM         73    238 PM  99    1934  79     -6       66
  MINIMUM         48    409 AM  40    2000  55     -7       45
  AVERAGE         61                        67     -6       56

PRECIPITATION (IN)
  TODAY            0.00          2.41 1914   0.12  -0.12     0.00
  MONTH TO DATE    3.14                      3.08   0.06     2.17
  SINCE JUN 1      9.87                      6.97   2.90     7.47
  SINCE JAN 1     20.98                     16.65   4.33    20.80

SNOWFALL (IN)
  TODAY            0.0           0.0    MM  MM     MM        0.0
  MONTH TO DATE    0.0                      MM     MM        0.0
  SINCE JUN 1      0.0                      MM     MM        0.0
  SINCE JUL 1      0.0                      MM     MM        0.0
  SNOW DEPTH       0

DEGREE DAYS
 HEATING
  TODAY            4                         2      2        9
  MONTH TO DATE   93                        46     47       24
  SINCE JUN 1    186                       180      6      198
  SINCE JUL 1     93                        46     47       24

 COOLING
  TODAY            0                         3     -3        0
  MONTH TO DATE   41                        80    -39      132
  SINCE JUN 1    103                       133    -30      172
  SINCE JAN 1    110                       145    -35      186
..................................................................


WIND (MPH)
  HIGHEST WIND SPEED    10   HIGHEST WIND DIRECTION     N (340)
  HIGHEST GUST SPEED    14   HIGHEST GUST DIRECTION     N (340)
  AVERAGE WIND SPEED     2.8


SKY COVER
  POSSIBLE SUNSHINE  MM
  AVERAGE SKY COVER 0.4


WEATHER CONDITIONS
 THE FOLLOWING WEATHER WAS RECORDED TODAY.
  FOG


RELATIVE HUMIDITY (PERCENT)
 HIGHEST   100          1200 AM
 LOWEST     47           200 PM
 AVERAGE    74

..........................................................


THE RHINELANDER WI CLIMATE NORMALS FOR TOMORROW
                         NORMAL    RECORD    YEAR
 MAXIMUM TEMPERATURE (F)   79        95      1934
 MINIMUM TEMPERATURE (F)   55        41      2013
                                             1953


SUNRISE AND SUNSET
JULY 23 2014..........SUNRISE   531 AM CDT   SUNSET   837 PM CDT
JULY 24 2014..........SUNRISE   532 AM CDT   SUNSET   836 PM CDT


-  INDICATES NEGATIVE NUMBERS.
R  INDICATES RECORD WAS SET OR TIED.
MM INDICATES DATA IS MISSING.
T  INDICATES TRACE AMOUNT.




$$
