000
CDUS43 KGRB 300647
CLIRHI


CLIMATE REPORT
NATIONAL WEATHER SERVICE GREEN BAY
146 AM CDT TUE MAY 30 2017


...................................

...THE RHINELANDER WI CLIMATE SUMMARY FOR MAY 29 2017...

CLIMATE NORMAL PERIOD 1981 TO 2010
CLIMATE RECORD PERIOD 1908 TO 2017


WEATHER ITEM   OBSERVED TIME   RECORD YEAR NORMAL DEPARTURE LAST
                VALUE   (LST)  VALUE       VALUE  FROM      YEAR
                                                  NORMAL
..................................................................
TEMPERATURE (F)
 YESTERDAY
  MAXIMUM         64    255 PM  92    1919  69     -5       73
  MINIMUM         47    347 AM  30    1965  45      2       51
  AVERAGE         56                        57     -1       62

PRECIPITATION (IN)
  YESTERDAY        0.47          2.51 1994   0.12   0.35     0.03
  MONTH TO DATE    6.13                      3.23   2.90     2.58
  SINCE MAR 1     14.27                      7.38   6.89     9.03
  SINCE JAN 1     17.63                      9.42   8.21    10.76

SNOWFALL (IN)
  YESTERDAY        0.0           T    1947  MM     MM        0.0
  MONTH TO DATE    0.0                      MM     MM         T
  SINCE MAR 1     14.3                      MM     MM       21.2
  SINCE JUL 1     65.8                      MM     MM       55.7
  SNOW DEPTH       0

DEGREE DAYS
 HEATING
  YESTERDAY        9                         9      0        3
  MONTH TO DATE  372                       370      2      339
  SINCE MAR 1   2140                      2248   -108     2014
  SINCE JUL 1   7651                      8870  -1219     7697

 COOLING
  YESTERDAY        0                         1     -1        0
  MONTH TO DATE    2                         7     -5       15
  SINCE MAR 1      2                         8     -6       15
  SINCE JAN 1      2                         8     -6       15
..................................................................


WIND (MPH)
  HIGHEST WIND SPEED    23   HIGHEST WIND DIRECTION     W (270)
  HIGHEST GUST SPEED    31   HIGHEST GUST DIRECTION     W (250)
  AVERAGE WIND SPEED    10.4


SKY COVER
  POSSIBLE SUNSHINE  MM
  AVERAGE SKY COVER 0.8


WEATHER CONDITIONS
 THE FOLLOWING WEATHER WAS RECORDED YESTERDAY.
  HEAVY RAIN
  RAIN
  LIGHT RAIN
  FOG


RELATIVE HUMIDITY (PERCENT)
 HIGHEST    96          1100 PM
 LOWEST     60           300 PM
 AVERAGE    78

..........................................................


THE RHINELANDER WI CLIMATE NORMALS FOR TODAY
                         NORMAL    RECORD    YEAR
 MAXIMUM TEMPERATURE (F)   69        90      1939
 MINIMUM TEMPERATURE (F)   45        29      1915


SUNRISE AND SUNSET
MAY 30 2017...........SUNRISE   513 AM CDT   SUNSET   838 PM CDT
MAY 31 2017...........SUNRISE   512 AM CDT   SUNSET   839 PM CDT


-  INDICATES NEGATIVE NUMBERS.
R  INDICATES RECORD WAS SET OR TIED.
MM INDICATES DATA IS MISSING.
T  INDICATES TRACE AMOUNT.




$$
