000
CDUS43 KGRB 230646
CLIRHI


CLIMATE REPORT
NATIONAL WEATHER SERVICE GREEN BAY
146 AM CDT SAT SEP 23 2017


...................................

...THE RHINELANDER WI CLIMATE SUMMARY FOR SEPTEMBER 22 2017...

CLIMATE NORMAL PERIOD 1981 TO 2010
CLIMATE RECORD PERIOD 1908 TO 2017


WEATHER ITEM   OBSERVED TIME   RECORD YEAR NORMAL DEPARTURE LAST
                VALUE   (LST)  VALUE       VALUE  FROM      YEAR
                                                  NORMAL
..................................................................
TEMPERATURE (F)
 YESTERDAY
  MAXIMUM         78    419 PM  92    1908  64     14       73
  MINIMUM         64   1223 PM  27    1974  42     22       56
  AVERAGE         71                        53     18       65

PRECIPITATION (IN)
  YESTERDAY        0.19          1.52 1930   0.14   0.05     0.01
  MONTH TO DATE    1.86                      3.07  -1.21     5.30
  SINCE SEP 1      1.86                      3.07  -1.21     5.30
  SINCE JAN 1     32.95                     23.95   9.00    32.89

SNOWFALL (IN)
  YESTERDAY        0.0           0.3  1995  MM     MM        0.0
  MONTH TO DATE    0.0                      MM     MM        0.0
  SINCE SEP 1      0.0                      MM     MM        0.0
  SINCE JUL 1      0.0                      MM     MM        0.0
  SNOW DEPTH       0

DEGREE DAYS
 HEATING
  YESTERDAY        0                        12    -12        0
  MONTH TO DATE  143                       189    -46       93
  SINCE SEP 1    143                       189    -46       93
  SINCE JUL 1    309                       316     -7      154

 COOLING
  YESTERDAY        6                         0      6        0
  MONTH TO DATE   25                        16      9       13
  SINCE SEP 1     25                        16      9       13
  SINCE JAN 1    187                       257    -70      321
..................................................................


WIND (MPH)
  HIGHEST WIND SPEED    20   HIGHEST WIND DIRECTION    NW (310)
  HIGHEST GUST SPEED    28   HIGHEST GUST DIRECTION    NW (330)
  AVERAGE WIND SPEED     6.9


SKY COVER
  POSSIBLE SUNSHINE  MM
  AVERAGE SKY COVER 0.2


WEATHER CONDITIONS
 THE FOLLOWING WEATHER WAS RECORDED YESTERDAY.
  THUNDERSTORM
  HEAVY RAIN
  LIGHT RAIN
  FOG


RELATIVE HUMIDITY (PERCENT)
 HIGHEST    97           600 AM
 LOWEST     74           900 AM
 AVERAGE    86

..........................................................


THE RHINELANDER WI CLIMATE NORMALS FOR TODAY
                         NORMAL    RECORD    YEAR
 MAXIMUM TEMPERATURE (F)   63        91      1908
 MINIMUM TEMPERATURE (F)   41        25      1974


SUNRISE AND SUNSET
SEPTEMBER 23 2017.....SUNRISE   646 AM CDT   SUNSET   653 PM CDT
SEPTEMBER 24 2017.....SUNRISE   648 AM CDT   SUNSET   651 PM CDT


-  INDICATES NEGATIVE NUMBERS.
R  INDICATES RECORD WAS SET OR TIED.
MM INDICATES DATA IS MISSING.
T  INDICATES TRACE AMOUNT.




$$
