000
CDUS43 KGRB 220708
CLIRHI


CLIMATE REPORT
NATIONAL WEATHER SERVICE GREEN BAY
207 AM CDT WED OCT 22 2014


...................................

...THE RHINELANDER WI CLIMATE SUMMARY FOR OCTOBER 21 2014...

CLIMATE NORMAL PERIOD 1981 TO 2010
CLIMATE RECORD PERIOD 1908 TO 2014


WEATHER ITEM   OBSERVED TIME   RECORD YEAR NORMAL DEPARTURE LAST
                VALUE   (LST)  VALUE       VALUE  FROM      YEAR
                                                  NORMAL
..................................................................
TEMPERATURE (F)
 YESTERDAY
  MAXIMUM         48    419 PM  85    1947  52     -4       34
  MINIMUM         31   1159 PM  18    1930  33     -2       27
                                      1917
  AVERAGE         40                        42     -2       31

PRECIPITATION (IN)
  YESTERDAY        0.00          1.22 1943   0.09  -0.09     0.04
  MONTH TO DATE    2.89                      2.28   0.61     3.75
  SINCE SEP 1      9.27                      6.48   2.79     5.87
  SINCE JAN 1     35.73                     27.36   8.37    32.71

SNOWFALL (IN)
  YESTERDAY        0.0           6.0  2002  MM     MM        1.0
  MONTH TO DATE    T                        MM     MM        1.4
  SINCE SEP 1      T                        MM     MM        1.4
  SINCE JUL 1      T                        MM     MM        1.4
  SNOW DEPTH       0

DEGREE DAYS
 HEATING
  YESTERDAY       25                        23      2       34
  MONTH TO DATE  452                       412     40      363
  SINCE SEP 1    766                       717     49      625
  SINCE JUL 1    966                       844    122      815

 COOLING
  YESTERDAY        0                         0      0        0
  MONTH TO DATE    0                         0      0        0
  SINCE SEP 1      1                        18    -17       17
  SINCE JAN 1    148                       259   -111      281
..................................................................


WIND (MPH)
  HIGHEST WIND SPEED    10   HIGHEST WIND DIRECTION     E (70)
  HIGHEST GUST SPEED    15   HIGHEST GUST DIRECTION     E (70)
  AVERAGE WIND SPEED     3.6


SKY COVER
  POSSIBLE SUNSHINE  MM
  AVERAGE SKY COVER 0.6


WEATHER CONDITIONS
 THE FOLLOWING WEATHER WAS RECORDED YESTERDAY.
  NO SIGNIFICANT WEATHER WAS OBSERVED.


RELATIVE HUMIDITY (PERCENT)
 HIGHEST    96           900 PM
 LOWEST     56           300 PM
 AVERAGE    76

..........................................................


THE RHINELANDER WI CLIMATE NORMALS FOR TODAY
                         NORMAL    RECORD    YEAR
 MAXIMUM TEMPERATURE (F)   51        78      1947
 MINIMUM TEMPERATURE (F)   32        14      1930


SUNRISE AND SUNSET
OCTOBER 22 2014.......SUNRISE   724 AM CDT   SUNSET   600 PM CDT
OCTOBER 23 2014.......SUNRISE   725 AM CDT   SUNSET   559 PM CDT


-  INDICATES NEGATIVE NUMBERS.
R  INDICATES RECORD WAS SET OR TIED.
MM INDICATES DATA IS MISSING.
T  INDICATES TRACE AMOUNT.




$$
