000
CDUS41 KAKQ 220542
CLIRIC


CLIMATE REPORT
NATIONAL WEATHER SERVICE WAKEFIELD, VA
142 AM EDT THU JUN 22 2017


...................................

...THE RICHMOND VA CLIMATE SUMMARY FOR JUNE 21 2017...

CLIMATE NORMAL PERIOD 1981 TO 2010
CLIMATE RECORD PERIOD 1871 TO 2017


WEATHER ITEM   OBSERVED TIME   RECORD YEAR NORMAL DEPARTURE LAST
                VALUE   (LST)  VALUE       VALUE  FROM      YEAR
                                                  NORMAL
..................................................................
TEMPERATURE (F)
 YESTERDAY
  MAXIMUM         87    503 PM 101    1942  88     -1       89
  MINIMUM         68    547 AM  51    1940  66      2       71
  AVERAGE         78                        77      1       80

PRECIPITATION (IN)
  YESTERDAY        0.01          2.43 1972   0.12  -0.11      T
  MONTH TO DATE    2.18                      2.78  -0.60     5.91
  SINCE JUN 1      2.18                      2.78  -0.60     5.91
  SINCE JAN 1     20.71                     19.67   1.04    26.54

SNOWFALL (IN)
  YESTERDAY        0.0           0.0  2002   0.0    0.0
                                      2001
  MONTH TO DATE    0.0                       0.0    0.0
  SINCE NOV 1      7.1                      10.3   -3.2
  SINCE JUL 1      7.1                      10.3   -3.2
  SNOW DEPTH       0

DEGREE DAYS
 HEATING
  YESTERDAY        0                         0      0        0
  MONTH TO DATE    2                         5     -3        0
  SINCE JUN 1      2                         5     -3        0
  SINCE JUL 1   3171                      3771   -600     3325

 COOLING
  YESTERDAY       13                        12      1       15
  MONTH TO DATE  211                       199     12      198
  SINCE JUN 1    211                       199     12      198
  SINCE JAN 1    434                       360     74      307
..................................................................


WIND (MPH)
  HIGHEST WIND SPEED    17   HIGHEST WIND DIRECTION    SW (220)
  HIGHEST GUST SPEED    22   HIGHEST GUST DIRECTION    SW (230)
  AVERAGE WIND SPEED    10.2


SKY COVER
  POSSIBLE SUNSHINE  MM
  AVERAGE SKY COVER 0.7


WEATHER CONDITIONS
 THE FOLLOWING WEATHER WAS RECORDED YESTERDAY.
  LIGHT RAIN


RELATIVE HUMIDITY (PERCENT)
 HIGHEST    97           300 AM
 LOWEST     50           500 PM
 AVERAGE    74

..........................................................


THE RICHMOND VA CLIMATE NORMALS FOR TODAY
                         NORMAL    RECORD    YEAR
 MAXIMUM TEMPERATURE (F)   88       101      1933
 MINIMUM TEMPERATURE (F)   66        48      1992


SUNRISE AND SUNSET
JUNE 22 2017..........SUNRISE   549 AM EDT   SUNSET   834 PM EDT
JUNE 23 2017..........SUNRISE   549 AM EDT   SUNSET   834 PM EDT


-  INDICATES NEGATIVE NUMBERS.
R  INDICATES RECORD WAS SET OR TIED.
MM INDICATES DATA IS MISSING.
T  INDICATES TRACE AMOUNT.




$$
