000
CDUS41 KAKQ 240529
CLIRIC


CLIMATE REPORT
NATIONAL WEATHER SERVICE WAKEFIELD, VA
127 AM EDT TUE MAY 24 2016


...................................

...THE RICHMOND VA CLIMATE SUMMARY FOR MAY 23 2016...

CLIMATE NORMAL PERIOD 1981 TO 2010
CLIMATE RECORD PERIOD 1871 TO 2016


WEATHER ITEM   OBSERVED TIME   RECORD YEAR NORMAL DEPARTURE LAST
                VALUE   (LST)  VALUE       VALUE  FROM      YEAR
                                                  NORMAL
..................................................................
TEMPERATURE (F)
 YESTERDAY
  MAXIMUM         70    441 PM  99    1941  80    -10       77
  MINIMUM         53   1255 AM  40    1936  57     -4       53
  AVERAGE         62                        68     -6       65

PRECIPITATION (IN)
  YESTERDAY        0.60          1.03 1951   0.14   0.46     0.00
  MONTH TO DATE    8.41                      2.74   5.67     1.61
  SINCE MAR 1     11.60                     10.05   1.55    10.72
  SINCE JAN 1     19.25                     15.85   3.40    17.98

SNOWFALL (IN)
  YESTERDAY        0.0           0.0  2002   0.0    0.0
                                      2001
  MONTH TO DATE    0.0                       0.0    0.0
  SINCE NOV 1     15.1                      10.3    4.8
  SINCE JUL 1     15.1                      10.3    4.8
  SNOW DEPTH       0

DEGREE DAYS
 HEATING
  YESTERDAY        3                         2      1        0
  MONTH TO DATE  110                        66     44       28
  SINCE MAR 1    737                       822    -85      744
  SINCE JUL 1   3325                      3758   -433     3846

 COOLING
  YESTERDAY        0                         5     -5        0
  MONTH TO DATE   15                        71    -56      144
  SINCE MAR 1     45                       113    -68      169
  SINCE JAN 1     45                       113    -68      169
..................................................................


WIND (MPH)
  HIGHEST WIND SPEED    17   HIGHEST WIND DIRECTION     N (20)
  HIGHEST GUST SPEED    22   HIGHEST GUST DIRECTION     N (10)
  AVERAGE WIND SPEED     8.7


SKY COVER
  POSSIBLE SUNSHINE  MM
  AVERAGE SKY COVER 0.9


WEATHER CONDITIONS
 THE FOLLOWING WEATHER WAS RECORDED YESTERDAY.
  HEAVY RAIN
  RAIN
  LIGHT RAIN
  FOG


RELATIVE HUMIDITY (PERCENT)
 HIGHEST   100           100 AM
 LOWEST     53           500 PM
 AVERAGE    77

..........................................................


THE RICHMOND VA CLIMATE NORMALS FOR TODAY
                         NORMAL    RECORD    YEAR
 MAXIMUM TEMPERATURE (F)   80        94      1970
 MINIMUM TEMPERATURE (F)   58        42      1963
                                             1931


SUNRISE AND SUNSET
MAY 24 2016...........SUNRISE   553 AM EDT   SUNSET   819 PM EDT
MAY 25 2016...........SUNRISE   553 AM EDT   SUNSET   820 PM EDT


-  INDICATES NEGATIVE NUMBERS.
R  INDICATES RECORD WAS SET OR TIED.
MM INDICATES DATA IS MISSING.
T  INDICATES TRACE AMOUNT.




$$
