000
CDUS41 KAKQ 230545
CLIRIC


CLIMATE REPORT
NATIONAL WEATHER SERVICE WAKEFIELD, VA
145 AM EDT MON OCT 23 2017


...................................

...THE RICHMOND VA CLIMATE SUMMARY FOR OCTOBER 22 2017...

CLIMATE NORMAL PERIOD 1981 TO 2010
CLIMATE RECORD PERIOD 1871 TO 2017


WEATHER ITEM   OBSERVED TIME   RECORD YEAR NORMAL DEPARTURE LAST
                VALUE   (LST)  VALUE       VALUE  FROM      YEAR
                                                  NORMAL
..................................................................
TEMPERATURE (F)
 YESTERDAY
  MAXIMUM         77    252 PM  86    1920  69      8       63
  MINIMUM         50    703 AM  23    1930  46      4       44
  AVERAGE         64                        58      6       54

PRECIPITATION (IN)
  YESTERDAY        0.00          4.55 1929   0.09  -0.09     0.00
  MONTH TO DATE    2.64                      2.09   0.55     4.18
  SINCE SEP 1      4.12                      6.22  -2.10    15.37
  SINCE JAN 1     33.17                     36.21  -3.04    48.81

SNOWFALL (IN)
  YESTERDAY        0.0           0.0  2002   0.0    0.0
                                      2001
  MONTH TO DATE    0.0                       0.0    0.0
  SINCE NOV 1      7.1                      10.3   -3.2
  SINCE JUL 1      0.0                       0.0    0.0
  SNOW DEPTH       0

DEGREE DAYS
 HEATING
  YESTERDAY        1                         8     -7       11
  MONTH TO DATE   51                       121    -70       61
  SINCE SEP 1     63                       149    -86       61
  SINCE JUL 1     63                       150    -87       61

 COOLING
  YESTERDAY        0                         1     -1        0
  MONTH TO DATE   83                        35     48       58
  SINCE SEP 1    285                       232     53      337
  SINCE JAN 1   1698                      1539    159     1691
..................................................................


WIND (MPH)
  HIGHEST WIND SPEED    10   HIGHEST WIND DIRECTION     E (90)
  HIGHEST GUST SPEED    13   HIGHEST GUST DIRECTION    SE (140)
  AVERAGE WIND SPEED     3.3


SKY COVER
  POSSIBLE SUNSHINE  MM
  AVERAGE SKY COVER 0.4


WEATHER CONDITIONS
 THE FOLLOWING WEATHER WAS RECORDED YESTERDAY.
  NO SIGNIFICANT WEATHER WAS OBSERVED.


RELATIVE HUMIDITY (PERCENT)
 HIGHEST   100           300 AM
 LOWEST     46           300 PM
 AVERAGE    73

..........................................................


THE RICHMOND VA CLIMATE NORMALS FOR TODAY
                         NORMAL    RECORD    YEAR
 MAXIMUM TEMPERATURE (F)   69        87      1947
 MINIMUM TEMPERATURE (F)   46        23      1930


SUNRISE AND SUNSET
OCTOBER 23 2017.......SUNRISE   725 AM EDT   SUNSET   621 PM EDT
OCTOBER 24 2017.......SUNRISE   726 AM EDT   SUNSET   620 PM EDT


-  INDICATES NEGATIVE NUMBERS.
R  INDICATES RECORD WAS SET OR TIED.
MM INDICATES DATA IS MISSING.
T  INDICATES TRACE AMOUNT.




$$
