000
CDUS41 KAKQ 030801
CLIRIC


CLIMATE REPORT
NATIONAL WEATHER SERVICE WAKEFIELD, VA
259 AM EST TUE MAR 3 2015


...................................

...THE RICHMOND VA CLIMATE SUMMARY FOR MARCH 2 2015...

CLIMATE NORMAL PERIOD 1981 TO 2010
CLIMATE RECORD PERIOD 1871 TO 2015


WEATHER ITEM   OBSERVED TIME   RECORD YEAR NORMAL DEPARTURE LAST
                VALUE   (LST)  VALUE       VALUE  FROM      YEAR
                                                  NORMAL
..................................................................
TEMPERATURE (F)
 YESTERDAY
  MAXIMUM         54    338 PM  81    1972  55     -1       73
  MINIMUM         30   1131 PM  16    1980  33     -3       34
  AVERAGE         42                        44     -2       54

PRECIPITATION (IN)
  YESTERDAY        0.00          2.42 1994   0.11  -0.11     0.05
  MONTH TO DATE    0.16                      0.22  -0.06     0.05
  SINCE MAR 1      0.16                      0.22  -0.06     0.05
  SINCE JAN 1      7.42                      6.02   1.40     6.36

SNOWFALL (IN)
  YESTERDAY        0.0           5.1  1953   0.1   -0.1
  MONTH TO DATE    0.0                       0.1   -0.1
  SINCE NOV 1     12.5                       9.7    2.8
  SINCE JUL 1     12.5                       9.7    2.8
  SNOW DEPTH       0

DEGREE DAYS
 HEATING
  YESTERDAY       23                        21      2       11
  MONTH TO DATE   60                        42     18       39
  SINCE MAR 1     60                        42     18       39
  SINCE JUL 1   3162                      2978    184     2992

 COOLING
  YESTERDAY        0                         0      0        0
  MONTH TO DATE    0                         0      0        0
  SINCE MAR 1      0                         0      0        0
  SINCE JAN 1      0                         0      0        0
..................................................................


WIND (MPH)
  HIGHEST WIND SPEED    18   HIGHEST WIND DIRECTION     N (10)
  HIGHEST GUST SPEED    23   HIGHEST GUST DIRECTION     N (10)
  AVERAGE WIND SPEED     7.0


SKY COVER
  POSSIBLE SUNSHINE  MM
  AVERAGE SKY COVER 0.9


WEATHER CONDITIONS
 THE FOLLOWING WEATHER WAS RECORDED YESTERDAY.
  FOG
  FOG W/VISIBILITY <= 1/4 MILE
  HAZE


RELATIVE HUMIDITY (PERCENT)
 HIGHEST   100           700 AM
 LOWEST     36           500 PM
 AVERAGE    68

..........................................................


THE RICHMOND VA CLIMATE NORMALS FOR TODAY
                         NORMAL    RECORD    YEAR
 MAXIMUM TEMPERATURE (F)   56        79      1974
                                             1923
 MINIMUM TEMPERATURE (F)   34        11      2009


SUNRISE AND SUNSET
MARCH  3 2015.........SUNRISE   638 AM EST   SUNSET   605 PM EST
MARCH  4 2015.........SUNRISE   637 AM EST   SUNSET   606 PM EST


-  INDICATES NEGATIVE NUMBERS.
R  INDICATES RECORD WAS SET OR TIED.
MM INDICATES DATA IS MISSING.
T  INDICATES TRACE AMOUNT.




$$
