791
CDUS41 KAKQ 260545
CLIRIC


CLIMATE REPORT
NATIONAL WEATHER SERVICE WAKEFIELD, VA
145 AM EDT SUN MAR 26 2017


...................................

...THE RICHMOND VA CLIMATE SUMMARY FOR MARCH 25 2017...

CLIMATE NORMAL PERIOD 1981 TO 2010
CLIMATE RECORD PERIOD 1871 TO 2017


WEATHER ITEM   OBSERVED TIME   RECORD YEAR NORMAL DEPARTURE LAST
                VALUE   (LST)  VALUE       VALUE  FROM      YEAR
                                                  NORMAL
..................................................................
TEMPERATURE (F)
 YESTERDAY
  MAXIMUM         79    233 PM  86    1939  63     16       78
  MINIMUM         55    638 AM  22    1956  40     15       52
  AVERAGE         67                        51     16       65

PRECIPITATION (IN)
  YESTERDAY        0.00          2.20 1984   0.13  -0.13     0.05
  MONTH TO DATE    2.11                      3.23  -1.12     0.80
  SINCE MAR 1      2.11                      3.23  -1.12     0.80
  SINCE JAN 1      7.11                      9.03  -1.92     8.45

SNOWFALL (IN)
  YESTERDAY        0.0           2.1  1906   0.0    0.0
  MONTH TO DATE    T                         0.6   -0.6
  SINCE NOV 1      7.1                      10.2   -3.1
  SINCE JUL 1      7.1                      10.2   -3.1
  SNOW DEPTH       0

DEGREE DAYS
 HEATING
  YESTERDAY        0                        14    -14        0
  MONTH TO DATE  463                       439     24      304
  SINCE MAR 1    463                       439     24      304
  SINCE JUL 1   2945                      3375   -430     2892

 COOLING
  YESTERDAY        2                         0      2        0
  MONTH TO DATE    6                         0      6        6
  SINCE MAR 1      6                         0      6        6
  SINCE JAN 1      6                         0      6        6
..................................................................


WIND (MPH)
  HIGHEST WIND SPEED    20   HIGHEST WIND DIRECTION    SW (210)
  HIGHEST GUST SPEED    27   HIGHEST GUST DIRECTION    SW (220)
  AVERAGE WIND SPEED    11.1


SKY COVER
  POSSIBLE SUNSHINE  MM
  AVERAGE SKY COVER 0.7


WEATHER CONDITIONS
 THE FOLLOWING WEATHER WAS RECORDED YESTERDAY.
  NO SIGNIFICANT WEATHER WAS OBSERVED.


RELATIVE HUMIDITY (PERCENT)
 HIGHEST    77           600 AM
 LOWEST     39           100 PM
 AVERAGE    58

..........................................................


THE RICHMOND VA CLIMATE NORMALS FOR TODAY
                         NORMAL    RECORD    YEAR
 MAXIMUM TEMPERATURE (F)   64        85      1939
 MINIMUM TEMPERATURE (F)   40        15      1940


SUNRISE AND SUNSET
MARCH 26 2017.........SUNRISE   703 AM EDT   SUNSET   727 PM EDT
MARCH 27 2017.........SUNRISE   702 AM EDT   SUNSET   728 PM EDT


-  INDICATES NEGATIVE NUMBERS.
R  INDICATES RECORD WAS SET OR TIED.
MM INDICATES DATA IS MISSING.
T  INDICATES TRACE AMOUNT.




$$
