000
CDUS45 KGJT 072331
CLIRIL


CLIMATE REPORT
NATIONAL WEATHER SERVICE GRAND JUNCTION CO
526 PM MDT TUE JUL 7 2015


...................................

...THE RIFLE CO CLIMATE SUMMARY FOR JULY 7 2015...
VALID TODAY AS OF 0500 PM LOCAL TIME.

CLIMATE NORMAL PERIOD 1981 TO 2010
CLIMATE RECORD PERIOD 9999 TO 9999


WEATHER ITEM   OBSERVED TIME   RECORD YEAR NORMAL DEPARTURE LAST
                VALUE   (LST)  VALUE       VALUE  FROM      YEAR
                                                  NORMAL
..................................................................
TEMPERATURE (F)
 TODAY
  MAXIMUM         71    359 PM  MM      MM  91    -20       96
  MINIMUM         60    539 AM  MM      MM  54      6       56
  AVERAGE         66                        72     -6       76

PRECIPITATION (IN)
  TODAY            0.20         MM      MM   0.02   0.18      T
  MONTH TO DATE    0.80                      0.16   0.64      T
  SINCE JUN 1      1.25                      1.18   0.07     0.11
  SINCE JAN 1      8.18                      6.60   1.58     4.60

SNOWFALL (IN)
  TODAY           MM            MM      MM  MM     MM       MM
  MONTH TO DATE   MM                        MM     MM       MM
  SINCE JUN 1     MM                        MM     MM       MM
  SINCE JUL 1     MM                        MM     MM       MM
  SNOW DEPTH      MM

DEGREE DAYS
 HEATING
  TODAY            0                         0      0        0
  MONTH TO DATE    0                         0      0        0
  SINCE JUN 1     18                        59    -41       40
  SINCE JUL 1      0                         0      0        0

 COOLING
  TODAY            1                         7     -6       11
  MONTH TO DATE   64                        46     18       62
  SINCE JUN 1    236                       141     95      144
  SINCE JAN 1    237                       148     89      158
..................................................................


WIND (MPH)
  HIGHEST WIND SPEED    12   HIGHEST WIND DIRECTION    NE (60)
  HIGHEST GUST SPEED    13   HIGHEST GUST DIRECTION    NE (60)
  AVERAGE WIND SPEED     4.5


SKY COVER
  POSSIBLE SUNSHINE  MM
  AVERAGE SKY COVER 0.6


WEATHER CONDITIONS
 THE FOLLOWING WEATHER WAS RECORDED TODAY.
  HEAVY RAIN
  RAIN
  LIGHT RAIN
  FOG


RELATIVE HUMIDITY (PERCENT)
 HIGHEST    84           100 AM
 LOWEST     57          1200 PM
 AVERAGE    71

..........................................................


THE RIFLE CO CLIMATE NORMALS FOR TOMORROW
                         NORMAL    RECORD    YEAR
 MAXIMUM TEMPERATURE (F)   91        MM        MM
 MINIMUM TEMPERATURE (F)   54        MM        MM


SUNRISE AND SUNSET
JULY  7 2015..........SUNRISE   550 AM MDT   SUNSET   841 PM MDT
JULY  8 2015..........SUNRISE   551 AM MDT   SUNSET   841 PM MDT


-  INDICATES NEGATIVE NUMBERS.
R  INDICATES RECORD WAS SET OR TIED.
MM INDICATES DATA IS MISSING.
T  INDICATES TRACE AMOUNT.




$$
