000
CDUS45 KGJT 230738
CLIRIL


CLIMATE REPORT
NATIONAL WEATHER SERVICE GRAND JUNCTION CO
136 AM MDT SAT AUG 23 2014


...................................

...THE RIFLE CO CLIMATE SUMMARY FOR AUGUST 22 2014...

CLIMATE NORMAL PERIOD 1981 TO 2010
CLIMATE RECORD PERIOD 9999 TO 9999


WEATHER ITEM   OBSERVED TIME   RECORD YEAR NORMAL DEPARTURE LAST
                VALUE   (LST)  VALUE       VALUE  FROM      YEAR
                                                  NORMAL
..................................................................
TEMPERATURE (F)
 YESTERDAY
  MAXIMUM         77    346 PM  MM      MM  87    -10       90
  MINIMUM         56   1155 PM  MM      MM  52      4       62
  AVERAGE         67                        69     -2       76

PRECIPITATION (IN)
  YESTERDAY        0.01         MM      MM   0.04  -0.03      T
  MONTH TO DATE    1.06                      0.97   0.09     0.10
  SINCE JUN 1      2.05                      3.12  -1.07     0.87
  SINCE JAN 1      6.54                      8.54  -2.00     4.86

SNOWFALL (IN)
  YESTERDAY       MM            MM      MM  MM     MM       MM
  MONTH TO DATE   MM                        MM     MM       MM
  SINCE JUN 1     MM                        MM     MM       MM
  SINCE JUL 1     MM                        MM     MM       MM
  SNOW DEPTH      MM

DEGREE DAYS
 HEATING
  YESTERDAY        0                         0      0        0
  MONTH TO DATE    0                         0      0        0
  SINCE JUN 1     40                        60    -20       13
  SINCE JUL 1      0                         1     -1        0

 COOLING
  YESTERDAY        2                         4     -2       11
  MONTH TO DATE  126                       143    -17      137
  SINCE JUN 1    505                       479     26      627
  SINCE JAN 1    519                       486     33      634
..................................................................


WIND (MPH)
  HIGHEST WIND SPEED    30   HIGHEST WIND DIRECTION     W (270)
  HIGHEST GUST SPEED    36   HIGHEST GUST DIRECTION     W (260)
  AVERAGE WIND SPEED     6.3


SKY COVER
  POSSIBLE SUNSHINE  MM
  AVERAGE SKY COVER 0.6


WEATHER CONDITIONS
 THE FOLLOWING WEATHER WAS RECORDED YESTERDAY.
  THUNDERSTORM
  LIGHT RAIN


RELATIVE HUMIDITY (PERCENT)
 HIGHEST    80          1000 PM
 LOWEST     38           200 PM
 AVERAGE    59

..........................................................


THE RIFLE CO CLIMATE NORMALS FOR TODAY
                         NORMAL    RECORD    YEAR
 MAXIMUM TEMPERATURE (F)   87        MM        MM
 MINIMUM TEMPERATURE (F)   52        MM        MM


SUNRISE AND SUNSET
AUGUST 23 2014........SUNRISE   631 AM MDT   SUNSET   755 PM MDT
AUGUST 24 2014........SUNRISE   632 AM MDT   SUNSET   754 PM MDT


-  INDICATES NEGATIVE NUMBERS.
R  INDICATES RECORD WAS SET OR TIED.
MM INDICATES DATA IS MISSING.
T  INDICATES TRACE AMOUNT.




$$
