000
CDUS45 KRIW 160735
CLIRIW


CLIMATE REPORT
NATIONAL WEATHER SERVICE RIVERTON WY
133 AM MDT WED APR 16 2014


...................................

...THE RIVERTON WY CLIMATE SUMMARY FOR APRIL 15 2014...

CLIMATE NORMAL PERIOD 1981 TO 2010
CLIMATE RECORD PERIOD 1995 TO 2014


WEATHER ITEM   OBSERVED TIME   RECORD YEAR NORMAL DEPARTURE LAST
                VALUE   (LST)  VALUE       VALUE  FROM      YEAR
                                                  NORMAL
..................................................................
TEMPERATURE (F)
 YESTERDAY
  MAXIMUM         63    133 PM  74    2002  57      6       35
  MINIMUM         33    323 AM  17    1999  31      2       23
  AVERAGE         48                        44      4       29

PRECIPITATION (IN)
  YESTERDAY        T             0.19 2009   0.04  -0.04     0.03
  MONTH TO DATE    0.06                      0.52  -0.46     0.51
  SINCE MAR 1      0.56                      1.07  -0.51     0.62
  SINCE JAN 1      1.46                      1.58  -0.12     1.27

SNOWFALL (IN)
  YESTERDAY        T                                         0.5
  MONTH TO DATE    0.3                                       6.2
  SINCE MAR 1      3.7                                       7.3
  SINCE JUL 1     52.9                                      26.1
  SNOW DEPTH       0

DEGREE DAYS
 HEATING
  YESTERDAY       17                        21     -4       36
  MONTH TO DATE  340                       343     -3      395
  SINCE MAR 1   1256                      1261     -5     1271
  SINCE JUL 1   7137                      7115     22     6837

 COOLING
  YESTERDAY        0                         0      0        0
  MONTH TO DATE    0                         0      0        0
  SINCE MAR 1      0                         0      0        0
  SINCE JAN 1      0                         0      0        0
..................................................................


WIND (MPH)
  HIGHEST WIND SPEED    49   HIGHEST WIND DIRECTION    NW (300)
  HIGHEST GUST SPEED    61   HIGHEST GUST DIRECTION    NW (310)
  AVERAGE WIND SPEED    15.2


SKY COVER
  POSSIBLE SUNSHINE  MM
  AVERAGE SKY COVER 0.1


WEATHER CONDITIONS
 THE FOLLOWING WEATHER WAS RECORDED YESTERDAY.
  LIGHT RAIN
  LIGHT SNOW


RELATIVE HUMIDITY (PERCENT)
 HIGHEST    82          1000 PM
 LOWEST     14           100 PM
 AVERAGE    48

..........................................................


THE RIVERTON WY CLIMATE NORMALS FOR TODAY
                         NORMAL    RECORD    YEAR
 MAXIMUM TEMPERATURE (F)   57        71      2006
 MINIMUM TEMPERATURE (F)   31        17      2013


SUNRISE AND SUNSET
APRIL 16 2014.........SUNRISE   630 AM MDT   SUNSET   758 PM MDT
APRIL 17 2014.........SUNRISE   629 AM MDT   SUNSET   759 PM MDT


-  INDICATES NEGATIVE NUMBERS.
R  INDICATES RECORD WAS SET OR TIED.
MM INDICATES DATA IS MISSING.
T  INDICATES TRACE AMOUNT.




$$
