000
CDUS45 KRIW 160739
CLIRIW


CLIMATE REPORT
NATIONAL WEATHER SERVICE RIVERTON WY
138 AM MDT TUE SEP 16 2014


...................................

...THE RIVERTON WY CLIMATE SUMMARY FOR SEPTEMBER 15 2014...

CLIMATE NORMAL PERIOD 1981 TO 2010
CLIMATE RECORD PERIOD 1995 TO 2014


WEATHER ITEM   OBSERVED TIME   RECORD YEAR NORMAL DEPARTURE LAST
                VALUE   (LST)  VALUE       VALUE  FROM      YEAR
                                                  NORMAL
..................................................................
TEMPERATURE (F)
 YESTERDAY
  MAXIMUM         76    500 PM  90    2000  73      3       62
  MINIMUM         37R   559 AM  37    2004  45     -8       51
  AVERAGE         57                        59     -2       57

PRECIPITATION (IN)
  YESTERDAY        0.00          0.54 2013   0.03  -0.03     0.54
  MONTH TO DATE    0.13                      0.32  -0.19     1.22
  SINCE SEP 1      0.13                      0.32  -0.19     1.22
  SINCE JAN 1      5.50                      7.14  -1.64     5.28

SNOWFALL (IN)
  YESTERDAY        0.0                                       0.0
  MONTH TO DATE    0.3                                       0.0
  SINCE SEP 1      0.3                                       0.0
  SINCE JUL 1      0.3                                       0.0
  SNOW DEPTH       0

DEGREE DAYS
 HEATING
  YESTERDAY        8                         7      1        8
  MONTH TO DATE  121                        72     49       34
  SINCE SEP 1    121                        72     49       34
  SINCE JUL 1    171                       110     61       34

 COOLING
  YESTERDAY        0                         1     -1        0
  MONTH TO DATE    5                        23    -18       67
  SINCE SEP 1      5                        23    -18       67
  SINCE JAN 1    405                       491    -86      797
..................................................................


WIND (MPH)
  HIGHEST WIND SPEED    14   HIGHEST WIND DIRECTION    NW (330)
  HIGHEST GUST SPEED    15   HIGHEST GUST DIRECTION     N (340)
  AVERAGE WIND SPEED     6.0


SKY COVER
  POSSIBLE SUNSHINE  MM
  AVERAGE SKY COVER 0.0


WEATHER CONDITIONS
 THE FOLLOWING WEATHER WAS RECORDED YESTERDAY.
  NO SIGNIFICANT WEATHER WAS OBSERVED.


RELATIVE HUMIDITY (PERCENT)
 HIGHEST    85           500 AM
 LOWEST     27           400 PM
 AVERAGE    56

..........................................................


THE RIVERTON WY CLIMATE NORMALS FOR TODAY
                         NORMAL    RECORD    YEAR
 MAXIMUM TEMPERATURE (F)   72        93      2000
 MINIMUM TEMPERATURE (F)   44        35      2006


SUNRISE AND SUNSET
SEPTEMBER 16 2014.....SUNRISE   655 AM MDT   SUNSET   722 PM MDT
SEPTEMBER 17 2014.....SUNRISE   656 AM MDT   SUNSET   720 PM MDT


-  INDICATES NEGATIVE NUMBERS.
R  INDICATES RECORD WAS SET OR TIED.
MM INDICATES DATA IS MISSING.
T  INDICATES TRACE AMOUNT.




$$
