937
CDUS45 KRIW 030733
CLIRIW


CLIMATE REPORT
NATIONAL WEATHER SERVICE RIVERTON WY
133 AM MDT TUE MAY 3 2016


...................................

...THE RIVERTON WY CLIMATE SUMMARY FOR MAY 2 2016...

CLIMATE NORMAL PERIOD 1981 TO 2010
CLIMATE RECORD PERIOD 1995 TO 2016


WEATHER ITEM   OBSERVED TIME   RECORD YEAR NORMAL DEPARTURE LAST
                VALUE   (LST)  VALUE       VALUE  FROM      YEAR
                                                  NORMAL
..................................................................
TEMPERATURE (F)
 YESTERDAY
  MAXIMUM         62    418 PM  80    2000  63     -1       77
  MINIMUM         31    531 AM  22    2002  36     -5       40
  AVERAGE         47                        49     -2       59

PRECIPITATION (IN)
  YESTERDAY        0.00          0.01 2010   0.06  -0.06     0.00
                                      2009
  MONTH TO DATE    0.00                      0.12  -0.12     0.00
  SINCE MAR 1      5.44                      1.97   3.47     1.23
  SINCE JAN 1      6.12                      2.48   3.64     2.30

SNOWFALL (IN)
  YESTERDAY        0.0                                       0.0
  MONTH TO DATE    0.0                                       0.0
  SINCE MAR 1     34.2                                      10.0
  SINCE JUL 1     62.4                                      38.6
  SNOW DEPTH       0

DEGREE DAYS
 HEATING
  YESTERDAY       18                        16      2        6
  MONTH TO DATE   40                        32      8       16
  SINCE MAR 1   1412                      1574   -162     1381
  SINCE JUL 1   6733                      7428   -695     6774

 COOLING
  YESTERDAY        0                         0      0        0
  MONTH TO DATE    0                         0      0        0
  SINCE MAR 1      0                         0      0        0
  SINCE JAN 1      0                         0      0        0
..................................................................


WIND (MPH)
  HIGHEST WIND SPEED    13   HIGHEST WIND DIRECTION     W (290)
  HIGHEST GUST SPEED    16   HIGHEST GUST DIRECTION     W (270)
  AVERAGE WIND SPEED     5.8


SKY COVER
  POSSIBLE SUNSHINE  MM
  AVERAGE SKY COVER 0.0


WEATHER CONDITIONS
 THE FOLLOWING WEATHER WAS RECORDED YESTERDAY.
  NO SIGNIFICANT WEATHER WAS OBSERVED.


RELATIVE HUMIDITY (PERCENT)
 HIGHEST    75           200 AM
 LOWEST     22           300 PM
 AVERAGE    49

..........................................................


THE RIVERTON WY CLIMATE NORMALS FOR TODAY
                         NORMAL    RECORD    YEAR
 MAXIMUM TEMPERATURE (F)   63        82      2014
 MINIMUM TEMPERATURE (F)   36        25      2008


SUNRISE AND SUNSET
MAY  3 2016...........SUNRISE   604 AM MDT   SUNSET   818 PM MDT
MAY  4 2016...........SUNRISE   603 AM MDT   SUNSET   819 PM MDT


-  INDICATES NEGATIVE NUMBERS.
R  INDICATES RECORD WAS SET OR TIED.
MM INDICATES DATA IS MISSING.
T  INDICATES TRACE AMOUNT.




$$
