000
CDUS45 KRIW 310911
CLIRIW


CLIMATE REPORT
NATIONAL WEATHER SERVICE RIVERTON WY
310 AM MDT FRI JUL 31 2015


...................................

...THE RIVERTON WY CLIMATE SUMMARY FOR JULY 30 2015...

CLIMATE NORMAL PERIOD 1981 TO 2010
CLIMATE RECORD PERIOD 1995 TO 2015


WEATHER ITEM   OBSERVED TIME   RECORD YEAR NORMAL DEPARTURE LAST
                VALUE   (LST)  VALUE       VALUE  FROM      YEAR
                                                  NORMAL
..................................................................
TEMPERATURE (F)
 YESTERDAY
  MAXIMUM         88    335 PM  96    2001  89     -1       76
  MINIMUM         49    511 AM  48    2009  57     -8       55
  AVERAGE         69                        73     -4       66

PRECIPITATION (IN)
  YESTERDAY        0.00          0.35 1998   0.02  -0.02     0.00
  MONTH TO DATE    1.10                      0.87   0.23     0.78
  SINCE JUN 1      1.89                      2.15  -0.26     1.90
  SINCE JAN 1      8.74                      6.23   2.51     4.22

SNOWFALL (IN)
  YESTERDAY        0.0                                       0.0
  MONTH TO DATE    0.0                                       0.0
  SINCE JUN 1      T                                         0.0
  SINCE JUL 1      0.0                                       0.0
  SNOW DEPTH       0

DEGREE DAYS
 HEATING
  YESTERDAY        0                         0      0        0
  MONTH TO DATE   10                         8      2        4
  SINCE JUN 1     33                       127    -94      130
  SINCE JUL 1     10                         8      2        4

 COOLING
  YESTERDAY        4                         8     -4        1
  MONTH TO DATE  146                       210    -64      235
  SINCE JUN 1    277                       276      1      258
  SINCE JAN 1    277                       285     -8      273
..................................................................


WIND (MPH)
  HIGHEST WIND SPEED    14   HIGHEST WIND DIRECTION    NW (330)
  HIGHEST GUST SPEED    17   HIGHEST GUST DIRECTION     N (20)
  AVERAGE WIND SPEED     7.0


SKY COVER
  POSSIBLE SUNSHINE  MM
  AVERAGE SKY COVER 0.0


WEATHER CONDITIONS
 THE FOLLOWING WEATHER WAS RECORDED YESTERDAY.
  NO SIGNIFICANT WEATHER WAS OBSERVED.


RELATIVE HUMIDITY (PERCENT)
 HIGHEST    50           600 AM
 LOWEST     11           400 PM
 AVERAGE    31

..........................................................


THE RIVERTON WY CLIMATE NORMALS FOR TODAY
                         NORMAL    RECORD    YEAR
 MAXIMUM TEMPERATURE (F)   89        98      2003
 MINIMUM TEMPERATURE (F)   57        49      2009


SUNRISE AND SUNSET
JULY 31 2015..........SUNRISE   603 AM MDT   SUNSET   836 PM MDT
AUGUST  1 2015........SUNRISE   604 AM MDT   SUNSET   835 PM MDT


-  INDICATES NEGATIVE NUMBERS.
R  INDICATES RECORD WAS SET OR TIED.
MM INDICATES DATA IS MISSING.
T  INDICATES TRACE AMOUNT.




$$
