000
CDUS45 KRIW 030734
CLIRIW


CLIMATE REPORT
NATIONAL WEATHER SERVICE RIVERTON WY
134 AM MDT THU SEP 3 2015


...................................

...THE RIVERTON WY CLIMATE SUMMARY FOR SEPTEMBER 2 2015...

CLIMATE NORMAL PERIOD 1981 TO 2010
CLIMATE RECORD PERIOD 1995 TO 2015


WEATHER ITEM   OBSERVED TIME   RECORD YEAR NORMAL DEPARTURE LAST
                VALUE   (LST)  VALUE       VALUE  FROM      YEAR
                                                  NORMAL
..................................................................
TEMPERATURE (F)
 YESTERDAY
  MAXIMUM         91    330 PM  92    2007  79     12       81
  MINIMUM         57    619 AM  33    2008  50      7       46
  AVERAGE         74                        64     10       64

PRECIPITATION (IN)
  YESTERDAY        0.00          0.43 1999   0.02  -0.02     0.00
  MONTH TO DATE    0.00                      0.04  -0.04     0.00
  SINCE SEP 1      0.00                      0.04  -0.04     0.00
  SINCE JAN 1      8.80                      6.86   1.94     5.37

SNOWFALL (IN)
  YESTERDAY        0.0                                       0.0
  MONTH TO DATE    0.0                                       0.0
  SINCE SEP 1      0.0                                       0.0
  SINCE JUL 1      0.0                                       0.0
  SNOW DEPTH       0

DEGREE DAYS
 HEATING
  YESTERDAY        0                         3     -3        1
  MONTH TO DATE    0                         6     -6        6
  SINCE SEP 1      0                         6     -6        6
  SINCE JUL 1     35                        44     -9       56

 COOLING
  YESTERDAY        9                         2      7        0
  MONTH TO DATE   13                         5      8        0
  SINCE SEP 1     13                         5      8        0
  SINCE JAN 1    489                       473     16      400
..................................................................


WIND (MPH)
  HIGHEST WIND SPEED    25   HIGHEST WIND DIRECTION     S (190)
  HIGHEST GUST SPEED    32   HIGHEST GUST DIRECTION    SW (220)
  AVERAGE WIND SPEED     9.4


SKY COVER
  POSSIBLE SUNSHINE  MM
  AVERAGE SKY COVER 0.0


WEATHER CONDITIONS
 THE FOLLOWING WEATHER WAS RECORDED YESTERDAY.
  NO SIGNIFICANT WEATHER WAS OBSERVED.


RELATIVE HUMIDITY (PERCENT)
 HIGHEST    47           400 AM
 LOWEST     11           200 PM
 AVERAGE    29

..........................................................


THE RIVERTON WY CLIMATE NORMALS FOR TODAY
                         NORMAL    RECORD    YEAR
 MAXIMUM TEMPERATURE (F)   79        92      2007
 MINIMUM TEMPERATURE (F)   49        37      2008


SUNRISE AND SUNSET
SEPTEMBER  3 2015.....SUNRISE   640 AM MDT   SUNSET   745 PM MDT
SEPTEMBER  4 2015.....SUNRISE   641 AM MDT   SUNSET   744 PM MDT


-  INDICATES NEGATIVE NUMBERS.
R  INDICATES RECORD WAS SET OR TIED.
MM INDICATES DATA IS MISSING.
T  INDICATES TRACE AMOUNT.




$$
