000
CDUS45 KRIW 280740
CLIRKS


CLIMATE REPORT
NATIONAL WEATHER SERVICE RIVERTON WY
130 AM MDT THU JUL 28 2016


...................................

...THE ROCK SPRINGS WY CLIMATE SUMMARY FOR JULY 27 2016...

CLIMATE NORMAL PERIOD 1981 TO 2010
CLIMATE RECORD PERIOD 1948 TO 2016


WEATHER ITEM   OBSERVED TIME   RECORD YEAR NORMAL DEPARTURE LAST
                VALUE   (LST)  VALUE       VALUE  FROM      YEAR
                                                  NORMAL
..................................................................
TEMPERATURE (F)
 YESTERDAY
  MAXIMUM         92R   358 PM  91    2008  85      7       83
                                      1978
  MINIMUM         55    450 AM  39    1981  55      0       55
  AVERAGE         74                        70      4       69

PRECIPITATION (IN)
  YESTERDAY        0.00          0.14 2004   0.02  -0.02      T
  MONTH TO DATE    0.22                      0.55  -0.33     2.12
  SINCE JUN 1      0.43                      1.34  -0.91     3.23
  SINCE JAN 1      4.89                      5.07  -0.18     7.31

DEGREE DAYS
 HEATING
  YESTERDAY        0                         0      0        0
  MONTH TO DATE   13                        19     -6       16
  SINCE JUN 1     52                       186   -134       65
  SINCE JUL 1     13                        19     -6       16

 COOLING
  YESTERDAY        9                         5      4        4
  MONTH TO DATE  140                       120     20       76
  SINCE JUN 1    221                       155     66      164
  SINCE JAN 1    221                       156     65      164
..................................................................


WIND (MPH)
  HIGHEST WIND SPEED    22   HIGHEST WIND DIRECTION     W (280)
  HIGHEST GUST SPEED    30   HIGHEST GUST DIRECTION     W (280)
  AVERAGE WIND SPEED     8.2


SKY COVER
  POSSIBLE SUNSHINE  MM
  AVERAGE SKY COVER 0.0


WEATHER CONDITIONS
 THE FOLLOWING WEATHER WAS RECORDED YESTERDAY.
  HAZE


RELATIVE HUMIDITY (PERCENT)
 HIGHEST    39           600 AM
 LOWEST      4           400 PM
 AVERAGE    22

..........................................................


THE ROCK SPRINGS WY CLIMATE NORMALS FOR TODAY
                         NORMAL    RECORD    YEAR
 MAXIMUM TEMPERATURE (F)   85        93      2006
                                             1975
 MINIMUM TEMPERATURE (F)   55        45      1993


SUNRISE AND SUNSET
JULY 28 2016..........SUNRISE   607 AM MDT   SUNSET   837 PM MDT
JULY 29 2016..........SUNRISE   608 AM MDT   SUNSET   836 PM MDT


-  INDICATES NEGATIVE NUMBERS.
R  INDICATES RECORD WAS SET OR TIED.
MM INDICATES DATA IS MISSING.
T  INDICATES TRACE AMOUNT.




$$
