000
CDUS45 KRIW 050029
CLIRKS


CLIMATE REPORT
NATIONAL WEATHER SERVICE RIVERTON WY
629 PM MDT SAT JUL 4 2015


...................................

...THE ROCK SPRINGS WY CLIMATE SUMMARY FOR JULY 4 2015...
VALID TODAY AS OF 0500 PM LOCAL TIME.

CLIMATE NORMAL PERIOD 1981 TO 2010
CLIMATE RECORD PERIOD 1948 TO 2015


WEATHER ITEM   OBSERVED TIME   RECORD YEAR NORMAL DEPARTURE LAST
                VALUE   (LST)  VALUE       VALUE  FROM      YEAR
                                                  NORMAL
..................................................................
TEMPERATURE (F)
 TODAY
  MAXIMUM         88        MM  96    2001  82      6       89
                                      1989
  MINIMUM         62        MM  35    1972  52     10       56
  AVERAGE         75                        67      8       73

PRECIPITATION (IN)
  TODAY            0.00                      0.02  -0.02      T
  MONTH TO DATE    0.00                      0.08  -0.08      T
  SINCE JUN 1      1.11                      0.87   0.24     0.29
  SINCE JAN 1      5.19                      4.60   0.59     1.60

DEGREE DAYS
 HEATING
  TODAY            0                         1     -1        0
  MONTH TO DATE    0                         7     -7        3
  SINCE JUN 1     49                       174   -125      150
  SINCE JUL 1      0                         7     -7        3

 COOLING
  TODAY           10                         3      7        8
  MONTH TO DATE   33                        12     21       17
  SINCE JUN 1    121                        47     74       34
  SINCE JAN 1    121                        48     73       41
..................................................................


WIND (MPH)
  HIGHEST WIND SPEED    18   HIGHEST WIND DIRECTION     W (290)
  HIGHEST GUST SPEED    30   HIGHEST GUST DIRECTION     W (280)
  AVERAGE WIND SPEED     8.3


SKY COVER
  POSSIBLE SUNSHINE  MM
  AVERAGE SKY COVER 0.2


WEATHER CONDITIONS
 THE FOLLOWING WEATHER WAS RECORDED TODAY.
  NO SIGNIFICANT WEATHER WAS OBSERVED.


RELATIVE HUMIDITY (PERCENT)
 HIGHEST    44           600 AM
 LOWEST     18           200 PM
 AVERAGE    31

..........................................................


THE ROCK SPRINGS WY CLIMATE NORMALS FOR TOMORROW
                         NORMAL    RECORD    YEAR
 MAXIMUM TEMPERATURE (F)   82        93      2001
                                             1989
 MINIMUM TEMPERATURE (F)   52        38      1986


SUNRISE AND SUNSET
JULY  4 2015..........SUNRISE   547 AM MDT   SUNSET   854 PM MDT
JULY  5 2015..........SUNRISE   548 AM MDT   SUNSET   853 PM MDT


-  INDICATES NEGATIVE NUMBERS.
R  INDICATES RECORD WAS SET OR TIED.
MM INDICATES DATA IS MISSING.
T  INDICATES TRACE AMOUNT.




$$
