000
CDUS45 KRIW 030731
CLIRKS


CLIMATE REPORT
NATIONAL WEATHER SERVICE RIVERTON WY
1230 AM MST SAT DEC 3 2016


...................................

...THE ROCK SPRINGS WY CLIMATE SUMMARY FOR DECEMBER 2 2016...

CLIMATE NORMAL PERIOD 1981 TO 2010
CLIMATE RECORD PERIOD 1948 TO 2016


WEATHER ITEM   OBSERVED TIME   RECORD YEAR NORMAL DEPARTURE LAST
                VALUE   (LST)  VALUE       VALUE  FROM      YEAR
                                                  NORMAL
..................................................................
TEMPERATURE (F)
 YESTERDAY
  MAXIMUM         25    324 PM  52    2008  32     -7       32
                                      1972
  MINIMUM          7    740 AM   0    2006  14     -7       12
                                      1971
  AVERAGE         16                        23     -7       22

PRECIPITATION (IN)
  YESTERDAY        T             0.38 1973   0.01  -0.01     0.00
  MONTH TO DATE    T                         0.03  -0.03     0.00
  SINCE DEC 1      T                         0.03  -0.03     0.00
  SINCE JAN 1      7.36                      8.09  -0.73     8.58

DEGREE DAYS
 HEATING
  YESTERDAY       49                        42      7       43
  MONTH TO DATE   93                        83     10       91
  SINCE DEC 1     93                        83     10       91
  SINCE JUL 1   1813                      2076   -263     1757

 COOLING
  YESTERDAY        0                         0      0        0
  MONTH TO DATE    0                         0      0        0
  SINCE DEC 1      0                         0      0        0
  SINCE JAN 1    354                       286     68      270
..................................................................


WIND (MPH)
  HIGHEST WIND SPEED    20   HIGHEST WIND DIRECTION     W (250)
  HIGHEST GUST SPEED    22   HIGHEST GUST DIRECTION     W (250)
  AVERAGE WIND SPEED     6.9


SKY COVER
  POSSIBLE SUNSHINE  MM
  AVERAGE SKY COVER 0.5


WEATHER CONDITIONS
 THE FOLLOWING WEATHER WAS RECORDED YESTERDAY.
  LIGHT SNOW
  FOG
  HAZE


RELATIVE HUMIDITY (PERCENT)
 HIGHEST    92           100 AM
 LOWEST     65           400 PM
 AVERAGE    79

..........................................................


THE ROCK SPRINGS WY CLIMATE NORMALS FOR TODAY
                         NORMAL    RECORD    YEAR
 MAXIMUM TEMPERATURE (F)   32        53      1956
 MINIMUM TEMPERATURE (F)   14        -4      1967


SUNRISE AND SUNSET
DECEMBER  3 2016......SUNRISE   726 AM MST   SUNSET   446 PM MST
DECEMBER  4 2016......SUNRISE   727 AM MST   SUNSET   446 PM MST


-  INDICATES NEGATIVE NUMBERS.
R  INDICATES RECORD WAS SET OR TIED.
MM INDICATES DATA IS MISSING.
T  INDICATES TRACE AMOUNT.




$$
