000
CDUS45 KRIW 280038
CLIRKS


CLIMATE REPORT
NATIONAL WEATHER SERVICE RIVERTON WY
636 PM MDT TUE JUN 27 2017


...................................

...THE ROCK SPRINGS WY CLIMATE SUMMARY FOR JUNE 27 2017...
VALID TODAY AS OF 0500 PM LOCAL TIME.

CLIMATE NORMAL PERIOD 1981 TO 2010
CLIMATE RECORD PERIOD 1948 TO 2017


WEATHER ITEM   OBSERVED TIME   RECORD YEAR NORMAL DEPARTURE LAST
                VALUE   (LST)  VALUE       VALUE  FROM      YEAR
                                                  NORMAL
..................................................................
TEMPERATURE (F)
 TODAY
  MAXIMUM         83        MM  93    2013  79      4       86
  MINIMUM         59        MM  34    1969  50      9       51
  AVERAGE         71                        65      6       69

PRECIPITATION (IN)
  TODAY            T                         0.02  -0.02     0.00
  MONTH TO DATE    0.02                      0.73  -0.71     0.18
  SINCE JUN 1      0.02                      0.73  -0.71     0.18
  SINCE JAN 1      3.54                      4.46  -0.92     4.64

DEGREE DAYS
 HEATING
  TODAY            0                         3     -3        0
  MONTH TO DATE   76                       159    -83       38
  SINCE JUN 1     76                       159    -83       38
  SINCE JUL 1   7691                      8134   -443     7623

 COOLING
  TODAY            6                         2      4        4
  MONTH TO DATE   45                        25     20       63
  SINCE JUN 1     45                        25     20       63
  SINCE JAN 1     45                        26     19       63
..................................................................


WIND (MPH)
  HIGHEST WIND SPEED    33   HIGHEST WIND DIRECTION     W (260)
  HIGHEST GUST SPEED    50   HIGHEST GUST DIRECTION    SW (240)
  AVERAGE WIND SPEED    15.0


SKY COVER
  POSSIBLE SUNSHINE  MM
  AVERAGE SKY COVER 0.1


WEATHER CONDITIONS
 THE FOLLOWING WEATHER WAS RECORDED TODAY.
  NO SIGNIFICANT WEATHER WAS OBSERVED.


RELATIVE HUMIDITY (PERCENT)
 HIGHEST    34           600 AM
 LOWEST     10           400 PM
 AVERAGE    22

..........................................................


THE ROCK SPRINGS WY CLIMATE NORMALS FOR TOMORROW
                         NORMAL    RECORD    YEAR
 MAXIMUM TEMPERATURE (F)   80        94      2013
 MINIMUM TEMPERATURE (F)   50        38      1959


SUNRISE AND SUNSET
JUNE 27 2017..........SUNRISE   544 AM MDT   SUNSET   855 PM MDT
JUNE 28 2017..........SUNRISE   545 AM MDT   SUNSET   854 PM MDT


-  INDICATES NEGATIVE NUMBERS.
R  INDICATES RECORD WAS SET OR TIED.
MM INDICATES DATA IS MISSING.
T  INDICATES TRACE AMOUNT.




$$
