000
CDUS45 KRIW 240728
CLIRKS


CLIMATE REPORT
NATIONAL WEATHER SERVICE RIVERTON WY
127 AM MDT MON APR 24 2017


...................................

...THE ROCK SPRINGS WY CLIMATE SUMMARY FOR APRIL 23 2017...

CLIMATE NORMAL PERIOD 1981 TO 2010
CLIMATE RECORD PERIOD 1948 TO 2017


WEATHER ITEM   OBSERVED TIME   RECORD YEAR NORMAL DEPARTURE LAST
                VALUE   (LST)  VALUE       VALUE  FROM      YEAR
                                                  NORMAL
..................................................................
TEMPERATURE (F)
 YESTERDAY
  MAXIMUM         68    203 PM  79    2012  56     12       61
  MINIMUM         31    540 AM  11    2013  31      0       35
  AVERAGE         50                        44      6       48

PRECIPITATION (IN)
  YESTERDAY        0.15          0.41 1999   0.03   0.12     0.05
  MONTH TO DATE    0.34                      0.66  -0.32     0.56
  SINCE MAR 1      1.77                      1.34   0.43     1.12
  SINCE JAN 1      2.67                      2.27   0.40     1.34

DEGREE DAYS
 HEATING
  YESTERDAY       15                        21     -6       17
  MONTH TO DATE  487                       561    -74      462
  SINCE MAR 1   1267                      1538   -271     1369
  SINCE JUL 1   7005                      7390   -385     6886

 COOLING
  YESTERDAY        0                         0      0        0
  MONTH TO DATE    0                         0      0        0
  SINCE MAR 1      0                         0      0        0
  SINCE JAN 1      0                         0      0        0
..................................................................


WIND (MPH)
  HIGHEST WIND SPEED    33   HIGHEST WIND DIRECTION     W (250)
  HIGHEST GUST SPEED    41   HIGHEST GUST DIRECTION     W (260)
  AVERAGE WIND SPEED     7.9


SKY COVER
  POSSIBLE SUNSHINE  MM
  AVERAGE SKY COVER 0.4


WEATHER CONDITIONS
 THE FOLLOWING WEATHER WAS RECORDED YESTERDAY.
  RAIN
  LIGHT RAIN
  FOG


RELATIVE HUMIDITY (PERCENT)
 HIGHEST    86          1000 PM
 LOWEST     16           100 PM
 AVERAGE    51

..........................................................


THE ROCK SPRINGS WY CLIMATE NORMALS FOR TODAY
                         NORMAL    RECORD    YEAR
 MAXIMUM TEMPERATURE (F)   56        78      2012
 MINIMUM TEMPERATURE (F)   31        15      1958


SUNRISE AND SUNSET
APRIL 24 2017.........SUNRISE   622 AM MDT   SUNSET   807 PM MDT
APRIL 25 2017.........SUNRISE   621 AM MDT   SUNSET   808 PM MDT


-  INDICATES NEGATIVE NUMBERS.
R  INDICATES RECORD WAS SET OR TIED.
MM INDICATES DATA IS MISSING.
T  INDICATES TRACE AMOUNT.




$$
