000
CDUS45 KRIW 160739
CLIRKS


CLIMATE REPORT
NATIONAL WEATHER SERVICE RIVERTON WY
138 AM MDT TUE SEP 16 2014


...................................

...THE ROCK SPRINGS WY CLIMATE SUMMARY FOR SEPTEMBER 15 2014...

CLIMATE NORMAL PERIOD 1981 TO 2010
CLIMATE RECORD PERIOD 1948 TO 2014


WEATHER ITEM   OBSERVED TIME   RECORD YEAR NORMAL DEPARTURE LAST
                VALUE   (LST)  VALUE       VALUE  FROM      YEAR
                                                  NORMAL
..................................................................
TEMPERATURE (F)
 YESTERDAY
  MAXIMUM         80    323 PM  86    1990  71      9       68
  MINIMUM         42    550 AM  24    1970  43     -1       52
  AVERAGE         61                        57      4       60

PRECIPITATION (IN)
  YESTERDAY        0.00          0.25 1965   0.03  -0.03     0.01
                                      1965
                                      2009
  MONTH TO DATE    0.02                      0.44  -0.42     0.63
  SINCE SEP 1      0.02                      0.44  -0.42     0.63
  SINCE JAN 1      2.50                      6.22  -3.72     2.83

DEGREE DAYS
 HEATING
  YESTERDAY        4                         8     -4        5
  MONTH TO DATE  102                        88     14       46
  SINCE SEP 1    102                        88     14       46
  SINCE JUL 1    193                       152     41       47

 COOLING
  YESTERDAY        0                         0      0        0
  MONTH TO DATE    4                         7     -3       44
  SINCE SEP 1      4                         7     -3       44
  SINCE JAN 1    303                       284     19      517
..................................................................


WIND (MPH)
  HIGHEST WIND SPEED    23   HIGHEST WIND DIRECTION    SW (230)
  HIGHEST GUST SPEED    29   HIGHEST GUST DIRECTION    SW (230)
  AVERAGE WIND SPEED     8.6


SKY COVER
  POSSIBLE SUNSHINE  MM
  AVERAGE SKY COVER 0.1


WEATHER CONDITIONS
 THE FOLLOWING WEATHER WAS RECORDED YESTERDAY.
  NO SIGNIFICANT WEATHER WAS OBSERVED.


RELATIVE HUMIDITY (PERCENT)
 HIGHEST    70           600 AM
 LOWEST     17           200 PM
 AVERAGE    44

..........................................................


THE ROCK SPRINGS WY CLIMATE NORMALS FOR TODAY
                         NORMAL    RECORD    YEAR
 MAXIMUM TEMPERATURE (F)   70        84      2000
 MINIMUM TEMPERATURE (F)   43        18      1965


SUNRISE AND SUNSET
SEPTEMBER 16 2014.....SUNRISE   658 AM MDT   SUNSET   724 PM MDT
SEPTEMBER 17 2014.....SUNRISE   659 AM MDT   SUNSET   722 PM MDT


-  INDICATES NEGATIVE NUMBERS.
R  INDICATES RECORD WAS SET OR TIED.
MM INDICATES DATA IS MISSING.
T  INDICATES TRACE AMOUNT.




$$
