000
CDUS45 KRIW 290030
CLIRKS


CLIMATE REPORT
NATIONAL WEATHER SERVICE RIVERTON WY
629 PM MDT FRI AUG 28 2015


...................................

...THE ROCK SPRINGS WY CLIMATE SUMMARY FOR AUGUST 28 2015...
VALID TODAY AS OF 0500 PM LOCAL TIME.

CLIMATE NORMAL PERIOD 1981 TO 2010
CLIMATE RECORD PERIOD 1948 TO 2015


WEATHER ITEM   OBSERVED TIME   RECORD YEAR NORMAL DEPARTURE LAST
                VALUE   (LST)  VALUE       VALUE  FROM      YEAR
                                                  NORMAL
..................................................................
TEMPERATURE (F)
 TODAY
  MAXIMUM         82        MM  89    1974  78      4       74
  MINIMUM         49    400 AM  38    1977  50     -1       47
  AVERAGE         66                        64      2       61

PRECIPITATION (IN)
  TODAY            0.00                      0.02  -0.02      T
  MONTH TO DATE    0.19                      0.55  -0.36     0.42
  SINCE JUN 1      3.42                      1.98   1.44     1.07
  SINCE JAN 1      7.50                      5.71   1.79     2.38

DEGREE DAYS
 HEATING
  TODAY            0                         3     -3        4
  MONTH TO DATE   28                        30     -2       67
  SINCE JUN 1    103                       221   -118      228
  SINCE JUL 1     54                        54      0       81

 COOLING
  TODAY            1                         1      0        0
  MONTH TO DATE   72                        93    -21       70
  SINCE JUN 1    241                       272    -31      292
  SINCE JAN 1    241                       273    -32      299
..................................................................


WIND (MPH)
  HIGHEST WIND SPEED    10   HIGHEST WIND DIRECTION    NW (320)
  HIGHEST GUST SPEED    17   HIGHEST GUST DIRECTION    NW (320)
  AVERAGE WIND SPEED     5.9


SKY COVER
  POSSIBLE SUNSHINE  MM
  AVERAGE SKY COVER 0.0


WEATHER CONDITIONS
 THE FOLLOWING WEATHER WAS RECORDED TODAY.
  NO SIGNIFICANT WEATHER WAS OBSERVED.


RELATIVE HUMIDITY (PERCENT)
 HIGHEST    80           400 AM
 LOWEST     16           200 PM
 AVERAGE    48

..........................................................


THE ROCK SPRINGS WY CLIMATE NORMALS FOR TOMORROW
                         NORMAL    RECORD    YEAR
 MAXIMUM TEMPERATURE (F)   78        90      1948
 MINIMUM TEMPERATURE (F)   49        34      1964


SUNRISE AND SUNSET
AUGUST 28 2015........SUNRISE   638 AM MDT   SUNSET   756 PM MDT
AUGUST 29 2015........SUNRISE   639 AM MDT   SUNSET   755 PM MDT


-  INDICATES NEGATIVE NUMBERS.
R  INDICATES RECORD WAS SET OR TIED.
MM INDICATES DATA IS MISSING.
T  INDICATES TRACE AMOUNT.




$$
