609
CDUS45 KRIW 300738
CLIRKS


CLIMATE REPORT
NATIONAL WEATHER SERVICE RIVERTON WY
128 AM MDT MON MAY 30 2016


...................................

...THE ROCK SPRINGS WY CLIMATE SUMMARY FOR MAY 29 2016...

CLIMATE NORMAL PERIOD 1981 TO 2010
CLIMATE RECORD PERIOD 1948 TO 2016


WEATHER ITEM   OBSERVED TIME   RECORD YEAR NORMAL DEPARTURE LAST
                VALUE   (LST)  VALUE       VALUE  FROM      YEAR
                                                  NORMAL
..................................................................
TEMPERATURE (F)
 YESTERDAY
  MAXIMUM         69    322 PM  89    2003  68      1       63
  MINIMUM         41    530 AM  31    2007  41      0       39
                                      2006
                                      1977
  AVERAGE         55                        55      0       51

PRECIPITATION (IN)
  YESTERDAY        0.00          0.71 1967   0.03  -0.03      T
  MONTH TO DATE    2.20                      1.13   1.07     3.10
  SINCE MAR 1      4.24                      2.72   1.52     3.99
  SINCE JAN 1      4.46                      3.65   0.81     4.08

DEGREE DAYS
 HEATING
  YESTERDAY       10                        10      0       14
  MONTH TO DATE  488                       423     65      500
  SINCE MAR 1   2046                      2103    -57     1945
  SINCE JUL 1   7563                      7955   -392     7058

 COOLING
  YESTERDAY        0                         0      0        0
  MONTH TO DATE    0                         0      0        0
  SINCE MAR 1      0                         0      0        0
  SINCE JAN 1      0                         0      0        0
..................................................................


WIND (MPH)
  HIGHEST WIND SPEED    31   HIGHEST WIND DIRECTION    SW (230)
  HIGHEST GUST SPEED    37   HIGHEST GUST DIRECTION    SW (220)
  AVERAGE WIND SPEED     8.3


SKY COVER
  POSSIBLE SUNSHINE  MM
  AVERAGE SKY COVER 0.1


WEATHER CONDITIONS
 THE FOLLOWING WEATHER WAS RECORDED YESTERDAY.
  NO SIGNIFICANT WEATHER WAS OBSERVED.


RELATIVE HUMIDITY (PERCENT)
 HIGHEST    76           500 AM
 LOWEST     24           200 PM
 AVERAGE    50

..........................................................


THE ROCK SPRINGS WY CLIMATE NORMALS FOR TODAY
                         NORMAL    RECORD    YEAR
 MAXIMUM TEMPERATURE (F)   69        87      2002
 MINIMUM TEMPERATURE (F)   42        29      1979


SUNRISE AND SUNSET
MAY 30 2016...........SUNRISE   545 AM MDT   SUNSET   843 PM MDT
MAY 31 2016...........SUNRISE   545 AM MDT   SUNSET   844 PM MDT


-  INDICATES NEGATIVE NUMBERS.
R  INDICATES RECORD WAS SET OR TIED.
MM INDICATES DATA IS MISSING.
T  INDICATES TRACE AMOUNT.




$$
