000
CDUS45 KRIW 260729
CLIRKS


CLIMATE REPORT
NATIONAL WEATHER SERVICE RIVERTON WY
129 AM MDT SAT JUL 26 2014


...................................

...THE ROCK SPRINGS WY CLIMATE SUMMARY FOR JULY 25 2014...

CLIMATE NORMAL PERIOD 1981 TO 2010
CLIMATE RECORD PERIOD 1948 TO 2014


WEATHER ITEM   OBSERVED TIME   RECORD YEAR NORMAL DEPARTURE LAST
                VALUE   (LST)  VALUE       VALUE  FROM      YEAR
                                                  NORMAL
..................................................................
TEMPERATURE (F)
 YESTERDAY
  MAXIMUM         91    240 PM  92    2011  85      6       84
  MINIMUM         55    321 AM  44    1993  55      0       54
  AVERAGE         73                        70      3       69

PRECIPITATION (IN)
  YESTERDAY        0.00          0.79 1976   0.02  -0.02     0.01
  MONTH TO DATE    0.12                      0.51  -0.39     0.21
  SINCE JUN 1      0.41                      1.30  -0.89     0.21
  SINCE JAN 1      1.72                      5.03  -3.31     1.70

DEGREE DAYS
 HEATING
  YESTERDAY        0                         0      0        0
  MONTH TO DATE    3                        19    -16        0
  SINCE JUN 1    150                       186    -36       62
  SINCE JUL 1      3                        19    -16        0

 COOLING
  YESTERDAY        8                         5      3        4
  MONTH TO DATE  180                       110     70      201
  SINCE JUN 1    197                       145     52      294
  SINCE JAN 1    204                       146     58      295
..................................................................


WIND (MPH)
  HIGHEST WIND SPEED    35   HIGHEST WIND DIRECTION     W (280)
  HIGHEST GUST SPEED    46   HIGHEST GUST DIRECTION     W (250)
  AVERAGE WIND SPEED    12.3


SKY COVER
  POSSIBLE SUNSHINE  MM
  AVERAGE SKY COVER 0.0


WEATHER CONDITIONS
 THE FOLLOWING WEATHER WAS RECORDED YESTERDAY.
  NO SIGNIFICANT WEATHER WAS OBSERVED.


RELATIVE HUMIDITY (PERCENT)
 HIGHEST    31           600 AM
 LOWEST      9           400 PM
 AVERAGE    20

..........................................................


THE ROCK SPRINGS WY CLIMATE NORMALS FOR TODAY
                         NORMAL    RECORD    YEAR
 MAXIMUM TEMPERATURE (F)   85        93      2010
 MINIMUM TEMPERATURE (F)   55        44      1993


SUNRISE AND SUNSET
JULY 26 2014..........SUNRISE   605 AM MDT   SUNSET   840 PM MDT
JULY 27 2014..........SUNRISE   606 AM MDT   SUNSET   839 PM MDT


-  INDICATES NEGATIVE NUMBERS.
R  INDICATES RECORD WAS SET OR TIED.
MM INDICATES DATA IS MISSING.
T  INDICATES TRACE AMOUNT.




$$
