000
CDUS42 KFFC 030825
CLIRMG


CLIMATE REPORT
NATIONAL WEATHER SERVICE PEACHTREE CITY GA
424 AM EDT FRI JUL 3 2015


...................................

...THE ROME  CLIMATE SUMMARY FOR JULY 2 2015...

CLIMATE NORMAL PERIOD 1981 TO 2010
CLIMATE RECORD PERIOD 9999 TO 9999


WEATHER ITEM   OBSERVED TIME   RECORD YEAR NORMAL DEPARTURE LAST
                VALUE   (LST)  VALUE       VALUE  FROM      YEAR
                                                  NORMAL
..................................................................
TEMPERATURE (F)
 YESTERDAY
  MAXIMUM         84    615 PM  MM      MM  90     -6       93
  MINIMUM         67    610 AM  MM      MM  68     -1       71
  AVERAGE         76                        79     -3       82

PRECIPITATION (IN)
  YESTERDAY        0.02         MM      MM   0.20  -0.18     0.00
  MONTH TO DATE    0.28                      0.39  -0.11     0.00
  SINCE JUN 1      3.08                      4.49  -1.41     4.96
  SINCE JAN 1     22.72                     27.36  -4.64    29.45

DEGREE DAYS
 COOLING
  YESTERDAY       11                        14     -3       17
  MONTH TO DATE   11                        28    -17       30
  SINCE JUN 1    429                       358     71      399
  SINCE JAN 1    686                       526    160      600
..................................................................


WIND (MPH)
  RESULTANT WIND SPEED   3   RESULTANT WIND DIRECTION   S (200)
  HIGHEST WIND SPEED    16   HIGHEST WIND DIRECTION     N (20)
  HIGHEST GUST SPEED    22   HIGHEST GUST DIRECTION     W (260)
  AVERAGE WIND SPEED     3.8


SKY COVER
  AVERAGE SKY COVER 0.5


WEATHER CONDITIONS
 THE FOLLOWING WEATHER WAS RECORDED YESTERDAY.
  THUNDERSTORM
  LIGHT RAIN
  FOG


RELATIVE HUMIDITY (PERCENT)
 HIGHEST   100           500 AM
 LOWEST     51           600 PM
 AVERAGE    76

..........................................................


THE ROME  CLIMATE NORMALS FOR TODAY
                         NORMAL    RECORD    YEAR
 MAXIMUM TEMPERATURE (F)   90        MM        MM
 MINIMUM TEMPERATURE (F)   68        MM        MM


SUNRISE AND SUNSET
JULY  3 2015..........SUNRISE   633 AM EDT   SUNSET   857 PM EDT
JULY  4 2015..........SUNRISE   633 AM EDT   SUNSET   857 PM EDT


-  INDICATES NEGATIVE NUMBERS.
R  INDICATES RECORD WAS SET OR TIED.
MM INDICATES DATA IS MISSING.
T  INDICATES TRACE AMOUNT.




$$
