000
CDUS41 KRNK 240912
CLIRNK


CLIMATE REPORT
NATIONAL WEATHER SERVICE BLACKSBURG VA
508 AM EDT THU JUL 24 2014


...................................

...THE BLACKSBURG VA CLIMATE SUMMARY FOR JULY 23 2014...

CLIMATE NORMAL PERIOD 1981 TO 2010
CLIMATE RECORD PERIOD 1952 TO 2014


WEATHER ITEM   OBSERVED TIME   RECORD YEAR NORMAL DEPARTURE LAST
                VALUE   (LST)  VALUE       VALUE  FROM      YEAR
                                                  NORMAL
..................................................................
TEMPERATURE (F)
 YESTERDAY
  MAXIMUM         86    300 PM  93    1991  82      4       82
  MINIMUM         62    600 AM  50    2007  60      2       66
                                      2001
  AVERAGE         74                        71      3       74

PRECIPITATION (IN)
  YESTERDAY        T             2.32 1992   0.14  -0.14     0.03
  MONTH TO DATE    1.57                      3.17  -1.60     5.94
  SINCE JUN 1      4.64                      7.17  -2.53    13.88
  SINCE JAN 1     19.47                     24.51  -5.04    35.75

SNOWFALL (IN)
  YESTERDAY        0.0
  MONTH TO DATE    0.0
  SINCE JUN 1      T
  SINCE JUL 1      0.0
  SNOW DEPTH       0

DEGREE DAYS
 HEATING
  YESTERDAY        0                         0      0        0
  MONTH TO DATE    6                         0      6        0
  SINCE JUN 1      9                        38    -29        7
  SINCE JUL 1      6                         0      6        0

 COOLING
  YESTERDAY        9                         6      3        9
  MONTH TO DATE  141                       144     -3      193
  SINCE JUN 1    307                       263     44      309
  SINCE JAN 1    365                       292     73      340
..................................................................


WIND (MPH)
  HIGHEST WIND SPEED     8   HIGHEST WIND DIRECTION    NW (300)
  HIGHEST GUST SPEED    MM   HIGHEST GUST DIRECTION    MM
  AVERAGE WIND SPEED     2.3


SKY COVER
  POSSIBLE SUNSHINE  MM
  AVERAGE SKY COVER 0.3


WEATHER CONDITIONS
 THE FOLLOWING WEATHER WAS RECORDED YESTERDAY.
  THUNDERSTORM
  LIGHT RAIN
  FOG
  FOG W/VISIBILITY <= 1/4 MILE


RELATIVE HUMIDITY (PERCENT)
 HIGHEST   100          1200 AM
 LOWEST     59           300 PM
 AVERAGE    80

..........................................................


THE BLACKSBURG VA CLIMATE NORMALS FOR TODAY
                         NORMAL    RECORD    YEAR
 MAXIMUM TEMPERATURE (F)   82        92      1991
 MINIMUM TEMPERATURE (F)   60        51      1971


SUNRISE AND SUNSET
JULY 24 2014..........SUNRISE   620 AM EDT   SUNSET   836 PM EDT
JULY 25 2014..........SUNRISE   621 AM EDT   SUNSET   835 PM EDT


-  INDICATES NEGATIVE NUMBERS.
R  INDICATES RECORD WAS SET OR TIED.
MM INDICATES DATA IS MISSING.
T  INDICATES TRACE AMOUNT.

REMARKS:
TRACE OF SNOW IS FROM HAIL ON JUNE 17.


$$
