864
CDUS41 KRNK 242127
CLIRNK


CLIMATE REPORT
NATIONAL WEATHER SERVICE BLACKSBURG VA
526 PM EDT WED MAY 24 2017


...................................

...THE BLACKSBURG VA CLIMATE SUMMARY FOR MAY 24 2017...
VALID TODAY AS OF 0500 PM LOCAL TIME.

CLIMATE NORMAL PERIOD 1981 TO 2010
CLIMATE RECORD PERIOD 1952 TO 2017


WEATHER ITEM   OBSERVED RECORD YEAR NORMAL DEPARTURE LAST
                VALUE   VALUE       VALUE  FROM      YEAR
                                           NORMAL
...........................................................
TEMPERATURE (F)
 TODAY
  MAXIMUM         59     84    1994  73    -14       78
  MINIMUM         54     31    1967  50      4       44
  AVERAGE         57                 62     -5       61

PRECIPITATION (IN)
  TODAY            0.27   1.53 1998   0.16   0.11     0.00
  MONTH TO DATE    5.04               3.23   1.81     4.22
  SINCE MAR 1     14.20              10.35   3.85     8.54
  SINCE JAN 1     19.98              16.24   3.74    15.68

SNOWFALL (IN)
  TODAY            0.0                                0.0
  MONTH TO DATE    0.0                                0.0
  SINCE MAR 1      1.1                                1.6
  SINCE JUL 1      7.7                               25.6
  SNOW DEPTH       0

DEGREE DAYS
 HEATING
  TODAY            8                  5      3        4
  MONTH TO DATE  146                175    -29      172
  SINCE MAR 1   1064               1332   -268     1019
  SINCE JUL 1   4156               5380  -1224     4454

 COOLING
  TODAY            0                  1     -1        0
  MONTH TO DATE   27                 13     14       11
  SINCE MAR 1     46                 16     30       21
  SINCE JAN 1     46                 16     30       21
...........................................................


WIND (MPH)
  HIGHEST WIND SPEED    15   HIGHEST WIND DIRECTION     E (80)
  HIGHEST GUST SPEED    20   HIGHEST GUST DIRECTION     E (80)
  AVERAGE WIND SPEED     7.9


SKY COVER
  AVERAGE SKY COVER 1.0


WEATHER CONDITIONS
 THE FOLLOWING WEATHER WAS RECORDED TODAY.
  HEAVY RAIN
  RAIN
  LIGHT RAIN
  FOG


RELATIVE HUMIDITY (PERCENT)
 HIGHEST    97           400 PM
 LOWEST     87           200 PM
 AVERAGE    92

..........................................................


THE BLACKSBURG VA CLIMATE NORMALS FOR TOMORROW
                         NORMAL    RECORD    YEAR
 MAXIMUM TEMPERATURE (F)   74        89      1953
 MINIMUM TEMPERATURE (F)   50        34      1967


SUNRISE AND SUNSET
MAY 24 2017...........SUNRISE   607 AM EDT   SUNSET   831 PM EDT
MAY 25 2017...........SUNRISE   606 AM EDT   SUNSET   832 PM EDT


-  INDICATES NEGATIVE NUMBERS.
R  INDICATES RECORD WAS SET OR TIED.
MM INDICATES DATA IS MISSING.
T  INDICATES TRACE AMOUNT.


$$

PW
