000
CDUS41 KRNK 202215
CLIRNK


CLIMATE REPORT
NATIONAL WEATHER SERVICE BLACKSBURG VA
513 PM EST THU NOV 20 2014


...................................

...THE BLACKSBURG VA CLIMATE SUMMARY FOR NOVEMBER 20 2014...
VALID TODAY AS OF 0500 PM LOCAL TIME.

CLIMATE NORMAL PERIOD 1981 TO 2010
CLIMATE RECORD PERIOD 1952 TO 2014


WEATHER ITEM   OBSERVED TIME   RECORD YEAR NORMAL DEPARTURE LAST
                VALUE   (LST)  VALUE       VALUE  FROM      YEAR
                                                  NORMAL
..................................................................
TEMPERATURE (F)
 TODAY
  MAXIMUM         47    300 PM  72    1985  54     -7       44
  MINIMUM         29    100 AM  15    1969  30     -1       29
  AVERAGE         38                        42     -4       37

PRECIPITATION (IN)
  TODAY            0.00          1.05 1952   0.10  -0.10     0.00
  MONTH TO DATE    1.35                      1.87  -0.52     0.87
  SINCE SEP 1      9.50                      7.75   1.75     4.65
  SINCE JAN 1     35.27                     36.94  -1.67    44.20

SNOWFALL (IN)
  TODAY            0.0
  MONTH TO DATE    T
  SINCE SEP 1      T
  SINCE JUL 1      T
  SNOW DEPTH       0

DEGREE DAYS
 HEATING
  TODAY           27                        23      4       28
  MONTH TO DATE  518                       399    119      443
  SINCE SEP 1    917                       908      9      892
  SINCE JUL 1    928                       926      2      915

 COOLING
  TODAY            0                         0      0        0
  MONTH TO DATE    0                         0      0        0
  SINCE SEP 1     79                        61     18       62
  SINCE JAN 1    609                       573     36      568
..................................................................


WIND (MPH)
  HIGHEST WIND SPEED    17   HIGHEST WIND DIRECTION     W (270)
  HIGHEST GUST SPEED    26   HIGHEST GUST DIRECTION     W (270)
  AVERAGE WIND SPEED     8.3


SKY COVER
  POSSIBLE SUNSHINE  MM
  AVERAGE SKY COVER 0.4


WEATHER CONDITIONS
 THE FOLLOWING WEATHER WAS RECORDED TODAY.
  NO SIGNIFICANT WEATHER WAS OBSERVED.


RELATIVE HUMIDITY (PERCENT)
 HIGHEST    64           600 AM
 LOWEST     39           300 PM
 AVERAGE    52

..........................................................


THE BLACKSBURG VA CLIMATE NORMALS FOR TOMORROW
                         NORMAL    RECORD    YEAR
 MAXIMUM TEMPERATURE (F)   53        75      1985
 MINIMUM TEMPERATURE (F)   30        13      1984


SUNRISE AND SUNSET
NOVEMBER 20 2014......SUNRISE   706 AM EST   SUNSET   508 PM EST
NOVEMBER 21 2014......SUNRISE   707 AM EST   SUNSET   508 PM EST


-  INDICATES NEGATIVE NUMBERS.
R  INDICATES RECORD WAS SET OR TIED.
MM INDICATES DATA IS MISSING.
T  INDICATES TRACE AMOUNT.



$$
