163
CDUS41 KRNK 202204
CLIRNK


CLIMATE REPORT
NATIONAL WEATHER SERVICE BLACKSBURG VA
503 PM EST FRI JAN 20 2017


...................................

...THE BLACKSBURG VA CLIMATE SUMMARY FOR JANUARY 20 2017...
VALID TODAY AS OF 0500 PM LOCAL TIME.

CLIMATE NORMAL PERIOD 1981 TO 2010
CLIMATE RECORD PERIOD 1952 TO 2017


WEATHER ITEM   OBSERVED RECORD YEAR NORMAL DEPARTURE LAST
                VALUE   VALUE       VALUE  FROM      YEAR
                                           NORMAL
...........................................................
TEMPERATURE (F)
 TODAY
  MAXIMUM         56     63    1975  42     14       28
  MINIMUM         41     -5    1994  21     20        7
  AVERAGE         49                 31     18       18

PRECIPITATION (IN)
  TODAY            0.28   0.71 2001   0.11   0.17     0.02
  MONTH TO DATE    2.57               2.01   0.56     1.20
  SINCE DEC 1      5.66               4.96   0.70     6.22
  SINCE JAN 1      2.57               2.01   0.56     1.20

SNOWFALL (IN)
  TODAY           MM                                  0.4
  MONTH TO DATE    4.7                                1.2
  SINCE DEC 1      5.4                                1.2
  SINCE JUL 1      5.4                                1.2
  SNOW DEPTH       0

DEGREE DAYS
 HEATING
  TODAY           16                 34    -18       47
  MONTH TO DATE  544                680   -136      706
  SINCE DEC 1   1424               1647   -223     1264
  SINCE JUL 1   2197               2827   -630     2152

 COOLING
  TODAY            0                  0      0        0
  MONTH TO DATE    0                  0      0        0
  SINCE DEC 1      0                  0      0        0
  SINCE JAN 1      0                  0      0        0
...........................................................


WIND (MPH)
  HIGHEST WIND SPEED     8   HIGHEST WIND DIRECTION     E (90)
  HIGHEST GUST SPEED    MM   HIGHEST GUST DIRECTION    MM
  AVERAGE WIND SPEED     2.4


SKY COVER
  AVERAGE SKY COVER 0.8


WEATHER CONDITIONS
 THE FOLLOWING WEATHER WAS RECORDED TODAY.
  HEAVY RAIN
  RAIN
  LIGHT RAIN
  FOG


RELATIVE HUMIDITY (PERCENT)
 HIGHEST   100           800 AM
 LOWEST     74          1200 AM
 AVERAGE    87

..........................................................


THE BLACKSBURG VA CLIMATE NORMALS FOR TOMORROW
                         NORMAL    RECORD    YEAR
 MAXIMUM TEMPERATURE (F)   42        59      1954
 MINIMUM TEMPERATURE (F)   21       -18      1985


SUNRISE AND SUNSET
JANUARY 20 2017.......SUNRISE   732 AM EST   SUNSET   534 PM EST
JANUARY 21 2017.......SUNRISE   732 AM EST   SUNSET   535 PM EST


-  INDICATES NEGATIVE NUMBERS.
R  INDICATES RECORD WAS SET OR TIED.
MM INDICATES DATA IS MISSING.
T  INDICATES TRACE AMOUNT.




$$
