000
CDUS41 KRNK 010946
CLIRNK


CLIMATE REPORT
NATIONAL WEATHER SERVICE BLACKSBURG VA
443 AM EST SUN MAR 1 2015


...................................

...THE BLACKSBURG VA CLIMATE SUMMARY FOR FEBRUARY 28 2015...

CLIMATE NORMAL PERIOD 1981 TO 2010
CLIMATE RECORD PERIOD 1952 TO 2015


WEATHER ITEM   OBSERVED TIME   RECORD YEAR NORMAL DEPARTURE LAST
                VALUE   (LST)  VALUE       VALUE  FROM      YEAR
                                                  NORMAL
..................................................................
TEMPERATURE (F)
 YESTERDAY
  MAXIMUM         35        MM  73    1996  48    -13       38
  MINIMUM          7        MM   5    1963  26    -19       11
  AVERAGE         21                        37    -16       25

PRECIPITATION (IN)
  YESTERDAY        0.00          1.04 2011   0.10  -0.10     0.00
  MONTH TO DATE    2.12                      2.81  -0.69     3.98
  SINCE DEC 1      6.07                      8.84  -2.77    10.89
  SINCE JAN 1      3.42                      5.89  -2.47     5.63

SNOWFALL (IN)
  YESTERDAY        0.0
  MONTH TO DATE   19.4
  SINCE DEC 1     21.0
  SINCE JUL 1     23.4
  SNOW DEPTH       7

DEGREE DAYS
 HEATING
  YESTERDAY       44                        28     16       40
  MONTH TO DATE 1075                       860    215      877
  SINCE DEC 1   2933                      2868     65     2946
  SINCE JUL 1   4126                      4048     78     4181

 COOLING
  YESTERDAY        0                         0      0        0
  MONTH TO DATE    0                         0      0        0
  SINCE DEC 1      0                         0      0        0
  SINCE JAN 1      0                         0      0        0
..................................................................


WIND (MPH)
  HIGHEST WIND SPEED     7   HIGHEST WIND DIRECTION     E (110)
  HIGHEST GUST SPEED    MM   HIGHEST GUST DIRECTION    MM
  AVERAGE WIND SPEED     3.0


SKY COVER
  POSSIBLE SUNSHINE  MM
  AVERAGE SKY COVER 0.4


WEATHER CONDITIONS
 THE FOLLOWING WEATHER WAS RECORDED YESTERDAY.
  NO SIGNIFICANT WEATHER WAS OBSERVED.


RELATIVE HUMIDITY (PERCENT)
 HIGHEST    73           200 AM
 LOWEST     45           300 PM
 AVERAGE    59

..........................................................


THE BLACKSBURG VA CLIMATE NORMALS FOR TODAY
                         NORMAL    RECORD    YEAR
 MAXIMUM TEMPERATURE (F)   49        72      1976
 MINIMUM TEMPERATURE (F)   26        10      2002


SUNRISE AND SUNSET
MARCH  1 2015.........SUNRISE   653 AM EST   SUNSET   615 PM EST
MARCH  2 2015.........SUNRISE   652 AM EST   SUNSET   616 PM EST


-  INDICATES NEGATIVE NUMBERS.
R  INDICATES RECORD WAS SET OR TIED.
MM INDICATES DATA IS MISSING.
T  INDICATES TRACE AMOUNT.




$$
