000
CDUS41 KRNK 152113
CLIRNK


CLIMATE REPORT
NATIONAL WEATHER SERVICE BLACKSBURG VA
510 PM EDT MON SEP 15 2014


...................................

...THE BLACKSBURG VA CLIMATE SUMMARY FOR SEPTEMBER 15 2014...
VALID TODAY AS OF 0500 PM LOCAL TIME.

CLIMATE NORMAL PERIOD 1981 TO 2010
CLIMATE RECORD PERIOD 1952 TO 2014


WEATHER ITEM   OBSERVED TIME   RECORD YEAR NORMAL DEPARTURE LAST
                VALUE   (LST)  VALUE       VALUE  FROM      YEAR
                                                  NORMAL
..................................................................
TEMPERATURE (F)
 TODAY
  MAXIMUM         74    300 PM  92    1998  76     -2       73
  MINIMUM         57    100 AM  32    1985  51      6       43
  AVERAGE         66                        64      2       58

PRECIPITATION (IN)
  TODAY            0.00          0.83 2002   0.10  -0.10     0.00
  MONTH TO DATE    3.43                      1.56   1.87     0.03
  SINCE SEP 1      3.43                      1.56   1.87     0.03
  SINCE JAN 1     29.20                     30.75  -1.55    39.58

SNOWFALL (IN)
  TODAY            0.0
  MONTH TO DATE    0.0
  SINCE SEP 1      0.0
  SINCE JUL 1      0.0
  SNOW DEPTH       0

DEGREE DAYS
 HEATING
  TODAY            0                         3     -3        7
  MONTH TO DATE   14                        27    -13       21
  SINCE SEP 1     14                        27    -13       21
  SINCE JUL 1     25                        45    -20       44

 COOLING
  TODAY            1                         2     -1        0
  MONTH TO DATE   74                        43     31       52
  SINCE SEP 1     74                        43     31       52
  SINCE JAN 1    604                       555     49      558
..................................................................


WIND (MPH)
  HIGHEST WIND SPEED     8   HIGHEST WIND DIRECTION    SE (150)
  HIGHEST GUST SPEED    MM   HIGHEST GUST DIRECTION    MM
  AVERAGE WIND SPEED     0.0


SKY COVER
  POSSIBLE SUNSHINE  MM
  AVERAGE SKY COVER 0.9


WEATHER CONDITIONS
 THE FOLLOWING WEATHER WAS RECORDED TODAY.
  FOG


RELATIVE HUMIDITY (PERCENT)
 HIGHEST   100          1200 AM
 LOWEST     73           100 PM
 AVERAGE    87

..........................................................


THE BLACKSBURG VA CLIMATE NORMALS FOR TOMORROW
                         NORMAL    RECORD    YEAR
 MAXIMUM TEMPERATURE (F)   75        91      1998
 MINIMUM TEMPERATURE (F)   51        35      1985


SUNRISE AND SUNSET
SEPTEMBER 15 2014.....SUNRISE   704 AM EDT   SUNSET   729 PM EDT
SEPTEMBER 16 2014.....SUNRISE   705 AM EDT   SUNSET   728 PM EDT


-  INDICATES NEGATIVE NUMBERS.
R  INDICATES RECORD WAS SET OR TIED.
MM INDICATES DATA IS MISSING.
T  INDICATES TRACE AMOUNT.




$$
