000
CDUS41 KRNK 290925
CLIRNK


CLIMATE REPORT
NATIONAL WEATHER SERVICE BLACKSBURG VA
523 AM EDT TUE JUL 29 2014


...................................

...THE BLACKSBURG VA CLIMATE SUMMARY FOR JULY 28 2014...

CLIMATE NORMAL PERIOD 1981 TO 2010
CLIMATE RECORD PERIOD 1952 TO 2014


WEATHER ITEM   OBSERVED TIME   RECORD YEAR NORMAL DEPARTURE LAST
                VALUE   (LST)  VALUE       VALUE  FROM      YEAR
                                                  NORMAL
..................................................................
TEMPERATURE (F)
 YESTERDAY
  MAXIMUM         76   1200 PM  95    1966  82     -6       78
  MINIMUM         59   1100 PM  45    1962  60     -1       61
  AVERAGE         68                        71     -3       70

PRECIPITATION (IN)
  YESTERDAY        T             1.90 1970   0.14  -0.14     0.07
  MONTH TO DATE    1.92                      3.85  -1.93     7.44
  SINCE JUN 1      4.99                      7.85  -2.86    15.38
  SINCE JAN 1     19.82                     25.19  -5.37    37.25

SNOWFALL (IN)
  YESTERDAY        0.0
  MONTH TO DATE    0.0
  SINCE JUN 1      T
  SINCE JUL 1      0.0
  SNOW DEPTH       0

DEGREE DAYS
 HEATING
  YESTERDAY        0                         0      0        0
  MONTH TO DATE    6                         0      6        0
  SINCE JUN 1      9                        38    -29        7
  SINCE JUL 1      6                         0      6        0

 COOLING
  YESTERDAY        3                         6     -3        5
  MONTH TO DATE  179                       174      5      212
  SINCE JUN 1    345                       293     52      328
  SINCE JAN 1    403                       322     81      359
..................................................................


WIND (MPH)
  HIGHEST WIND SPEED    17   HIGHEST WIND DIRECTION    NW (300)
  HIGHEST GUST SPEED    30   HIGHEST GUST DIRECTION    NW (300)
  AVERAGE WIND SPEED     8.4


SKY COVER
  POSSIBLE SUNSHINE  MM
  AVERAGE SKY COVER 0.5


WEATHER CONDITIONS
 THE FOLLOWING WEATHER WAS RECORDED YESTERDAY.
  LIGHT RAIN


RELATIVE HUMIDITY (PERCENT)
 HIGHEST    93           200 AM
 LOWEST     61           200 PM
 AVERAGE    77

..........................................................


THE BLACKSBURG VA CLIMATE NORMALS FOR TODAY
                         NORMAL    RECORD    YEAR
 MAXIMUM TEMPERATURE (F)   82        94      1953
 MINIMUM TEMPERATURE (F)   60        50      1983


SUNRISE AND SUNSET
JULY 29 2014..........SUNRISE   624 AM EDT   SUNSET   832 PM EDT
JULY 30 2014..........SUNRISE   625 AM EDT   SUNSET   831 PM EDT


-  INDICATES NEGATIVE NUMBERS.
R  INDICATES RECORD WAS SET OR TIED.
MM INDICATES DATA IS MISSING.
T  INDICATES TRACE AMOUNT.

REMARKS

TRACE OF SNOW IS FROM HAIL ON JUNE 17

$$

MBS
