000
CDUS46 KSGX 280115
CLIRNM


CLIMATE REPORT
NATIONAL WEATHER SERVICE SAN DIEGO, CA
515 PM PST MON FEB 27 2017


...................................

...THE RAMONA AIRPORT CA CLIMATE SUMMARY FOR FEBRUARY 27 2017...
VALID TODAY AS OF 0500 PM LOCAL TIME.

CLIMATE NORMAL PERIOD 1981 TO 2010
CLIMATE RECORD PERIOD 1974 TO 2017


WEATHER ITEM   OBSERVED TIME   RECORD YEAR NORMAL DEPARTURE LAST
                VALUE   (LST)  VALUE       VALUE  FROM      YEAR
                                                  NORMAL
..................................................................
TEMPERATURE (F)
 TODAY
  MAXIMUM         54    223 PM  85    1980  65    -11       78
  MINIMUM         45    105 AM  27    1977  39      6       35
  AVERAGE         50                        52     -2       57

PRECIPITATION (IN)
  TODAY            2.98R         1.39 2010   0.11   2.87     0.00
  MONTH TO DATE    5.01                      3.00   2.01     0.11
  SINCE OCT 1     19.37                     10.46   8.91    10.18
  SINCE JAN 1     12.35                      6.32   6.03     6.65

DEGREE DAYS
 HEATING
  TODAY           15                        13      2        8
  MONTH TO DATE  311                       381    -70      210
  SINCE DEC 1   1167                      1317   -150     1152
  SINCE JUL 1   1418                      1728   -310     1491

 COOLING
  TODAY            0                         0      0        0
  MONTH TO DATE    0                         0      0        5
  SINCE DEC 1      1                         1      0        5
  SINCE JAN 1      0                         1     -1        5
..................................................................


WIND (MPH)
  RESULTANT WIND SPEED   7   RESULTANT WIND DIRECTION   S (190)
  HIGHEST WIND SPEED    20   HIGHEST WIND DIRECTION     S (200)
  HIGHEST GUST SPEED    29   HIGHEST GUST DIRECTION     S (200)
  AVERAGE WIND SPEED    10.1


SKY COVER
  POSSIBLE SUNSHINE  MM
  AVERAGE SKY COVER 1.0


WEATHER CONDITIONS
 THE FOLLOWING WEATHER WAS RECORDED TODAY.
  HEAVY RAIN
  RAIN
  LIGHT RAIN
  FOG


RELATIVE HUMIDITY (PERCENT)
 HIGHEST   100           200 AM
 LOWEST     93          1200 AM
 AVERAGE    97

..........................................................


THE RAMONA AIRPORT CA CLIMATE NORMALS FOR TOMORROW
                         NORMAL    RECORD    YEAR
 MAXIMUM TEMPERATURE (F)   65        83      2009
                                             1975
 MINIMUM TEMPERATURE (F)   39        27      2011


SUNRISE AND SUNSET
FEBRUARY 27 2017......SUNRISE   618 AM PST   SUNSET   543 PM PST
FEBRUARY 28 2017......SUNRISE   616 AM PST   SUNSET   544 PM PST


-  INDICATES NEGATIVE NUMBERS.
R  INDICATES RECORD WAS SET OR TIED.
MM INDICATES DATA IS MISSING.
T  INDICATES TRACE AMOUNT.




$$
