000
CDUS46 KSGX 011422
CLIRNM


CLIMATE REPORT
NATIONAL WEATHER SERVICE SAN DIEGO, CA
722 AM PDT SAT OCT 1 2016


...................................

...THE RAMONA AIRPORT CA CLIMATE SUMMARY FOR SEPTEMBER 30 2016...

CLIMATE NORMAL PERIOD 1981 TO 2010
CLIMATE RECORD PERIOD 1974 TO 2016


WEATHER ITEM   OBSERVED TIME   RECORD YEAR NORMAL DEPARTURE LAST
                VALUE   (LST)  VALUE       VALUE  FROM      YEAR
                                                  NORMAL
..................................................................
TEMPERATURE (F)
 YESTERDAY
  MAXIMUM         92   1226 PM 107    1980  83      9       92
  MINIMUM         57    439 AM  40    1982  51      6       50
  AVERAGE         75                        67      8       71

PRECIPITATION (IN)
  YESTERDAY        0.00          0.26 1983   0.01  -0.01     0.00
  MONTH TO DATE    0.50                      0.29   0.21     1.30
  SINCE OCT 1     13.69                     16.04  -2.35    13.32
  SINCE JAN 1     10.16                     11.90  -1.74     8.72

DEGREE DAYS
 HEATING
  YESTERDAY        0                         1     -1        0
  MONTH TO DATE    8                        11     -3        0
  SINCE SEP 1      8                        15     -7        0
  SINCE JUL 1      8                        18    -10        0

 COOLING
  YESTERDAY       10                         3      7        6
  MONTH TO DATE  133                       180    -47      293
  SINCE SEP 1    133                       180    -47      293
  SINCE JAN 1    929                       793    136     1073
..................................................................


WIND (MPH)
  RESULTANT WIND SPEED   3   RESULTANT WIND DIRECTION   W (270)
  HIGHEST WIND SPEED    16   HIGHEST WIND DIRECTION     W (270)
  HIGHEST GUST SPEED    20   HIGHEST GUST DIRECTION     W (270)
  AVERAGE WIND SPEED     3.8


SKY COVER
  POSSIBLE SUNSHINE  MM
  AVERAGE SKY COVER 0.0


WEATHER CONDITIONS
 THE FOLLOWING WEATHER WAS RECORDED YESTERDAY.
  NO SIGNIFICANT WEATHER WAS OBSERVED.


RELATIVE HUMIDITY (PERCENT)
 HIGHEST    80           400 AM
 LOWEST     26          1000 AM
 AVERAGE    53

..........................................................


THE RAMONA AIRPORT CA CLIMATE NORMALS FOR TODAY
                         NORMAL    RECORD    YEAR
 MAXIMUM TEMPERATURE (F)   83       105      1980
 MINIMUM TEMPERATURE (F)   51        41      2013


SUNRISE AND SUNSET
OCTOBER  1 2016.......SUNRISE   642 AM PDT   SUNSET   631 PM PDT
OCTOBER  2 2016.......SUNRISE   643 AM PDT   SUNSET   630 PM PDT


-  INDICATES NEGATIVE NUMBERS.
R  INDICATES RECORD WAS SET OR TIED.
MM INDICATES DATA IS MISSING.
T  INDICATES TRACE AMOUNT.




$$
