000
CDUS46 KSGX 220016
CLIRNM


CLIMATE REPORT
NATIONAL WEATHER SERVICE SAN DIEGO, CA
516 PM PDT MON JUL 21 2014


...................................

...THE RAMONA AIRPORT CA CLIMATE SUMMARY FOR JULY 21 2014...
VALID TODAY AS OF 0500 PM LOCAL TIME.

CLIMATE NORMAL PERIOD 1981 TO 2010
CLIMATE RECORD PERIOD 1974 TO 2014


WEATHER ITEM   OBSERVED TIME   RECORD YEAR NORMAL DEPARTURE LAST
                VALUE   (LST)  VALUE       VALUE  FROM      YEAR
                                                  NORMAL
..................................................................
TEMPERATURE (F)
 TODAY
  MAXIMUM         87   1225 PM 101    1982  89     -2       74
  MINIMUM         62    558 AM  47    2011  57      5       61
                                      2001
  AVERAGE         75                        73      2       68

PRECIPITATION (IN)
  TODAY            0.00          0.31 1986   0.00   0.00     0.08
  MONTH TO DATE    T                         0.07  -0.07     0.08
  SINCE JUL 1      T                         0.07  -0.07     0.08
  SINCE JAN 1      5.09                     11.40  -6.31     4.58

SNOWFALL (IN)
  TODAY            0.0
  MONTH TO DATE    0.0
  SINCE JAN 1      0.0
  SINCE JUL 1      0.0
  SNOW DEPTH       0

DEGREE DAYS
 HEATING
  TODAY            0                         0      0        0
  MONTH TO DATE    0                         0      0        0
  SINCE JUN 1      7                        27    -20        2
  SINCE JUL 1      0                         0      0        0

 COOLING
  TODAY           10                         8      2        3
  MONTH TO DATE  176                       141     35      184
  SINCE JUN 1    264                       227     37      294
  SINCE JAN 1    347                       254     93      342
..................................................................


WIND (MPH)
  RESULTANT WIND SPEED   4   RESULTANT WIND DIRECTION   W (290)
  HIGHEST WIND SPEED    16   HIGHEST WIND DIRECTION     W (270)
  HIGHEST GUST SPEED    22   HIGHEST GUST DIRECTION     W (280)
  AVERAGE WIND SPEED     4.8


SKY COVER
  POSSIBLE SUNSHINE  MM
  AVERAGE SKY COVER 0.4


WEATHER CONDITIONS
 THE FOLLOWING WEATHER WAS RECORDED TODAY.
  NO SIGNIFICANT WEATHER WAS OBSERVED.


RELATIVE HUMIDITY (PERCENT)
 HIGHEST    90           200 AM
 LOWEST     40          1200 PM
 AVERAGE    65

..........................................................


THE RAMONA AIRPORT CA CLIMATE NORMALS FOR TOMORROW
                         NORMAL    RECORD    YEAR
 MAXIMUM TEMPERATURE (F)   89       111      2006
 MINIMUM TEMPERATURE (F)   57        46      2001


SUNRISE AND SUNSET
JULY 21 2014..........SUNRISE   554 AM PDT   SUNSET   754 PM PDT
JULY 22 2014..........SUNRISE   554 AM PDT   SUNSET   754 PM PDT


-  INDICATES NEGATIVE NUMBERS.
R  INDICATES RECORD WAS SET OR TIED.
MM INDICATES DATA IS MISSING.
T  INDICATES TRACE AMOUNT.




$$
