000
CDUS46 KSGX 261134
CLIRNM


CLIMATE REPORT
NATIONAL WEATHER SERVICE SAN DIEGO, CA
434 AM PDT MON JUN 26 2017


...................................

...THE RAMONA AIRPORT CA CLIMATE SUMMARY FOR JUNE 25 2017...

CLIMATE NORMAL PERIOD 1981 TO 2010
CLIMATE RECORD PERIOD 1974 TO 2017


WEATHER ITEM   OBSERVED TIME   RECORD YEAR NORMAL DEPARTURE LAST
                VALUE   (LST)  VALUE       VALUE  FROM      YEAR
                                                  NORMAL
..................................................................
TEMPERATURE (F)
 YESTERDAY
  MAXIMUM        102   1140 AM 103    2006  85     17       87
  MINIMUM         59    328 AM  40    1975  53      6       52
  AVERAGE         81                        69     12       70

PRECIPITATION (IN)
  YESTERDAY        0.00          0.01 2006   0.00   0.00     0.00
  MONTH TO DATE    0.01                      0.12  -0.11     0.00
  SINCE OCT 1     22.73                     15.47   7.26    13.19
  SINCE JAN 1     15.71                     11.33   4.38     9.66

DEGREE DAYS
 HEATING
  YESTERDAY        0                         0      0        0
  MONTH TO DATE   13                        26    -13        4
  SINCE JUN 1     13                        26    -13        4
  SINCE JUL 1   1922                      2550   -628     2157

 COOLING
  YESTERDAY       16                         4     12        5
  MONTH TO DATE  133                        61     72      137
  SINCE JUN 1    133                        61     72      137
  SINCE JAN 1    183                        88     95      149
..................................................................


WIND (MPH)
  RESULTANT WIND SPEED   5   RESULTANT WIND DIRECTION   W (290)
  HIGHEST WIND SPEED    15   HIGHEST WIND DIRECTION     W (290)
  HIGHEST GUST SPEED    26   HIGHEST GUST DIRECTION    SW (240)
  AVERAGE WIND SPEED     4.9


SKY COVER
  POSSIBLE SUNSHINE  MM
  AVERAGE SKY COVER 0.0


WEATHER CONDITIONS
 THE FOLLOWING WEATHER WAS RECORDED YESTERDAY.
  NO SIGNIFICANT WEATHER WAS OBSERVED.


RELATIVE HUMIDITY (PERCENT)
 HIGHEST    90           100 AM
 LOWEST     24          1000 AM
 AVERAGE    57

..........................................................


THE RAMONA AIRPORT CA CLIMATE NORMALS FOR TODAY
                         NORMAL    RECORD    YEAR
 MAXIMUM TEMPERATURE (F)   85       107      1994
 MINIMUM TEMPERATURE (F)   53        40      2012


SUNRISE AND SUNSET
JUNE 26 2017..........SUNRISE   541 AM PDT   SUNSET   800 PM PDT
JUNE 27 2017..........SUNRISE   541 AM PDT   SUNSET   800 PM PDT


-  INDICATES NEGATIVE NUMBERS.
R  INDICATES RECORD WAS SET OR TIED.
MM INDICATES DATA IS MISSING.
T  INDICATES TRACE AMOUNT.




$$
