000
CDUS46 KSGX 272319
CLIRNM


CLIMATE REPORT
NATIONAL WEATHER SERVICE SAN DIEGO, CA
419 PM PDT THU APR 27 2017


...................................

...THE RAMONA AIRPORT CA CLIMATE SUMMARY FOR APRIL 27 2017...
VALID TODAY AS OF 0400 PM LOCAL TIME.

CLIMATE NORMAL PERIOD 1981 TO 2010
CLIMATE RECORD PERIOD 1974 TO 2017


WEATHER ITEM   OBSERVED TIME   RECORD YEAR NORMAL DEPARTURE LAST
                VALUE   (LST)  VALUE       VALUE  FROM      YEAR
                                                  NORMAL
..................................................................
TEMPERATURE (F)
 TODAY
  MAXIMUM         75   1213 PM  97    2004  72      3       71
  MINIMUM         47    435 AM  34    1974  44      3       37
  AVERAGE         61                        58      3       54

PRECIPITATION (IN)
  TODAY            0.00          0.48 1994   0.05  -0.05     0.00
  MONTH TO DATE    T                         1.29  -1.29     1.33
  SINCE OCT 1     21.58                     14.94   6.64    12.92
  SINCE JAN 1     14.56                     10.80   3.76     9.39

DEGREE DAYS
 HEATING
  TODAY            4                         7     -3       11
  MONTH TO DATE  142                       256   -114      168
  SINCE MAR 1    369                       631   -262      482
  SINCE JUL 1   1804                      2372   -568     1985

 COOLING
  TODAY            0                         0      0        0
  MONTH TO DATE    9                         0      9        1
  SINCE MAR 1     12                         0     12        1
  SINCE JAN 1     12                         1     11        6
..................................................................


WIND (MPH)
  RESULTANT WIND SPEED   1   RESULTANT WIND DIRECTION   W (280)
  HIGHEST WIND SPEED    16   HIGHEST WIND DIRECTION     W (270)
  HIGHEST GUST SPEED    19   HIGHEST GUST DIRECTION     W (280)
  AVERAGE WIND SPEED     3.8


SKY COVER
  POSSIBLE SUNSHINE  MM
  AVERAGE SKY COVER 0.3


WEATHER CONDITIONS
 THE FOLLOWING WEATHER WAS RECORDED TODAY.
  FOG
  FOG W/VISIBILITY <= 1/4 MILE


RELATIVE HUMIDITY (PERCENT)
 HIGHEST   100           600 AM
 LOWEST     57          1200 PM
 AVERAGE    79

..........................................................


THE RAMONA AIRPORT CA CLIMATE NORMALS FOR TOMORROW
                         NORMAL    RECORD    YEAR
 MAXIMUM TEMPERATURE (F)   72        95      2008
 MINIMUM TEMPERATURE (F)   44        35      1974


SUNRISE AND SUNSET
APRIL 27 2017.........SUNRISE   604 AM PDT   SUNSET   727 PM PDT
APRIL 28 2017.........SUNRISE   603 AM PDT   SUNSET   728 PM PDT


-  INDICATES NEGATIVE NUMBERS.
R  INDICATES RECORD WAS SET OR TIED.
MM INDICATES DATA IS MISSING.
T  INDICATES TRACE AMOUNT.




$$
