000
CDUS46 KSGX 011426
CLIRNM


CLIMATE REPORT
NATIONAL WEATHER SERVICE SAN DIEGO, CA
726 AM PDT SUN MAY 1 2016


...................................

...THE RAMONA AIRPORT CA CLIMATE SUMMARY FOR APRIL 30 2016...

CLIMATE NORMAL PERIOD 1981 TO 2010
CLIMATE RECORD PERIOD 1974 TO 2016


WEATHER ITEM   OBSERVED TIME   RECORD YEAR NORMAL DEPARTURE LAST
                VALUE   (LST)  VALUE       VALUE  FROM      YEAR
                                                  NORMAL
..................................................................
TEMPERATURE (F)
 YESTERDAY
  MAXIMUM         66    257 PM  93    1996  73     -7       92
  MINIMUM         46   1041 PM  36    2009  45      1       49
  AVERAGE         56                        59     -3       71

PRECIPITATION (IN)
  YESTERDAY        0.02          0.14 1999   0.03  -0.01     0.00
  MONTH TO DATE    1.35                      1.40  -0.05     0.49
  SINCE OCT 1     12.94                     15.05  -2.11     7.93
  SINCE JAN 1      9.41                     10.91  -1.50     3.33

DEGREE DAYS
 HEATING
  YESTERDAY        9                         7      2        0
  MONTH TO DATE  196                       277    -81      195
  SINCE MAR 1    510                       651   -141      388
  SINCE JUL 1   2013                      2392   -379     1572

 COOLING
  YESTERDAY        0                         0      0        6
  MONTH TO DATE    1                         4     -3       12
  SINCE MAR 1      1                         4     -3       19
  SINCE JAN 1      6                         5      1       21
..................................................................


WIND (MPH)
  RESULTANT WIND SPEED   5   RESULTANT WIND DIRECTION  SW (210)
  HIGHEST WIND SPEED    15   HIGHEST WIND DIRECTION     W (270)
  HIGHEST GUST SPEED    19   HIGHEST GUST DIRECTION     S (180)
  AVERAGE WIND SPEED     7.2


SKY COVER
  POSSIBLE SUNSHINE  MM
  AVERAGE SKY COVER 0.8


WEATHER CONDITIONS
 THE FOLLOWING WEATHER WAS RECORDED YESTERDAY.
  LIGHT RAIN
  FOG
  HAZE


RELATIVE HUMIDITY (PERCENT)
 HIGHEST    93          1100 PM
 LOWEST     48           300 PM
 AVERAGE    71

..........................................................


THE RAMONA AIRPORT CA CLIMATE NORMALS FOR TODAY
                         NORMAL    RECORD    YEAR
 MAXIMUM TEMPERATURE (F)   73        92      2015
 MINIMUM TEMPERATURE (F)   45        33      2011


SUNRISE AND SUNSET
MAY  1 2016...........SUNRISE   600 AM PDT   SUNSET   730 PM PDT
MAY  2 2016...........SUNRISE   559 AM PDT   SUNSET   731 PM PDT


-  INDICATES NEGATIVE NUMBERS.
R  INDICATES RECORD WAS SET OR TIED.
MM INDICATES DATA IS MISSING.
T  INDICATES TRACE AMOUNT.




$$
