000
CDUS46 KSGX 021417
CLIRNM


CLIMATE REPORT
NATIONAL WEATHER SERVICE SAN DIEGO, CA
716 AM PDT WED SEP 2 2015


...................................

...THE RAMONA AIRPORT CA CLIMATE SUMMARY FOR SEPTEMBER 1 2015...

CLIMATE NORMAL PERIOD 1981 TO 2010
CLIMATE RECORD PERIOD 1974 TO 2015


WEATHER ITEM   OBSERVED TIME   RECORD YEAR NORMAL DEPARTURE LAST
                VALUE   (LST)  VALUE       VALUE  FROM      YEAR
                                                  NORMAL
..................................................................
TEMPERATURE (F)
 YESTERDAY
  MAXIMUM         85   1250 PM 106    2007  90     -5       92
  MINIMUM         61    916 PM  45    2005  57      4       51
  AVERAGE         73                        74     -1       72

PRECIPITATION (IN)
  YESTERDAY        0.00          0.01 1995   0.01  -0.01     0.00
                                      1995
                                      2006
  MONTH TO DATE    0.00                      0.01  -0.01     0.00
  SINCE OCT 1     12.02                     15.76  -3.74     8.17
  SINCE JAN 1      7.42                     11.62  -4.20     5.50

DEGREE DAYS
 HEATING
  YESTERDAY        0                         0      0        0
  MONTH TO DATE    0                         0      0        0
  SINCE SEP 1      0                         0      0        0
  SINCE JUL 1      0                         3     -3        0

 COOLING
  YESTERDAY        8                         9     -1        7
  MONTH TO DATE    8                         9     -1        7
  SINCE SEP 1      8                         9     -1        7
  SINCE JAN 1    788                       622    166      746
..................................................................


WIND (MPH)
  RESULTANT WIND SPEED   3   RESULTANT WIND DIRECTION   W (260)
  HIGHEST WIND SPEED    15   HIGHEST WIND DIRECTION     W (260)
  HIGHEST GUST SPEED    20   HIGHEST GUST DIRECTION     W (270)
  AVERAGE WIND SPEED     4.6


SKY COVER
  POSSIBLE SUNSHINE  MM
  AVERAGE SKY COVER 0.4


WEATHER CONDITIONS
 THE FOLLOWING WEATHER WAS RECORDED YESTERDAY.
  FOG


RELATIVE HUMIDITY (PERCENT)
 HIGHEST    93           100 AM
 LOWEST     43           100 PM
 AVERAGE    68

..........................................................


THE RAMONA AIRPORT CA CLIMATE NORMALS FOR TODAY
                         NORMAL    RECORD    YEAR
 MAXIMUM TEMPERATURE (F)   90       109      1982
 MINIMUM TEMPERATURE (F)   57        45      2005


SUNRISE AND SUNSET
SEPTEMBER  2 2015.....SUNRISE   623 AM PDT   SUNSET   711 PM PDT
SEPTEMBER  3 2015.....SUNRISE   623 AM PDT   SUNSET   710 PM PDT


-  INDICATES NEGATIVE NUMBERS.
R  INDICATES RECORD WAS SET OR TIED.
MM INDICATES DATA IS MISSING.
T  INDICATES TRACE AMOUNT.




$$
