602
CDUS46 KSGX 160116
CLIRNM


CLIMATE REPORT
NATIONAL WEATHER SERVICE SAN DIEGO, CA
516 PM PST FRI DEC 15 2017


...................................

...THE RAMONA AIRPORT CA CLIMATE SUMMARY FOR DECEMBER 15 2017...
VALID TODAY AS OF 0500 PM LOCAL TIME.

CLIMATE NORMAL PERIOD 1981 TO 2010
CLIMATE RECORD PERIOD 1974 TO 2017


WEATHER ITEM   OBSERVED TIME   RECORD YEAR NORMAL DEPARTURE LAST
                VALUE   (LST)  VALUE       VALUE  FROM      YEAR
                                                  NORMAL
..................................................................
TEMPERATURE (F)
 TODAY
  MAXIMUM         80   1253 PM  82    1980  64     16       75
  MINIMUM         38    607 AM  26    2003  34      4       42
                                      1987
  AVERAGE         59                        49     10       59

PRECIPITATION (IN)
  TODAY            0.00          1.68 2008   0.06  -0.06     0.38
  MONTH TO DATE    0.00                      0.79  -0.79     0.38
  SINCE OCT 1      T                         2.70  -2.70     2.01
  SINCE JAN 1     15.94                     14.60   1.34    12.17

DEGREE DAYS
 HEATING
  TODAY            6                        16    -10        6
  MONTH TO DATE  111                       227   -116      190
  SINCE DEC 1    111                       227   -116      190
  SINCE JUL 1    292                       638   -346      441

 COOLING
  TODAY            0                         0      0        0
  MONTH TO DATE    1                         0      1        0
  SINCE DEC 1      1                         0      1        0
  SINCE JAN 1   1291                       850    441     1019
..................................................................


WIND (MPH)
  RESULTANT WIND SPEED   3   RESULTANT WIND DIRECTION   E (70)
  HIGHEST WIND SPEED    20   HIGHEST WIND DIRECTION     E (80)
  HIGHEST GUST SPEED    26   HIGHEST GUST DIRECTION     E (70)
  AVERAGE WIND SPEED     7.3


SKY COVER
  POSSIBLE SUNSHINE  MM
  AVERAGE SKY COVER 0.0


WEATHER CONDITIONS
 THE FOLLOWING WEATHER WAS RECORDED TODAY.
  NO SIGNIFICANT WEATHER WAS OBSERVED.


RELATIVE HUMIDITY (PERCENT)
 HIGHEST    33           100 AM
 LOWEST      5          1200 PM
 AVERAGE    19

..........................................................


THE RAMONA AIRPORT CA CLIMATE NORMALS FOR TOMORROW
                         NORMAL    RECORD    YEAR
 MAXIMUM TEMPERATURE (F)   64        86      2013
 MINIMUM TEMPERATURE (F)   34        29      2015
                                             2011
                                             1975


SUNRISE AND SUNSET
DECEMBER 15 2017......SUNRISE   643 AM PST   SUNSET   443 PM PST
DECEMBER 16 2017......SUNRISE   644 AM PST   SUNSET   443 PM PST


-  INDICATES NEGATIVE NUMBERS.
R  INDICATES RECORD WAS SET OR TIED.
MM INDICATES DATA IS MISSING.
T  INDICATES TRACE AMOUNT.




$$
