000
CDUS46 KSGX 261418
CLIRNM


CLIMATE REPORT
NATIONAL WEATHER SERVICE SAN DIEGO, CA
617 AM PST MON JAN 26 2015


...................................

...THE RAMONA AIRPORT CA CLIMATE SUMMARY FOR JANUARY 25 2015...

CLIMATE NORMAL PERIOD 1981 TO 2010
CLIMATE RECORD PERIOD 1974 TO 2015


WEATHER ITEM   OBSERVED TIME   RECORD YEAR NORMAL DEPARTURE LAST
                VALUE   (LST)  VALUE       VALUE  FROM      YEAR
                                                  NORMAL
..................................................................
TEMPERATURE (F)
 YESTERDAY
  MAXIMUM         76   1246 PM  84    1975  65     11       73
  MINIMUM         52    102 AM  29    1991  35     17       42
  AVERAGE         64                        50     14       58

PRECIPITATION (IN)
  YESTERDAY        0.00          1.10 1997   0.08  -0.08     0.00
  MONTH TO DATE    0.63                      2.90  -2.27      T
  SINCE OCT 1      5.23                      7.04  -1.81     2.67
  SINCE JAN 1      0.63                      2.90  -2.27      T

SNOWFALL (IN)
  YESTERDAY        0.0
  MONTH TO DATE    0.0
  SINCE JAN 1      0.0
  SINCE JUL 1      0.0
  SNOW DEPTH       0

DEGREE DAYS
 HEATING
  YESTERDAY        1                        15    -14        7
  MONTH TO DATE  292                       375    -83      227
  SINCE DEC 1    692                       852   -160      638
  SINCE JUL 1    892                      1263   -371     1067

 COOLING
  YESTERDAY        0                         0      0        0
  MONTH TO DATE    0                         0      0        0
  SINCE DEC 1      0                         0      0        1
  SINCE JAN 1      0                         0      0        0
..................................................................


WIND (MPH)
  RESULTANT WIND SPEED   6   RESULTANT WIND DIRECTION   E (80)
  HIGHEST WIND SPEED    38   HIGHEST WIND DIRECTION     E (70)
  HIGHEST GUST SPEED    48   HIGHEST GUST DIRECTION    NE (60)
  AVERAGE WIND SPEED     8.6


SKY COVER
  POSSIBLE SUNSHINE  MM
  AVERAGE SKY COVER 0.1


WEATHER CONDITIONS
 THE FOLLOWING WEATHER WAS RECORDED YESTERDAY.
  NO SIGNIFICANT WEATHER WAS OBSERVED.


RELATIVE HUMIDITY (PERCENT)
 HIGHEST    38          1000 PM
 LOWEST     14           200 PM
 AVERAGE    26

..........................................................


THE RAMONA AIRPORT CA CLIMATE NORMALS FOR TODAY
                         NORMAL    RECORD    YEAR
 MAXIMUM TEMPERATURE (F)   65        83      1987
 MINIMUM TEMPERATURE (F)   35        29      2007
                                             2006
                                             2004


SUNRISE AND SUNSET
JANUARY 26 2015.......SUNRISE   647 AM PST   SUNSET   514 PM PST
JANUARY 27 2015.......SUNRISE   646 AM PST   SUNSET   515 PM PST


-  INDICATES NEGATIVE NUMBERS.
R  INDICATES RECORD WAS SET OR TIED.
MM INDICATES DATA IS MISSING.
T  INDICATES TRACE AMOUNT.




$$
