000
CDUS45 KREV 300841
CLIRNO


CLIMATE REPORT
NATIONAL WEATHER SERVICE RENO NV
140 AM PDT FRI SEP 30 2016


...................................

...THE RENO TAHOE AIRPORT NV CLIMATE SUMMARY FOR SEPTEMBER 29 2016...

CLIMATE NORMAL PERIOD 1981 TO 2010
CLIMATE RECORD PERIOD 1888 TO 2016


WEATHER ITEM   OBSERVED TIME   RECORD YEAR NORMAL DEPARTURE LAST
                VALUE   (LST)  VALUE       VALUE  FROM      YEAR
                                                  NORMAL
..................................................................
TEMPERATURE (F)
 YESTERDAY
  MAXIMUM         85    245 PM  96    2010  77      8       84
  MINIMUM         54    612 AM  23    1965  44     10       54
  AVERAGE         70                        61      9       69

PRECIPITATION (IN)
  YESTERDAY        0.00          1.04 1930   0.01  -0.01     0.00
  MONTH TO DATE    T                         0.33  -0.33      T
  SINCE OCT 1      9.20                      7.38   1.82     5.83
  SINCE JAN 1      5.25                      5.02   0.23     4.41

SNOWFALL (IN)
  YESTERDAY        0.0           1.5  1982   0.0    0.0      0.0
  MONTH TO DATE    0.0                       0.1   -0.1      0.0
  SINCE SEP 1      0.0                       0.1   -0.1      0.0
  SINCE JUL 1      0.0                       0.1   -0.1      0.0
  SNOW DEPTH       0

DEGREE DAYS
 HEATING
  YESTERDAY        0                         5     -5        0
  MONTH TO DATE   43                        75    -32       21
  SINCE SEP 1     43                        75    -32       21
  SINCE JUL 1     43                        85    -42       22

 COOLING
  YESTERDAY        5                         1      4        4
  MONTH TO DATE   94                        86      8      163
  SINCE SEP 1     94                        86      8      163
  SINCE JAN 1   1087                       832    255     1157
..................................................................


WIND (MPH)
  RESULTANT WIND SPEED   3   RESULTANT WIND DIRECTION   W (280)
  HIGHEST WIND SPEED    21   HIGHEST WIND DIRECTION     W (280)
  HIGHEST GUST SPEED    27   HIGHEST GUST DIRECTION     W (290)
  AVERAGE WIND SPEED     4.9



WEATHER CONDITIONS
 THE FOLLOWING WEATHER WAS RECORDED YESTERDAY.
  NO SIGNIFICANT WEATHER WAS OBSERVED.


RELATIVE HUMIDITY (PERCENT)
 HIGHEST    55           500 AM
 LOWEST     14          1200 PM
 AVERAGE    35

..........................................................


THE RENO TAHOE AIRPORT NV CLIMATE NORMALS FOR TODAY
                         NORMAL    RECORD    YEAR
 MAXIMUM TEMPERATURE (F)   76        96      2010
 MINIMUM TEMPERATURE (F)   44        21      1950


SUNRISE AND SUNSET
SEPTEMBER 30 2016.....SUNRISE   655 AM PDT   SUNSET   642 PM PDT
OCTOBER  1 2016.......SUNRISE   656 AM PDT   SUNSET   641 PM PDT


-  INDICATES NEGATIVE NUMBERS.
R  INDICATES RECORD WAS SET OR TIED.
MM INDICATES DATA IS MISSING.
T  INDICATES TRACE AMOUNT.




$$
