000
CDUS45 KREV 260836
CLIRNO


CLIMATE REPORT
NATIONAL WEATHER SERVICE RENO NV
1235 AM PST WED NOV 26 2014


...................................

...THE RENO TAHOE AIRPORT NV CLIMATE SUMMARY FOR NOVEMBER 25 2014...

CLIMATE NORMAL PERIOD 1981 TO 2010
CLIMATE RECORD PERIOD 1888 TO 2014


WEATHER ITEM   OBSERVED TIME   RECORD YEAR NORMAL DEPARTURE LAST
                VALUE   (LST)  VALUE       VALUE  FROM      YEAR
                                                  NORMAL
..................................................................
TEMPERATURE (F)
 YESTERDAY
  MAXIMUM         63    343 PM  73    1949  51     12       54
  MINIMUM         26    729 AM   9    1952  28     -2       23
  AVERAGE         45                        39      6       39

PRECIPITATION (IN)
  YESTERDAY        0.00          0.45 1989   0.03  -0.03     0.00
  MONTH TO DATE    0.19                      0.67  -0.48     0.49
  SINCE OCT 1      0.37                      1.18  -0.81     0.55
  SINCE JAN 1      3.94                      6.22  -2.28     3.61

SNOWFALL (IN)
  YESTERDAY        0.0           3.5  1994   0.1   -0.1      0.0
  MONTH TO DATE    0.0                       2.5   -2.5      0.4
  SINCE SEP 1      0.0                       2.9   -2.9      0.4
  SINCE JUL 1      0.0                       2.9   -2.9      0.4
  SNOW DEPTH       0

DEGREE DAYS
 HEATING
  YESTERDAY       20                        26     -6       26
  MONTH TO DATE  495                       536    -41      493
  SINCE SEP 1    746                       962   -216      994
  SINCE JUL 1    750                       972   -222      994

 COOLING
  YESTERDAY        0                         0      0        0
  MONTH TO DATE    0                         0      0        0
  SINCE SEP 1    175                        93     82      141
  SINCE JAN 1   1211                       839    372     1174
..................................................................


WIND (MPH)
  RESULTANT WIND SPEED   1   RESULTANT WIND DIRECTION   S (170)
  HIGHEST WIND SPEED     7   HIGHEST WIND DIRECTION     S (190)
  HIGHEST GUST SPEED     8   HIGHEST GUST DIRECTION     W (290)
  AVERAGE WIND SPEED     1.5



WEATHER CONDITIONS
 THE FOLLOWING WEATHER WAS RECORDED YESTERDAY.
  NO SIGNIFICANT WEATHER WAS OBSERVED.


RELATIVE HUMIDITY (PERCENT)
 HIGHEST    75           400 AM
 LOWEST     21           300 PM
 AVERAGE    48

..........................................................


THE RENO TAHOE AIRPORT NV CLIMATE NORMALS FOR TODAY
                         NORMAL    RECORD    YEAR
 MAXIMUM TEMPERATURE (F)   50        69      1949
 MINIMUM TEMPERATURE (F)   28         7      1896


SUNRISE AND SUNSET
NOVEMBER 26 2014......SUNRISE   655 AM PST   SUNSET   437 PM PST
NOVEMBER 27 2014......SUNRISE   656 AM PST   SUNSET   437 PM PST


-  INDICATES NEGATIVE NUMBERS.
R  INDICATES RECORD WAS SET OR TIED.
MM INDICATES DATA IS MISSING.
T  INDICATES TRACE AMOUNT.




$$
