236
CDUS45 KREV 230837
CLIRNO


CLIMATE REPORT
NATIONAL WEATHER SERVICE RENO NV
136 AM PDT MON OCT 23 2017


...................................

...THE RENO-TAHOE INTL AIRPORT NV CLIMATE SUMMARY FOR OCTOBER 22 2017...

CLIMATE NORMAL PERIOD 1981 TO 2010
CLIMATE RECORD PERIOD 1888 TO 2017


WEATHER ITEM   OBSERVED TIME   RECORD YEAR NORMAL DEPARTURE LAST
                VALUE   (LST)  VALUE       VALUE  FROM      YEAR
                                                  NORMAL
..................................................................
TEMPERATURE (F)
 YESTERDAY
  MAXIMUM         75    422 PM  83    2003  67      8       76
  MINIMUM         35    638 AM  14    1961  37     -2       40
  AVERAGE         55                        52      3       58

PRECIPITATION (IN)
  YESTERDAY        0.00          0.40 1973   0.01  -0.01     0.00
  MONTH TO DATE    0.28                      0.35  -0.07     1.74
  SINCE OCT 1      0.28                      0.35  -0.07     1.74
  SINCE JAN 1     12.44                      5.39   7.05     6.99

SNOWFALL (IN)
  YESTERDAY        0.0           T    1975   0.1   -0.1      0.0
                                      1953
  MONTH TO DATE    0.0                       0.2   -0.2       T
  SINCE SEP 1      T                         0.3   -0.3       T
  SINCE JUL 1      T                         0.3   -0.3       T
  SNOW DEPTH       0

DEGREE DAYS
 HEATING
  YESTERDAY       10                        13     -3        7
  MONTH TO DATE  270                       210     60      209
  SINCE SEP 1    388                       290     98      252
  SINCE JUL 1    388                       300     88      252

 COOLING
  YESTERDAY        0                         0      0        0
  MONTH TO DATE    0                         4     -4        0
  SINCE SEP 1    151                        92     59       95
  SINCE JAN 1   1401                       838    563     1088
..................................................................


WIND (MPH)
  RESULTANT WIND SPEED   1   RESULTANT WIND DIRECTION   E (80)
  HIGHEST WIND SPEED     9   HIGHEST WIND DIRECTION     N (10)
  HIGHEST GUST SPEED    14   HIGHEST GUST DIRECTION     W (270)
  AVERAGE WIND SPEED     2.3



WEATHER CONDITIONS
 THE FOLLOWING WEATHER WAS RECORDED YESTERDAY.
  NO SIGNIFICANT WEATHER WAS OBSERVED.


RELATIVE HUMIDITY (PERCENT)
 HIGHEST    92           600 AM
 LOWEST     15           300 PM
 AVERAGE    54

..........................................................


THE RENO-TAHOE INTL AIRPORT NV CLIMATE NORMALS FOR TODAY
                         NORMAL    RECORD    YEAR
 MAXIMUM TEMPERATURE (F)   66        83      1937
 MINIMUM TEMPERATURE (F)   37        16      1961


SUNRISE AND SUNSET
OCTOBER 23 2017.......SUNRISE   718 AM PDT   SUNSET   608 PM PDT
OCTOBER 24 2017.......SUNRISE   719 AM PDT   SUNSET   607 PM PDT


-  INDICATES NEGATIVE NUMBERS.
R  INDICATES RECORD WAS SET OR TIED.
MM INDICATES DATA IS MISSING.
T  INDICATES TRACE AMOUNT.




$$
