000
CDUS41 KRNK 010643
CLIROA


CLIMATE REPORT
NATIONAL WEATHER SERVICE BLACKSBURG VA
241 AM EDT WED JUL 1 2015


...................................

...THE ROANOKE VA CLIMATE SUMMARY FOR JUNE 30 2015...

CLIMATE NORMAL PERIOD 1981 TO 2010
CLIMATE RECORD PERIOD 1912 TO 2015


WEATHER ITEM   OBSERVED TIME   RECORD YEAR NORMAL DEPARTURE LAST
                VALUE   (LST)  VALUE       VALUE  FROM      YEAR
                                                  NORMAL
..................................................................
TEMPERATURE (F)
 YESTERDAY
  MAXIMUM         86    323 PM 104    1936  86      0       85
  MINIMUM         64    519 AM  50    1919  65     -1       63
  AVERAGE         75                        76     -1       74

PRECIPITATION (IN)
  YESTERDAY        0.14          1.25 1984   0.12   0.02      T
  MONTH TO DATE    9.07                      3.83   5.24     3.05
  SINCE JUN 1      9.07                      3.83   5.24     3.05
  SINCE JAN 1     24.05                     20.53   3.52    18.65

SNOWFALL (IN)
  YESTERDAY        0.0                                       0.0
  MONTH TO DATE    T                                         0.0
  SINCE JUN 1      T                                         0.0
  SINCE JUL 1     21.7                                      28.0
  SNOW DEPTH       0

DEGREE DAYS
 HEATING
  YESTERDAY        0                         0      0        0
  MONTH TO DATE    7                         9     -2        0
  SINCE JUN 1      7                        11     -4        0
  SINCE JUL 1   4251                      4144    107     4366

 COOLING
  YESTERDAY       10                        11     -1        9
  MONTH TO DATE  326                       246     80      297
  SINCE JUN 1    326                       246     80      297
  SINCE JAN 1    494                       362    132      446
..................................................................


WIND (MPH)
  HIGHEST WIND SPEED    25   HIGHEST WIND DIRECTION    NW (300)
  HIGHEST GUST SPEED    39   HIGHEST GUST DIRECTION    NW (310)
  AVERAGE WIND SPEED     8.0


SKY COVER
  AVERAGE SKY COVER 0.6


WEATHER CONDITIONS
 THE FOLLOWING WEATHER WAS RECORDED YESTERDAY.
  THUNDERSTORM
  LIGHT RAIN


RELATIVE HUMIDITY (PERCENT)
 HIGHEST    93           400 AM
 LOWEST     48           200 PM
 AVERAGE    71

..........................................................


THE ROANOKE VA CLIMATE NORMALS FOR TODAY
                         NORMAL    RECORD    YEAR
 MAXIMUM TEMPERATURE (F)   87       100      1931
 MINIMUM TEMPERATURE (F)   66        48      1988


SUNRISE AND SUNSET
JULY  1 2015..........SUNRISE   603 AM EDT   SUNSET   844 PM EDT
JULY  2 2015..........SUNRISE   603 AM EDT   SUNSET   844 PM EDT


-  INDICATES NEGATIVE NUMBERS.
R  INDICATES RECORD WAS SET OR TIED.
MM INDICATES DATA IS MISSING.
T  INDICATES TRACE AMOUNT.

$$

RAB
