000
CDUS41 KRNK 102207
CLIROA


CLIMATE REPORT
NATIONAL WEATHER SERVICE BLACKSBURG VA
505 PM EST SAT DEC 10 2016


...................................

...THE ROANOKE VA CLIMATE SUMMARY FOR DECEMBER 10 2016...
VALID TODAY AS OF 0500 PM LOCAL TIME.

CLIMATE NORMAL PERIOD 1981 TO 2010
CLIMATE RECORD PERIOD 1912 TO 2016


WEATHER ITEM   OBSERVED TIME   RECORD YEAR NORMAL DEPARTURE LAST
                VALUE   (LST)  VALUE       VALUE  FROM      YEAR
                                                  NORMAL
..................................................................
TEMPERATURE (F)
 TODAY
  MAXIMUM         40    300 PM  73    2007  49     -9       64
                                      1946
  MINIMUM         18    624 AM   4    1917  31    -13       42
  AVERAGE         29                        40    -11       53

PRECIPITATION (IN)
  TODAY            0.00          1.31 1967   0.11  -0.11     0.00
  MONTH TO DATE    1.87                      1.05   0.82     1.57
  SINCE DEC 1      1.87                      1.05   0.82     1.57
  SINCE JAN 1     45.89                     39.36   6.53    51.58

SNOWFALL (IN)
  TODAY            0.0                                       0.0
  MONTH TO DATE    0.0                                       0.0
  SINCE DEC 1      0.0                                       0.0
  SINCE JUL 1      0.0                                       0.0
  SNOW DEPTH       0

DEGREE DAYS
 HEATING
  TODAY           36                        25     11       12
  MONTH TO DATE  244                       237      7      205
  SINCE DEC 1    244                       237      7      205
  SINCE JUL 1    772                      1041   -269      847

 COOLING
  TODAY            0                         0      0        0
  MONTH TO DATE    0                         0      0        0
  SINCE DEC 1      0                         0      0        0
  SINCE JAN 1   1563                      1208    355     1413
..................................................................


WIND (MPH)
  HIGHEST WIND SPEED    13   HIGHEST WIND DIRECTION     W (280)
  HIGHEST GUST SPEED    19   HIGHEST GUST DIRECTION     W (280)
  AVERAGE WIND SPEED     6.1


SKY COVER
  AVERAGE SKY COVER 0.1


WEATHER CONDITIONS
 THE FOLLOWING WEATHER WAS RECORDED TODAY.
  NO SIGNIFICANT WEATHER WAS OBSERVED.


RELATIVE HUMIDITY (PERCENT)
 HIGHEST    73           600 AM
 LOWEST     29           400 PM
 AVERAGE    51

..........................................................


THE ROANOKE VA CLIMATE NORMALS FOR TOMORROW
                         NORMAL    RECORD    YEAR
 MAXIMUM TEMPERATURE (F)   49        72      2015
 MINIMUM TEMPERATURE (F)   31         6      1917


SUNRISE AND SUNSET
DECEMBER 10 2016......SUNRISE   723 AM EST   SUNSET   502 PM EST
DECEMBER 11 2016......SUNRISE   724 AM EST   SUNSET   502 PM EST


-  INDICATES NEGATIVE NUMBERS.
R  INDICATES RECORD WAS SET OR TIED.
MM INDICATES DATA IS MISSING.
T  INDICATES TRACE AMOUNT.




$$
