000
CDUS41 KRNK 250915
CLIROA


CLIMATE REPORT
NATIONAL WEATHER SERVICE BLACKSBURG VA
512 AM EDT FRI JUL 25 2014


...................................

...THE ROANOKE VA CLIMATE SUMMARY FOR JULY 24 2014...

CLIMATE NORMAL PERIOD 1981 TO 2010
CLIMATE RECORD PERIOD 1912 TO 2014


WEATHER ITEM   OBSERVED TIME   RECORD YEAR NORMAL DEPARTURE LAST
                VALUE   (LST)  VALUE       VALUE  FROM      YEAR
                                                  NORMAL
..................................................................
TEMPERATURE (F)
 YESTERDAY
  MAXIMUM         84    117 PM 100    1933  87     -3       88
  MINIMUM         68   1159 PM  49    1947  67      1       71
  AVERAGE         76                        77     -1       80

PRECIPITATION (IN)
  YESTERDAY        0.62          1.83 2000   0.13   0.49     0.00
  MONTH TO DATE    2.53                      3.12  -0.59    12.16
  SINCE JUN 1      5.58                      6.95  -1.37    18.65
  SINCE JAN 1     21.18                     23.65  -2.47    39.19

SNOWFALL (IN)
  YESTERDAY        0.0
  MONTH TO DATE    0.0
  SINCE JUN 1      0.0
  SINCE JUL 1      0.0
  SNOW DEPTH       0

DEGREE DAYS
 HEATING
  YESTERDAY        0                         0      0        0
  MONTH TO DATE    0                         0      0        0
  SINCE JUN 1      0                        11    -11        1
  SINCE JUL 1      0                         0      0        0

 COOLING
  YESTERDAY       11                        12     -1       15
  MONTH TO DATE  251                       283    -32      329
  SINCE JUN 1    548                       529     19      595
  SINCE JAN 1    697                       645     52      745
..................................................................


WIND (MPH)
  HIGHEST WIND SPEED    20   HIGHEST WIND DIRECTION     N (20)
  HIGHEST GUST SPEED    31   HIGHEST GUST DIRECTION     E (110)
  AVERAGE WIND SPEED     4.3


SKY COVER
  POSSIBLE SUNSHINE  MM
  AVERAGE SKY COVER 0.9


WEATHER CONDITIONS
 THE FOLLOWING WEATHER WAS RECORDED YESTERDAY.
  THUNDERSTORM
  HEAVY RAIN
  RAIN
  LIGHT RAIN
  FOG


RELATIVE HUMIDITY (PERCENT)
 HIGHEST    90           900 PM
 LOWEST     55          1100 AM
 AVERAGE    73

..........................................................


THE ROANOKE VA CLIMATE NORMALS FOR TODAY
                         NORMAL    RECORD    YEAR
 MAXIMUM TEMPERATURE (F)   87       100      1934
 MINIMUM TEMPERATURE (F)   67        54      1947


SUNRISE AND SUNSET
JULY 25 2014..........SUNRISE   619 AM EDT   SUNSET   834 PM EDT
JULY 26 2014..........SUNRISE   619 AM EDT   SUNSET   833 PM EDT


-  INDICATES NEGATIVE NUMBERS.
R  INDICATES RECORD WAS SET OR TIED.
MM INDICATES DATA IS MISSING.
T  INDICATES TRACE AMOUNT.




$$
