000
CDUS41 KRNK 290830
CLIROA


CLIMATE REPORT
NATIONAL WEATHER SERVICE BLACKSBURG VA
428 AM EDT MON MAY 29 2017


...................................

...THE ROANOKE VA CLIMATE SUMMARY FOR MAY 28 2017...

CLIMATE NORMAL PERIOD 1981 TO 2010
CLIMATE RECORD PERIOD 1912 TO 2017


WEATHER ITEM   OBSERVED TIME   RECORD YEAR NORMAL DEPARTURE LAST
                VALUE   (LST)  VALUE       VALUE  FROM      YEAR
                                                  NORMAL
..................................................................
TEMPERATURE (F)
 YESTERDAY
  MAXIMUM         81   1234 PM  98    1941  79      2       85
  MINIMUM         65    447 AM  39    1994  57      8       63
  AVERAGE         73                        68      5       74

PRECIPITATION (IN)
  YESTERDAY        T             2.33 1990   0.15  -0.15     0.00
  MONTH TO DATE    8.11                      3.62   4.49     5.70
  SINCE MAR 1     16.35                     10.45   5.90     9.08
  SINCE JAN 1     20.99                     16.26   4.73    17.31

SNOWFALL (IN)
  YESTERDAY        0.0                                       0.0
  MONTH TO DATE    T                                         0.0
  SINCE MAR 1      0.1                                       1.0
  SINCE JUL 1      4.6                                      23.0
  SNOW DEPTH       0

DEGREE DAYS
 HEATING
  YESTERDAY        0                         2     -2        0
  MONTH TO DATE   88                        97     -9       92
  SINCE MAR 1    745                       924   -179      671
  SINCE JUL 1   3209                      4129   -920     3505

 COOLING
  YESTERDAY        8                         4      4        9
  MONTH TO DATE   89                        73     16       56
  SINCE MAR 1    159                       102     57      105
  SINCE JAN 1    159                       102     57      105
..................................................................


WIND (MPH)
  HIGHEST WIND SPEED    15   HIGHEST WIND DIRECTION    SE (150)
  HIGHEST GUST SPEED    18   HIGHEST GUST DIRECTION    SE (120)
  AVERAGE WIND SPEED     5.1


SKY COVER
  AVERAGE SKY COVER 0.6


WEATHER CONDITIONS
 THE FOLLOWING WEATHER WAS RECORDED YESTERDAY.
  LIGHT RAIN


RELATIVE HUMIDITY (PERCENT)
 HIGHEST   100           400 AM
 LOWEST     60          1100 AM
 AVERAGE    80

..........................................................


THE ROANOKE VA CLIMATE NORMALS FOR TODAY
                         NORMAL    RECORD    YEAR
 MAXIMUM TEMPERATURE (F)   79        97      1941
 MINIMUM TEMPERATURE (F)   57        40      1949


SUNRISE AND SUNSET
MAY 29 2017...........SUNRISE   602 AM EDT   SUNSET   833 PM EDT
MAY 30 2017...........SUNRISE   602 AM EDT   SUNSET   834 PM EDT


-  INDICATES NEGATIVE NUMBERS.
R  INDICATES RECORD WAS SET OR TIED.
MM INDICATES DATA IS MISSING.
T  INDICATES TRACE AMOUNT.

$$
RCS
