000
CDUS41 KRNK 272109
CLIROA


CLIMATE REPORT
NATIONAL WEATHER SERVICE BLACKSBURG VA
508 PM EDT THU AUG 27 2015


...................................

...THE ROANOKE VA CLIMATE SUMMARY FOR AUGUST 27 2015...
VALID TODAY AS OF 0500 PM LOCAL TIME.

CLIMATE NORMAL PERIOD 1981 TO 2010
CLIMATE RECORD PERIOD 1912 TO 2015


WEATHER ITEM   OBSERVED TIME   RECORD YEAR NORMAL DEPARTURE LAST
                VALUE   (LST)  VALUE       VALUE  FROM      YEAR
                                                  NORMAL
..................................................................
TEMPERATURE (F)
 TODAY
  MAXIMUM         81    354 PM  98    1932  85     -4       85
  MINIMUM         60    534 AM  46    1917  64     -4       56
  AVERAGE         71                        74     -3       71

PRECIPITATION (IN)
  TODAY            0.00          3.83 2008   0.12  -0.12     0.00
  MONTH TO DATE    3.09                      3.08   0.01     6.53
  SINCE JUN 1     16.45                     10.95   5.50    12.98
  SINCE JAN 1     31.43                     27.65   3.78    28.58

SNOWFALL (IN)
  TODAY            0.0                                       0.0
  MONTH TO DATE    0.0                                       0.0
  SINCE JUN 1      T                                         0.0
  SINCE JUL 1      0.0                                       0.0
  SNOW DEPTH       0

DEGREE DAYS
 HEATING
  TODAY            0                         0      0        0
  MONTH TO DATE    0                         0      0        0
  SINCE JUN 1      7                        11     -4        0
  SINCE JUL 1      0                         0      0        0

 COOLING
  TODAY            6                         9     -3        6
  MONTH TO DATE  293                       287      6      171
  SINCE JUN 1   1011                       894    117      772
  SINCE JAN 1   1179                      1010    169      921
..................................................................


WIND (MPH)
  HIGHEST WIND SPEED    10   HIGHEST WIND DIRECTION     N (20)
  HIGHEST GUST SPEED    13   HIGHEST GUST DIRECTION     N (360)
  AVERAGE WIND SPEED     3.8


SKY COVER
  AVERAGE SKY COVER 0.7


WEATHER CONDITIONS
 THE FOLLOWING WEATHER WAS RECORDED TODAY.
  NO SIGNIFICANT WEATHER WAS OBSERVED.


RELATIVE HUMIDITY (PERCENT)
 HIGHEST    84           300 AM
 LOWEST     45           300 PM
 AVERAGE    65

..........................................................


THE ROANOKE VA CLIMATE NORMALS FOR TOMORROW
                         NORMAL    RECORD    YEAR
 MAXIMUM TEMPERATURE (F)   84        98      1948
 MINIMUM TEMPERATURE (F)   63        49      1986
                                             1968
                                             1945


SUNRISE AND SUNSET
AUGUST 27 2015........SUNRISE   646 AM EDT   SUNSET   756 PM EDT
AUGUST 28 2015........SUNRISE   647 AM EDT   SUNSET   755 PM EDT


-  INDICATES NEGATIVE NUMBERS.
R  INDICATES RECORD WAS SET OR TIED.
MM INDICATES DATA IS MISSING.
T  INDICATES TRACE AMOUNT.


$$

PW
