766
CDUS41 KBUF 221021
CLIROC


CLIMATE REPORT
NATIONAL WEATHER SERVICE BUFFALO NY
518 AM EST THU FEB 22 2018


...................................

...THE ROCHESTER NY CLIMATE SUMMARY FOR FEBRUARY 21 2018...

CLIMATE NORMAL PERIOD 1981 TO 2010
CLIMATE RECORD PERIOD 1871 TO 2018


WEATHER ITEM   OBSERVED TIME   RECORD YEAR NORMAL DEPARTURE LAST
                VALUE   (LST)  VALUE       VALUE  FROM      YEAR
                                                  NORMAL
..................................................................
TEMPERATURE (F)
 YESTERDAY
  MAXIMUM         67    835 AM  73    1997  35     32       57
  MINIMUM         33   1159 PM -11    2015  20     13       30
  AVERAGE         50                        27     23       44

PRECIPITATION (IN)
  YESTERDAY        T             1.30 1912   0.08  -0.08     0.04
  MONTH TO DATE    1.70                      1.42   0.28     1.64
  SINCE DEC 1      7.05                      6.46   0.59     7.30
  SINCE JAN 1      4.81                      3.83   0.98     4.39

SNOWFALL (IN)
  YESTERDAY        0.0           5.8  1873   0.8   -0.8      0.0
  MONTH TO DATE   15.5                      16.2   -0.7     14.4
  SINCE DEC 1     83.1                      66.2   16.9     55.5
  SINCE JUL 1     85.7                      73.6   12.1     71.4
  SNOW DEPTH       0

DEGREE DAYS
 HEATING
  YESTERDAY       15                        38    -23       21
  MONTH TO DATE  714                       825   -111      692
  SINCE DEC 1   3149                      3161    -12     2763
  SINCE JUL 1   4240                      4529   -289     3741

 COOLING
  YESTERDAY        0                         0      0        0
  MONTH TO DATE    0                         0      0        0
  SINCE DEC 1      0                         0      0        0
  SINCE JAN 1      0                         0      0        0
..................................................................


WIND (MPH)
  HIGHEST WIND SPEED    22   HIGHEST WIND DIRECTION    NW (330)
  HIGHEST GUST SPEED    27   HIGHEST GUST DIRECTION    NW (330)
  AVERAGE WIND SPEED     9.7


SKY COVER
  AVERAGE SKY COVER 0.8


WEATHER CONDITIONS
 THE FOLLOWING WEATHER WAS RECORDED YESTERDAY.
  LIGHT RAIN
  FOG


RELATIVE HUMIDITY (PERCENT)
 HIGHEST    93          1000 AM
 LOWEST     59           600 PM
 AVERAGE    76

..........................................................


THE ROCHESTER NY CLIMATE NORMALS FOR TODAY
                         NORMAL    RECORD    YEAR
 MAXIMUM TEMPERATURE (F)   36        67      1930
 MINIMUM TEMPERATURE (F)   20        -2      1879


SUNRISE AND SUNSET
FEBRUARY 22 2018......SUNRISE   658 AM EST   SUNSET   551 PM EST
FEBRUARY 23 2018......SUNRISE   656 AM EST   SUNSET   552 PM EST


-  INDICATES NEGATIVE NUMBERS.
R  INDICATES RECORD WAS SET OR TIED.
MM INDICATES DATA IS MISSING.
T  INDICATES TRACE AMOUNT.




$$
