000
CDUS45 KABQ 290827
CLIROW


CLIMATE REPORT
NATIONAL WEATHER SERVICE ALBUQUERQUE NM
226 AM MDT THU SEP 29 2016


...................................

...THE ROSWELL NM CLIMATE SUMMARY FOR SEPTEMBER 28 2016...

CLIMATE NORMAL PERIOD 1981 TO 2010
CLIMATE RECORD PERIOD 1893 TO 2016


WEATHER ITEM   OBSERVED TIME   RECORD YEAR NORMAL DEPARTURE
                VALUE   (LST)  VALUE       VALUE  FROM
                                                  NORMAL
...............................................................
TEMPERATURE (F)
 YESTERDAY
  MAXIMUM         87    259 PM  97    1994  82      5
                                      1953
  MINIMUM         50    617 AM  33    1936  54     -4
                                      1908
  AVERAGE         69                        68      1

PRECIPITATION (IN)
  YESTERDAY        0.00          1.62 1941   0.04  -0.04
  MONTH TO DATE    1.21                      1.44  -0.23
  SINCE SEP 1      1.21                      1.44  -0.23
  SINCE JAN 1      9.17                     10.37  -1.20

SNOWFALL (IN)
  YESTERDAY        0.0
  MONTH TO DATE    0.0
  SINCE SEP 1      0.0
  SINCE JUL 1      0.0

DEGREE DAYS
 HEATING
  YESTERDAY        0                         1     -1
  MONTH TO DATE    1                        11    -10
  SINCE SEP 1      1                        11    -10
  SINCE JUL 1      1                        11    -10

 COOLING
  YESTERDAY        4                         4      0
  MONTH TO DATE  228                       220      8
  SINCE SEP 1    228                       220      8
  SINCE JAN 1   1983                      1744    239
...............................................................


WIND (MPH)
  HIGHEST WIND SPEED    13   HIGHEST WIND DIRECTION     S (170)
  HIGHEST GUST SPEED    15   HIGHEST GUST DIRECTION     S (170)
  AVERAGE WIND SPEED     4.2


SKY COVER
  AVERAGE SKY COVER 0.0


WEATHER CONDITIONS
 THE FOLLOWING WEATHER WAS RECORDED YESTERDAY.
  NO SIGNIFICANT WEATHER WAS OBSERVED.


RELATIVE HUMIDITY (PERCENT)
 HIGHEST    83           200 AM
 LOWEST     21           300 PM
 AVERAGE    52

..........................................................


THE ROSWELL NM CLIMATE NORMALS FOR TODAY
                         NORMAL    RECORD    YEAR
 MAXIMUM TEMPERATURE (F)   81        97      1994
 MINIMUM TEMPERATURE (F)   53        34      1908


SUNRISE AND SUNSET
SEPTEMBER 29 2016.....SUNRISE   651 AM MDT   SUNSET   645 PM MDT
SEPTEMBER 30 2016.....SUNRISE   652 AM MDT   SUNSET   643 PM MDT


-  INDICATES NEGATIVE NUMBERS.
R  INDICATES RECORD WAS SET OR TIED.
MM INDICATES DATA IS MISSING.
T  INDICATES TRACE AMOUNT.

$$
