000
CDUS45 KABQ 271026
CLIROW

CLIMATE REPORT
NATIONAL WEATHER SERVICE ALBUQUERQUE NM
245 AM MDT MON MAR 27 2017


...................................

...THE ROSWELL NM CLIMATE SUMMARY FOR MARCH 26 2017...

CLIMATE NORMAL PERIOD 1981 TO 2010
CLIMATE RECORD PERIOD 1893 TO 2017


WEATHER ITEM   OBSERVED TIME   RECORD YEAR NORMAL DEPARTURE
                VALUE   (LST)  VALUE       VALUE  FROM
                                                  NORMAL
...............................................................
TEMPERATURE (F)
 YESTERDAY
  MAXIMUM         80    258 PM  91    2012  71      9
  MINIMUM         50    140 AM  20    1931  39     11
  AVERAGE         65                        55     10

PRECIPITATION (IN)
  YESTERDAY        0.00          0.94 1926   0.02  -0.02
  MONTH TO DATE    T                         0.43  -0.43
  SINCE MAR 1      T                         0.43  -0.43
  SINCE JAN 1      1.25                      1.23   0.02

SNOWFALL (IN)
  YESTERDAY        0.0
  MONTH TO DATE    0.0
  SINCE MAR 1      0.0
  SINCE JUL 1      2.5

DEGREE DAYS
 HEATING
  YESTERDAY        0                        10    -10
  MONTH TO DATE  147                       341   -194
  SINCE MAR 1    147                       341   -194
  SINCE JUL 1   2292                      3048   -756

 COOLING
  YESTERDAY        0                         0      0
  MONTH TO DATE   32                         0     32
  SINCE MAR 1     32                         0     32
  SINCE JAN 1     32                         0     32
...............................................................


WIND (MPH)
  HIGHEST WIND SPEED    17   HIGHEST WIND DIRECTION     W (290)
  HIGHEST GUST SPEED    32   HIGHEST GUST DIRECTION     W (290)
  AVERAGE WIND SPEED    10.2


SKY COVER
  AVERAGE SKY COVER 0.0


WEATHER CONDITIONS
 THE FOLLOWING WEATHER WAS RECORDED YESTERDAY.
  NO SIGNIFICANT WEATHER WAS OBSERVED.


RELATIVE HUMIDITY (PERCENT)
 HIGHEST    35          1200 AM
 LOWEST      7           100 PM
 AVERAGE    21

..........................................................


THE ROSWELL NM CLIMATE NORMALS FOR TODAY
                         NORMAL    RECORD    YEAR
 MAXIMUM TEMPERATURE (F)   72        95      1971
 MINIMUM TEMPERATURE (F)   39        16      1931


SUNRISE AND SUNSET
MARCH 27 2017.........SUNRISE   652 AM MDT   SUNSET   715 PM MDT
MARCH 28 2017.........SUNRISE   651 AM MDT   SUNSET   716 PM MDT


-  INDICATES NEGATIVE NUMBERS.
R  INDICATES RECORD WAS SET OR TIED.
MM INDICATES DATA IS MISSING.
T  INDICATES TRACE AMOUNT.




$$
