273
CDUS45 KABQ 240825
CLIROW


CLIMATE REPORT
NATIONAL WEATHER SERVICE ALBUQUERQUE NM
225 AM MDT TUE MAY 24 2016


...................................

...THE ROSWELL NM CLIMATE SUMMARY FOR MAY 23 2016...

CLIMATE NORMAL PERIOD 1981 TO 2010
CLIMATE RECORD PERIOD 1893 TO 2016


WEATHER ITEM   OBSERVED TIME   RECORD YEAR NORMAL DEPARTURE
                VALUE   (LST)  VALUE       VALUE  FROM
                                                  NORMAL
...............................................................
TEMPERATURE (F)
 YESTERDAY
  MAXIMUM         96    349 PM 106    2000  88      8
  MINIMUM         57   1153 PM  37    1913  57      0
  AVERAGE         77                        72      5

PRECIPITATION (IN)
  YESTERDAY        0.00          1.56 1941   0.04  -0.04
  MONTH TO DATE    0.60                      0.91  -0.31
  SINCE MAR 1      1.37                      2.03  -0.66
  SINCE JAN 1      1.93                      2.83  -0.90

SNOWFALL (IN)
  YESTERDAY        0.0
  MONTH TO DATE    0.0
  SINCE MAR 1      T
  SINCE JUL 1     17.8

DEGREE DAYS
 HEATING
  YESTERDAY        0                         0      0
  MONTH TO DATE   62                        27     35
  SINCE MAR 1    477                       578   -101
  SINCE JUL 1   3037                      3285   -248

 COOLING
  YESTERDAY       12                         8      4
  MONTH TO DATE   95                       115    -20
  SINCE MAR 1    115                       155    -40
  SINCE JAN 1    115                       155    -40
...............................................................


WIND (MPH)
  HIGHEST WIND SPEED    30   HIGHEST WIND DIRECTION     W (250)
  HIGHEST GUST SPEED    40   HIGHEST GUST DIRECTION     W (250)
  AVERAGE WIND SPEED     7.8


SKY COVER
  AVERAGE SKY COVER 0.0


WEATHER CONDITIONS
 THE FOLLOWING WEATHER WAS RECORDED YESTERDAY.
  NO SIGNIFICANT WEATHER WAS OBSERVED.


RELATIVE HUMIDITY (PERCENT)
 HIGHEST    73           700 AM
 LOWEST      6           400 PM
 AVERAGE    40

..........................................................


THE ROSWELL NM CLIMATE NORMALS FOR TODAY
                         NORMAL    RECORD    YEAR
 MAXIMUM TEMPERATURE (F)   88       107      2000
 MINIMUM TEMPERATURE (F)   57        32      1913


SUNRISE AND SUNSET
MAY 24 2016...........SUNRISE   553 AM MDT   SUNSET   758 PM MDT
MAY 25 2016...........SUNRISE   552 AM MDT   SUNSET   759 PM MDT


-  INDICATES NEGATIVE NUMBERS.
R  INDICATES RECORD WAS SET OR TIED.
MM INDICATES DATA IS MISSING.
T  INDICATES TRACE AMOUNT.




$$
