000
CDUS45 KABQ 240826
CLIROW


CLIMATE REPORT
NATIONAL WEATHER SERVICE ALBUQUERQUE NM
225 AM MDT SAT JUN 24 2017


...................................

...THE ROSWELL NM CLIMATE SUMMARY FOR JUNE 23 2017...

CLIMATE NORMAL PERIOD 1981 TO 2010
CLIMATE RECORD PERIOD 1893 TO 2017


WEATHER ITEM   OBSERVED TIME   RECORD YEAR NORMAL DEPARTURE
                VALUE   (LST)  VALUE       VALUE  FROM
                                                  NORMAL
...............................................................
TEMPERATURE (F)
 YESTERDAY
  MAXIMUM        105    136 PM 107    1953  94     11
                                      1952
  MINIMUM         73    359 AM  51    1907  65      8
  AVERAGE         89                        80      9

PRECIPITATION (IN)
  YESTERDAY        0.00          2.42 1898   0.07  -0.07
  MONTH TO DATE    0.45                      1.21  -0.76
  SINCE JUN 1      0.45                      1.21  -0.76
  SINCE JAN 1      4.01                      4.38  -0.37

SNOWFALL (IN)
  YESTERDAY        0.0
  MONTH TO DATE    0.0
  SINCE JUN 1      0.0
  SINCE JUL 1      2.5

DEGREE DAYS
 HEATING
  YESTERDAY        0                         0      0
  MONTH TO DATE    0                         0      0
  SINCE JUN 1      0                         0      0
  SINCE JUL 1   2442                      3287   -845

 COOLING
  YESTERDAY       24                        15      9
  MONTH TO DATE  393                       291    102
  SINCE JUN 1    393                       291    102
  SINCE JAN 1    674                       516    158
...............................................................


WIND (MPH)
  HIGHEST WIND SPEED    31   HIGHEST WIND DIRECTION    NE (50)
  HIGHEST GUST SPEED    39   HIGHEST GUST DIRECTION    NE (50)
  AVERAGE WIND SPEED    12.9


SKY COVER
  AVERAGE SKY COVER 0.0


WEATHER CONDITIONS
 THE FOLLOWING WEATHER WAS RECORDED YESTERDAY.
  NO SIGNIFICANT WEATHER WAS OBSERVED.


RELATIVE HUMIDITY (PERCENT)
 HIGHEST    51          1100 PM
 LOWEST     18           100 PM
 AVERAGE    35

..........................................................


THE ROSWELL NM CLIMATE NORMALS FOR TODAY
                         NORMAL    RECORD    YEAR
 MAXIMUM TEMPERATURE (F)   95       110      1990
 MINIMUM TEMPERATURE (F)   65        56      1894


SUNRISE AND SUNSET
JUNE 24 2017..........SUNRISE   550 AM MDT   SUNSET   811 PM MDT
JUNE 25 2017..........SUNRISE   550 AM MDT   SUNSET   811 PM MDT


-  INDICATES NEGATIVE NUMBERS.
R  INDICATES RECORD WAS SET OR TIED.
MM INDICATES DATA IS MISSING.
T  INDICATES TRACE AMOUNT.




$$
