000
CDUS45 KABQ 310840
CLIROW


CLIMATE REPORT
NATIONAL WEATHER SERVICE ALBUQUERQUE NM
137 AM MST SAT JAN 31 2015


...................................

...THE ROSWELL NM CLIMATE SUMMARY FOR JANUARY 30 2015...

CLIMATE NORMAL PERIOD 1981 TO 2010
CLIMATE RECORD PERIOD 1893 TO 2015


WEATHER ITEM   OBSERVED TIME   RECORD YEAR NORMAL DEPARTURE
                VALUE   (LST)  VALUE       VALUE  FROM
                                                  NORMAL
...............................................................
TEMPERATURE (F)
 YESTERDAY
  MAXIMUM         45    245 AM  82    1911  58    -13
  MINIMUM         37   1122 PM -11    1949  28      9
  AVERAGE         41                        42     -1

PRECIPITATION (IN)
  YESTERDAY        0.19          0.74 1964   0.02   0.17
  MONTH TO DATE    0.97                      0.37   0.60
  SINCE DEC 1      1.08                      1.01   0.07
  SINCE JAN 1      0.97                      0.37   0.60

SNOWFALL (IN)
  YESTERDAY        0.0
  MONTH TO DATE    8.6
  SINCE DEC 1     10.1
  SINCE JUL 1     11.9

DEGREE DAYS
 HEATING
  YESTERDAY       24                        22      2
  MONTH TO DATE  819                       734     85
  SINCE DEC 1   1505                      1498      7
  SINCE JUL 1   2162                      2144     18

 COOLING
  YESTERDAY        0                         0      0
  MONTH TO DATE    0                         0      0
  SINCE DEC 1      0                         0      0
  SINCE JAN 1      0                         0      0
...............................................................


WIND (MPH)
  HIGHEST WIND SPEED    13   HIGHEST WIND DIRECTION    SE (140)
  HIGHEST GUST SPEED    16   HIGHEST GUST DIRECTION    SE (130)
  AVERAGE WIND SPEED     4.8


SKY COVER
  AVERAGE SKY COVER 1.0


WEATHER CONDITIONS
 THE FOLLOWING WEATHER WAS RECORDED YESTERDAY.
  RAIN
  LIGHT RAIN
  FOG


RELATIVE HUMIDITY (PERCENT)
 HIGHEST    92           800 PM
 LOWEST     53           200 AM
 AVERAGE    73

..........................................................


THE ROSWELL NM CLIMATE NORMALS FOR TODAY
                         NORMAL    RECORD    YEAR
 MAXIMUM TEMPERATURE (F)   58        88      1893
 MINIMUM TEMPERATURE (F)   28         2      1949


SUNRISE AND SUNSET
JANUARY 31 2015.......SUNRISE   655 AM MST   SUNSET   529 PM MST
FEBRUARY  1 2015......SUNRISE   654 AM MST   SUNSET   530 PM MST


-  INDICATES NEGATIVE NUMBERS.
R  INDICATES RECORD WAS SET OR TIED.
MM INDICATES DATA IS MISSING.
T  INDICATES TRACE AMOUNT.




$$
