859
CDUS45 KABQ 210830
CLIROW


CLIMATE REPORT
NATIONAL WEATHER SERVICE ALBUQUERQUE NM
130 AM MST TUE FEB 21 2017


...................................

...THE ROSWELL NM CLIMATE SUMMARY FOR FEBRUARY 20 2017...

CLIMATE NORMAL PERIOD 1981 TO 2010
CLIMATE RECORD PERIOD 1893 TO 2017


WEATHER ITEM   OBSERVED TIME   RECORD YEAR NORMAL DEPARTURE
                VALUE   (LST)  VALUE       VALUE  FROM
                                                  NORMAL
...............................................................
TEMPERATURE (F)
 YESTERDAY
  MAXIMUM         73    418 PM  83    1996  62     11
  MINIMUM         30    428 AM  11    1955  32     -2
  AVERAGE         52                        47      5

PRECIPITATION (IN)
  YESTERDAY        0.00          0.91 1987   0.01  -0.01
  MONTH TO DATE    0.16                      0.29  -0.13
  SINCE DEC 1      1.55                      1.31   0.24
  SINCE JAN 1      1.25                      0.67   0.58

SNOWFALL (IN)
  YESTERDAY        0.0
  MONTH TO DATE    T
  SINCE DEC 1      2.5
  SINCE JUL 1      2.5

DEGREE DAYS
 HEATING
  YESTERDAY       13                        18     -5
  MONTH TO DATE  295                       404   -109
  SINCE DEC 1   1674                      1924   -250
  SINCE JUL 1   2060                      2570   -510

 COOLING
  YESTERDAY        0                         0      0
  MONTH TO DATE    0                         0      0
  SINCE DEC 1      0                         0      0
  SINCE JAN 1      0                         0      0
...............................................................


WIND (MPH)
  HIGHEST WIND SPEED    21   HIGHEST WIND DIRECTION    NW (320)
  HIGHEST GUST SPEED    39   HIGHEST GUST DIRECTION    NW (320)
  AVERAGE WIND SPEED    10.8


SKY COVER
  AVERAGE SKY COVER 0.0


WEATHER CONDITIONS
 THE FOLLOWING WEATHER WAS RECORDED YESTERDAY.
  NO SIGNIFICANT WEATHER WAS OBSERVED.


RELATIVE HUMIDITY (PERCENT)
 HIGHEST    75           400 AM
 LOWEST      9           400 PM
 AVERAGE    42

..........................................................


THE ROSWELL NM CLIMATE NORMALS FOR TODAY
                         NORMAL    RECORD    YEAR
 MAXIMUM TEMPERATURE (F)   62        85      1920
 MINIMUM TEMPERATURE (F)   32         2      1964


SUNRISE AND SUNSET
FEBRUARY 21 2017......SUNRISE   635 AM MST   SUNSET   549 PM MST
FEBRUARY 22 2017......SUNRISE   634 AM MST   SUNSET   549 PM MST


-  INDICATES NEGATIVE NUMBERS.
R  INDICATES RECORD WAS SET OR TIED.
MM INDICATES DATA IS MISSING.
T  INDICATES TRACE AMOUNT.




$$
