000
CDUS45 KABQ 160851
CLIROW


CLIMATE REPORT
NATIONAL WEATHER SERVICE ALBUQUERQUE NM
151 AM MST MON JAN 16 2017


...................................

...THE ROSWELL NM CLIMATE SUMMARY FOR JANUARY 15 2017...

CLIMATE NORMAL PERIOD 1981 TO 2010
CLIMATE RECORD PERIOD 1893 TO 2017


WEATHER ITEM   OBSERVED TIME   RECORD YEAR NORMAL DEPARTURE
                VALUE   (LST)  VALUE       VALUE  FROM
                                                  NORMAL
...............................................................
TEMPERATURE (F)
 YESTERDAY
  MAXIMUM         44    434 PM  78    1995  55    -11
                                      1943
  MINIMUM         35   1102 PM  -3    1964  26      9
  AVERAGE         40                        40      0

PRECIPITATION (IN)
  YESTERDAY        0.33R         0.24 1924   0.01   0.32
  MONTH TO DATE    0.79                      0.18   0.61
  SINCE DEC 1      1.09                      0.82   0.27
  SINCE JAN 1      0.79                      0.18   0.61

SNOWFALL (IN)
  YESTERDAY        0.0
  MONTH TO DATE    2.5
  SINCE DEC 1      2.5
  SINCE JUL 1      2.5

DEGREE DAYS
 HEATING
  YESTERDAY       25                        25      0
  MONTH TO DATE  328                       381    -53
  SINCE DEC 1   1060                      1145    -85
  SINCE JUL 1   1446                      1791   -345

 COOLING
  YESTERDAY        0                         0      0
  MONTH TO DATE    0                         0      0
  SINCE DEC 1      0                         0      0
  SINCE JAN 1      0                         0      0
...............................................................


WIND (MPH)
  HIGHEST WIND SPEED    18   HIGHEST WIND DIRECTION     N (360)
  HIGHEST GUST SPEED    22   HIGHEST GUST DIRECTION     N (10)
  AVERAGE WIND SPEED     6.6


SKY COVER
  AVERAGE SKY COVER 0.9


WEATHER CONDITIONS
 THE FOLLOWING WEATHER WAS RECORDED YESTERDAY.
  THUNDERSTORM
  HEAVY RAIN
  RAIN
  LIGHT RAIN
  FOG


RELATIVE HUMIDITY (PERCENT)
 HIGHEST    92           200 AM
 LOWEST     82           100 PM
 AVERAGE    87

..........................................................


THE ROSWELL NM CLIMATE NORMALS FOR TODAY
                         NORMAL    RECORD    YEAR
 MAXIMUM TEMPERATURE (F)   55        78      1967
 MINIMUM TEMPERATURE (F)   26         5      1964


SUNRISE AND SUNSET
JANUARY 16 2017.......SUNRISE   701 AM MST   SUNSET   515 PM MST
JANUARY 17 2017.......SUNRISE   701 AM MST   SUNSET   516 PM MST


-  INDICATES NEGATIVE NUMBERS.
R  INDICATES RECORD WAS SET OR TIED.
MM INDICATES DATA IS MISSING.
T  INDICATES TRACE AMOUNT.




$$
