000
CDUS45 KABQ 070839
CLIROW


CLIMATE REPORT
NATIONAL WEATHER SERVICE ALBUQUERQUE NM
237 AM MDT TUE JUL 7 2015


...................................

...THE ROSWELL NM CLIMATE SUMMARY FOR JULY 6 2015...

CLIMATE NORMAL PERIOD 1981 TO 2010
CLIMATE RECORD PERIOD 1893 TO 2015


WEATHER ITEM   OBSERVED TIME   RECORD YEAR NORMAL DEPARTURE
                VALUE   (LST)  VALUE       VALUE  FROM
                                                  NORMAL
...............................................................
TEMPERATURE (F)
 YESTERDAY
  MAXIMUM         98   1200 PM 107    1993  94      4
                                      1992
  MINIMUM         68    456 AM  56    1912  67      1
                                      1906
  AVERAGE         83                        81      2

PRECIPITATION (IN)
  YESTERDAY        T             1.41 1960   0.08  -0.08
  MONTH TO DATE    0.03                      0.46  -0.43
  SINCE JUN 1      2.93                      2.19   0.74
  SINCE JAN 1     10.62                      5.36   5.26

SNOWFALL (IN)
  YESTERDAY        0.0
  MONTH TO DATE    0.0
  SINCE JUN 1      0.0
  SINCE JUL 1      0.0

DEGREE DAYS
 HEATING
  YESTERDAY        0                         0      0
  MONTH TO DATE    0                         0      0
  SINCE JUN 1      0                         1     -1
  SINCE JUL 1      0                         0      0

 COOLING
  YESTERDAY       18                        16      2
  MONTH TO DATE   94                        94      0
  SINCE JUN 1    502                       491     11
  SINCE JAN 1    609                       716   -107
...............................................................


WIND (MPH)
  HIGHEST WIND SPEED    40   HIGHEST WIND DIRECTION     N (360)
  HIGHEST GUST SPEED    48   HIGHEST GUST DIRECTION     N (350)
  AVERAGE WIND SPEED     8.7


SKY COVER
  AVERAGE SKY COVER 0.3


WEATHER CONDITIONS
 THE FOLLOWING WEATHER WAS RECORDED YESTERDAY.
  HAZE


RELATIVE HUMIDITY (PERCENT)
 HIGHEST    79          1000 PM
 LOWEST     25           500 PM
 AVERAGE    52

..........................................................


THE ROSWELL NM CLIMATE NORMALS FOR TODAY
                         NORMAL    RECORD    YEAR
 MAXIMUM TEMPERATURE (F)   94       106      1993
                                             1895
 MINIMUM TEMPERATURE (F)   67        56      1947
                                             1907


SUNRISE AND SUNSET
JULY  7 2015..........SUNRISE   555 AM MDT   SUNSET   811 PM MDT
JULY  8 2015..........SUNRISE   556 AM MDT   SUNSET   811 PM MDT


-  INDICATES NEGATIVE NUMBERS.
R  INDICATES RECORD WAS SET OR TIED.
MM INDICATES DATA IS MISSING.
T  INDICATES TRACE AMOUNT.




$$
