000
CDUS45 KABQ 270828
CLIROW


CLIMATE REPORT
NATIONAL WEATHER SERVICE ALBUQUERQUE NM
228 AM MDT SAT AUG 27 2016


...................................

...THE ROSWELL NM CLIMATE SUMMARY FOR AUGUST 26 2016...

CLIMATE NORMAL PERIOD 1981 TO 2010
CLIMATE RECORD PERIOD 1893 TO 2016


WEATHER ITEM   OBSERVED TIME   RECORD YEAR NORMAL DEPARTURE
                VALUE   (LST)  VALUE       VALUE  FROM
                                                  NORMAL
...............................................................
TEMPERATURE (F)
 YESTERDAY
  MAXIMUM         86    431 PM 107    2002  91     -5
  MINIMUM         60    555 AM  49    1900  65     -5
  AVERAGE         73                        78     -5

PRECIPITATION (IN)
  YESTERDAY        T             0.97 1972   0.06  -0.06
  MONTH TO DATE    4.26                      1.68   2.58
  SINCE JUN 1      5.24                      5.47  -0.23
  SINCE JAN 1      7.17                      8.64  -1.47

SNOWFALL (IN)
  YESTERDAY        0.0
  MONTH TO DATE    0.0
  SINCE JUN 1      0.0
  SINCE JUL 1      0.0

DEGREE DAYS
 HEATING
  YESTERDAY        0                         0      0
  MONTH TO DATE    0                         0      0
  SINCE JUN 1      0                         1     -1
  SINCE JUL 1      0                         0      0

 COOLING
  YESTERDAY        8                        13     -5
  MONTH TO DATE  385                       366     19
  SINCE JUN 1   1535                      1239    296
  SINCE JAN 1   1713                      1464    249
...............................................................


WIND (MPH)
  HIGHEST WIND SPEED    17   HIGHEST WIND DIRECTION    NW (300)
  HIGHEST GUST SPEED    22   HIGHEST GUST DIRECTION    NW (300)
  AVERAGE WIND SPEED     6.1


SKY COVER
  AVERAGE SKY COVER 0.2


WEATHER CONDITIONS
 THE FOLLOWING WEATHER WAS RECORDED YESTERDAY.
  LIGHT RAIN


RELATIVE HUMIDITY (PERCENT)
 HIGHEST    90           400 AM
 LOWEST     37           500 PM
 AVERAGE    64

..........................................................


THE ROSWELL NM CLIMATE NORMALS FOR TODAY
                         NORMAL    RECORD    YEAR
 MAXIMUM TEMPERATURE (F)   91       102      2011
                                             2002
 MINIMUM TEMPERATURE (F)   65        51      1962


SUNRISE AND SUNSET
AUGUST 27 2016........SUNRISE   629 AM MDT   SUNSET   729 PM MDT
AUGUST 28 2016........SUNRISE   630 AM MDT   SUNSET   728 PM MDT


-  INDICATES NEGATIVE NUMBERS.
R  INDICATES RECORD WAS SET OR TIED.
MM INDICATES DATA IS MISSING.
T  INDICATES TRACE AMOUNT.




$$
