000
CDUS45 KABQ 190826
CLIROW


CLIMATE REPORT
NATIONAL WEATHER SERVICE ALBUQUERQUE NM
225 AM MDT TUE AUG 19 2014


...................................

...THE ROSWELL NM CLIMATE SUMMARY FOR AUGUST 18 2014...

CLIMATE NORMAL PERIOD 1981 TO 2010
CLIMATE RECORD PERIOD 1893 TO 2014


WEATHER ITEM   OBSERVED TIME   RECORD YEAR NORMAL DEPARTURE
                VALUE   (LST)  VALUE       VALUE  FROM
                                                  NORMAL
...............................................................
TEMPERATURE (F)
 YESTERDAY
  MAXIMUM         93    439 PM 106    1994  92      1
  MINIMUM         66    549 AM  55    1962  66      0
  AVERAGE         80                        79      1

PRECIPITATION (IN)
  YESTERDAY        0.00          0.93 1917   0.06  -0.06
  MONTH TO DATE    2.36                      1.17   1.19
  SINCE JUN 1      7.21                      4.96   2.25
  SINCE JAN 1     12.07                      8.13   3.94

SNOWFALL (IN)
  YESTERDAY        0.0
  MONTH TO DATE    0.0
  SINCE JUN 1      0.0
  SINCE JUL 1      0.0

DEGREE DAYS
 HEATING
  YESTERDAY        0                         0      0
  MONTH TO DATE    0                         0      0
  SINCE JUN 1      0                         1     -1
  SINCE JUL 1      0                         0      0

 COOLING
  YESTERDAY       15                        14      1
  MONTH TO DATE  251                       260     -9
  SINCE JUN 1   1229                      1133     96
  SINCE JAN 1   1483                      1358    125
...............................................................


WIND (MPH)
  HIGHEST WIND SPEED     9   HIGHEST WIND DIRECTION    SE (140)
  HIGHEST GUST SPEED    12   HIGHEST GUST DIRECTION    SE (140)
  AVERAGE WIND SPEED     4.1


SKY COVER
  AVERAGE SKY COVER 0.0


WEATHER CONDITIONS
 THE FOLLOWING WEATHER WAS RECORDED YESTERDAY.
  NO SIGNIFICANT WEATHER WAS OBSERVED.


RELATIVE HUMIDITY (PERCENT)
 HIGHEST    87           400 AM
 LOWEST     25           200 PM
 AVERAGE    56

..........................................................


THE ROSWELL NM CLIMATE NORMALS FOR TODAY
                         NORMAL    RECORD    YEAR
 MAXIMUM TEMPERATURE (F)   92       104      1994
 MINIMUM TEMPERATURE (F)   66        54      1968


SUNRISE AND SUNSET
AUGUST 19 2014........SUNRISE   624 AM MDT   SUNSET   739 PM MDT
AUGUST 20 2014........SUNRISE   624 AM MDT   SUNSET   738 PM MDT


-  INDICATES NEGATIVE NUMBERS.
R  INDICATES RECORD WAS SET OR TIED.
MM INDICATES DATA IS MISSING.
T  INDICATES TRACE AMOUNT.

$$
