000
CDUS45 KABQ 050853
CLIROW


CLIMATE REPORT
NATIONAL WEATHER SERVICE ALBUQUERQUE NM
151 AM MST THU MAR 5 2015


...................................

...THE ROSWELL NM CLIMATE SUMMARY FOR MARCH 4 2015...

CLIMATE NORMAL PERIOD 1981 TO 2010
CLIMATE RECORD PERIOD 1893 TO 2015


WEATHER ITEM   OBSERVED TIME   RECORD YEAR NORMAL DEPARTURE
                VALUE   (LST)  VALUE       VALUE  FROM
                                                  NORMAL
...............................................................
TEMPERATURE (F)
 YESTERDAY
  MAXIMUM         48    420 AM  98    1911  65    -17
  MINIMUM         26   1159 PM  12    2002  35     -9
  AVERAGE         37                        50    -13

PRECIPITATION (IN)
  YESTERDAY        0.01          0.74 1937   0.01   0.00
  MONTH TO DATE    0.01                      0.06  -0.05
  SINCE MAR 1      0.01                      0.06  -0.05
  SINCE JAN 1      1.92                      0.86   1.06

SNOWFALL (IN)
  YESTERDAY        T
  MONTH TO DATE    T
  SINCE MAR 1      T
  SINCE JUL 1     16.2

DEGREE DAYS
 HEATING
  YESTERDAY       28                        15     13
  MONTH TO DATE  103                        63     40
  SINCE MAR 1    103                        63     40
  SINCE JUL 1   2820                      2770     50

 COOLING
  YESTERDAY        0                         0      0
  MONTH TO DATE    0                         0      0
  SINCE MAR 1      0                         0      0
  SINCE JAN 1      0                         0      0
...............................................................


WIND (MPH)
  HIGHEST WIND SPEED    25   HIGHEST WIND DIRECTION    NE (30)
  HIGHEST GUST SPEED    31   HIGHEST GUST DIRECTION    NE (40)
  AVERAGE WIND SPEED    12.2


SKY COVER
  AVERAGE SKY COVER 0.9


WEATHER CONDITIONS
 THE FOLLOWING WEATHER WAS RECORDED YESTERDAY.
  LIGHT RAIN
  LT FREEZING RAIN
  LIGHT SNOW
  FOG
  HAZE


RELATIVE HUMIDITY (PERCENT)
 HIGHEST    89           200 AM
 LOWEST     75           800 PM
 AVERAGE    82

..........................................................


THE ROSWELL NM CLIMATE NORMALS FOR TODAY
                         NORMAL    RECORD    YEAR
 MAXIMUM TEMPERATURE (F)   65        87      1910
 MINIMUM TEMPERATURE (F)   35        14      1963


SUNRISE AND SUNSET
MARCH  5 2015.........SUNRISE   622 AM MST   SUNSET   558 PM MST
MARCH  6 2015.........SUNRISE   620 AM MST   SUNSET   559 PM MST


-  INDICATES NEGATIVE NUMBERS.
R  INDICATES RECORD WAS SET OR TIED.
MM INDICATES DATA IS MISSING.
T  INDICATES TRACE AMOUNT.




$$
