000
CDUS43 KARX 310650
CLIRST


CLIMATE REPORT
NATIONAL WEATHER SERVICE LA CROSSE WI
148 AM CDT THU JUL 31 2014

...THE ROCHESTER MN CLIMATE SUMMARY FOR JULY 30 2014...

CLIMATE NORMAL PERIOD 1981 TO 2010
CLIMATE RECORD PERIOD 1886 TO 2014

WEATHER ITEM   OBSERVED TIME   RECORD YEAR NORMAL DEPARTURE LAST
                VALUE   (LST)  VALUE       VALUE  FROM      YEAR
                                                  NORMAL
..................................................................
TEMPERATURE (F)
 YESTERDAY
  MAXIMUM         79    327 PM  99    1917  81     -2       75
  MINIMUM         56    539 AM  43    1936  61     -5       58
  AVERAGE         68                        71     -3       67

PRECIPITATION (IN)
  YESTERDAY        0.00          2.60 1938   0.14  -0.14     0.00
  MONTH TO DATE    2.23                      4.41  -2.18     2.14
  SINCE JUN 1      8.73                      9.09  -0.36     9.00
  SINCE JAN 1     20.06                     19.53   0.53    32.90

SNOWFALL (IN)
  YESTERDAY        0.0           0.0  2012   0.0    0.0      0.0
  MONTH TO DATE    0.0                       0.0    0.0      0.0
  SINCE JUL 1      0.0                       0.0    0.0      0.0
  SNOW DEPTH       0

DEGREE DAYS
 HEATING
  YESTERDAY        0                         0      0        0
  MONTH TO DATE   22                         0     22       23
  SINCE JUL 1     22                         0     22       23

 COOLING
  YESTERDAY        3                         6     -3        2
  MONTH TO DATE  106                       203    -97      225
  SINCE JAN 1    276                       367    -91      381
..................................................................

WIND (MPH)
  HIGHEST WIND SPEED    12   HIGHEST WIND DIRECTION    NW (330)
  HIGHEST GUST SPEED    16   HIGHEST GUST DIRECTION     N (340)
  AVERAGE WIND SPEED     6.6

SKY COVER
  POSSIBLE SUNSHINE  MM
  AVERAGE SKY COVER 0.1

WEATHER CONDITIONS
 THE FOLLOWING WEATHER WAS RECORDED YESTERDAY.
  FOG
  HAZE

RELATIVE HUMIDITY (PERCENT)
 HIGHEST    93           300 AM
 LOWEST     48           300 PM
 AVERAGE    71
..........................................................

THE ROCHESTER MN CLIMATE NORMALS FOR TODAY
                         NORMAL    RECORD    YEAR
 MAXIMUM TEMPERATURE (F)   80       102      1988
 MINIMUM TEMPERATURE (F)   61        45      1960

SUNRISE AND SUNSET
JULY 31 2014..........SUNRISE   557 AM CDT   SUNSET   835 PM CDT
AUGUST  1 2014........SUNRISE   558 AM CDT   SUNSET   834 PM CDT

-  INDICATES NEGATIVE NUMBERS.
R  INDICATES RECORD WAS SET OR TIED.
MM INDICATES DATA IS MISSING.
T  INDICATES TRACE AMOUNT.

$$

BOYNE
