000
CDUS43 KARX 232136
CLIRST


CLIMATE REPORT
NATIONAL WEATHER SERVICE LA CROSSE WI
435 PM CDT WED AUG 23 2017


...................................

...THE ROCHESTER MN CLIMATE SUMMARY FOR AUGUST 23 2017...
VALID TODAY AS OF 0400 PM LOCAL TIME.

CLIMATE NORMAL PERIOD 1981 TO 2010
CLIMATE RECORD PERIOD 1886 TO 2017


WEATHER ITEM   OBSERVED TIME   RECORD YEAR NORMAL DEPARTURE LAST
                VALUE   (LST)  VALUE       VALUE  FROM      YEAR
                                                  NORMAL
..................................................................
TEMPERATURE (F)
 TODAY
  MAXIMUM         73    252 PM 100    1948  78     -5       80
  MINIMUM         50    610 AM  37    1920  59     -9       62
  AVERAGE         62                        68     -6       71

PRECIPITATION (IN)
  TODAY            0.00          1.26 1943   0.14  -0.14     0.87
  MONTH TO DATE    4.12                      3.39   0.73     5.74
  SINCE JUN 1     10.18                     12.62  -2.44    16.58
  SINCE JAN 1     24.45                     23.06   1.39    28.27

SNOWFALL (IN)
  TODAY            0.0           0.0  2012   0.0    0.0      0.0
  MONTH TO DATE    0.0                       0.0    0.0      0.0
  SINCE JUL 1      0.0                       0.0    0.0      0.0
  SNOW DEPTH       0

DEGREE DAYS
 HEATING
  TODAY            3                         1      2        0
  MONTH TO DATE   26                        20      6        4
  SINCE JUL 1     27                        31     -4        8

 COOLING
  TODAY            0                         4     -4        6
  MONTH TO DATE   36                       124    -88      141
  SINCE JAN 1    397                       495    -98      541
..................................................................


WIND (MPH)
  HIGHEST WIND SPEED    18   HIGHEST WIND DIRECTION    NW (310)
  HIGHEST GUST SPEED    23   HIGHEST GUST DIRECTION    NW (300)
  AVERAGE WIND SPEED     9.8


SKY COVER
  POSSIBLE SUNSHINE  MM
  AVERAGE SKY COVER 0.1


WEATHER CONDITIONS
 THE FOLLOWING WEATHER WAS RECORDED TODAY.
  NO SIGNIFICANT WEATHER WAS OBSERVED.


RELATIVE HUMIDITY (PERCENT)
 HIGHEST    93           500 AM
 LOWEST     53           100 PM
 AVERAGE    73

..........................................................


THE ROCHESTER MN CLIMATE NORMALS FOR TOMORROW
                         NORMAL    RECORD    YEAR
 MAXIMUM TEMPERATURE (F)   78       100      1948
 MINIMUM TEMPERATURE (F)   59        34      1934


SUNRISE AND SUNSET
AUGUST 23 2017........SUNRISE   623 AM CDT   SUNSET   801 PM CDT
AUGUST 24 2017........SUNRISE   625 AM CDT   SUNSET   759 PM CDT


-  INDICATES NEGATIVE NUMBERS.
R  INDICATES RECORD WAS SET OR TIED.
MM INDICATES DATA IS MISSING.
T  INDICATES TRACE AMOUNT.




$$
