000
CDUS43 KARX 200723
CLIRST


CLIMATE REPORT
NATIONAL WEATHER SERVICE LA CROSSE WI
222 AM CDT SUN APR 20 2014


...................................

...THE ROCHESTER MN CLIMATE SUMMARY FOR APRIL 19 2014...

CLIMATE NORMAL PERIOD 1981 TO 2010
CLIMATE RECORD PERIOD 1886 TO 2014


WEATHER ITEM   OBSERVED TIME   RECORD YEAR NORMAL DEPARTURE LAST
                VALUE   (LST)  VALUE       VALUE  FROM      YEAR
                                                  NORMAL
..................................................................
TEMPERATURE (F)
 YESTERDAY
  MAXIMUM         69    510 PM  84    1985  59     10       35
  MINIMUM         36    625 AM  20    1988  38     -2       30
  AVERAGE         53                        48      5       33

PRECIPITATION (IN)
  YESTERDAY        0.00          1.75 1993   0.11  -0.11      T
  MONTH TO DATE    2.15                      1.91   0.24     4.93
  SINCE MAR 1      3.30                      3.79  -0.49     7.78
  SINCE JAN 1      6.06                      5.48   0.58     9.78

SNOWFALL (IN)
  YESTERDAY        0.0           3.8  2011   0.1   -0.1      0.2
  MONTH TO DATE    5.1                       2.5    2.6      3.1
  SINCE JUL 1     59.1                      51.1    8.0     58.4
  SNOW DEPTH       0

DEGREE DAYS
 HEATING
  YESTERDAY       12                        17     -5       32
  MONTH TO DATE  464                       397     67      550
  SINCE JUL 1   8444                      7269   1175     7267

 COOLING
  YESTERDAY        0                         0      0        0
  MONTH TO DATE    0                         0      0        0
  SINCE JAN 1      0                         0      0        0
..................................................................


WIND (MPH)
  HIGHEST WIND SPEED    30   HIGHEST WIND DIRECTION     S (170)
  HIGHEST GUST SPEED    38   HIGHEST GUST DIRECTION     S (160)
  AVERAGE WIND SPEED    19.7


SKY COVER
  POSSIBLE SUNSHINE  MM
  AVERAGE SKY COVER 0.4


WEATHER CONDITIONS
 THE FOLLOWING WEATHER WAS RECORDED YESTERDAY.
  NO SIGNIFICANT WEATHER WAS OBSERVED.


RELATIVE HUMIDITY (PERCENT)
 HIGHEST    76           500 AM
 LOWEST     40           500 PM
 AVERAGE    58

..........................................................


THE ROCHESTER MN CLIMATE NORMALS FOR TODAY
                         NORMAL    RECORD    YEAR
 MAXIMUM TEMPERATURE (F)   60        85      1987
 MINIMUM TEMPERATURE (F)   38        21      1956


SUNRISE AND SUNSET
APRIL 20 2014.........SUNRISE   619 AM CDT   SUNSET   800 PM CDT
APRIL 21 2014.........SUNRISE   617 AM CDT   SUNSET   801 PM CDT


-  INDICATES NEGATIVE NUMBERS.
R  INDICATES RECORD WAS SET OR TIED.
MM INDICATES DATA IS MISSING.
T  INDICATES TRACE AMOUNT.




$$
