000
CDUS43 KARX 270638
CLIRST


CLIMATE REPORT
NATIONAL WEATHER SERVICE LA CROSSE WI
133 AM CDT THU APR 27 2017


...................................

...THE ROCHESTER MN CLIMATE SUMMARY FOR APRIL 26 2017...

CLIMATE NORMAL PERIOD 1981 TO 2010
CLIMATE RECORD PERIOD 1886 TO 2017


WEATHER ITEM   OBSERVED TIME   RECORD YEAR NORMAL DEPARTURE LAST
                VALUE   (LST)  VALUE       VALUE  FROM      YEAR
                                                  NORMAL
..................................................................
TEMPERATURE (F)
 YESTERDAY
  MAXIMUM         53    554 AM  84    1962  62     -9       53
  MINIMUM         35   1153 PM  24    1930  41     -6       42
                                      1919
  AVERAGE         44                        51     -7       48

PRECIPITATION (IN)
  YESTERDAY        0.01          1.48 1988   0.11  -0.10     0.01
  MONTH TO DATE    3.74                      2.74   1.00     0.58
  SINCE MAR 1      6.61                      4.62   1.99     4.56
  SINCE JAN 1     10.39                      6.31   4.08     5.96

SNOWFALL (IN)
  YESTERDAY        0.0          13.0  1988   0.1   -0.1      0.0
  MONTH TO DATE    T                         3.1   -3.1      0.5
  SINCE JUL 1     52.7                      51.7    1.0     47.9
  SNOW DEPTH       0

DEGREE DAYS
 HEATING
  YESTERDAY       21                        14      7       17
  MONTH TO DATE  398                       502   -104      444
  SINCE JUL 1   6479                      7374   -895     6459

 COOLING
  YESTERDAY        0                         0      0        0
  MONTH TO DATE    0                         0      0        1
  SINCE JAN 1      0                         0      0        1
..................................................................


WIND (MPH)
  HIGHEST WIND SPEED    22   HIGHEST WIND DIRECTION    NW (310)
  HIGHEST GUST SPEED    27   HIGHEST GUST DIRECTION    NW (320)
  AVERAGE WIND SPEED    13.9


SKY COVER
  POSSIBLE SUNSHINE  MM
  AVERAGE SKY COVER 0.9


WEATHER CONDITIONS
 THE FOLLOWING WEATHER WAS RECORDED YESTERDAY.
  LIGHT RAIN
  FOG
  FOG W/VISIBILITY <= 1/4 MILE


RELATIVE HUMIDITY (PERCENT)
 HIGHEST   100           300 AM
 LOWEST     85           500 PM
 AVERAGE    93

..........................................................


THE ROCHESTER MN CLIMATE NORMALS FOR TODAY
                         NORMAL    RECORD    YEAR
 MAXIMUM TEMPERATURE (F)   63        86      1977
 MINIMUM TEMPERATURE (F)   41        19      1933


SUNRISE AND SUNSET
APRIL 27 2017.........SUNRISE   607 AM CDT   SUNSET   809 PM CDT
APRIL 28 2017.........SUNRISE   606 AM CDT   SUNSET   810 PM CDT


-  INDICATES NEGATIVE NUMBERS.
R  INDICATES RECORD WAS SET OR TIED.
MM INDICATES DATA IS MISSING.
T  INDICATES TRACE AMOUNT.




$$
