000
CDUS43 KARX 130637
CLIRST


CLIMATE REPORT
NATIONAL WEATHER SERVICE LA CROSSE WI
1237 AM CST SAT FEB 13 2016


...................................

...THE ROCHESTER MN CLIMATE SUMMARY FOR FEBRUARY 12 2016...

CLIMATE NORMAL PERIOD 1981 TO 2010
CLIMATE RECORD PERIOD 1886 TO 2016


WEATHER ITEM   OBSERVED TIME   RECORD YEAR NORMAL DEPARTURE LAST
                VALUE   (LST)  VALUE       VALUE  FROM      YEAR
                                                  NORMAL
..................................................................
TEMPERATURE (F)
 YESTERDAY
  MAXIMUM         12    456 AM  54    1990  27    -15        7
  MINIMUM         -3   1159 PM -24    1917  11    -14       -6
  AVERAGE          5                        19    -14        1

PRECIPITATION (IN)
  YESTERDAY        0.01          0.12 1965   0.03  -0.02     0.00
                                      1916
  MONTH TO DATE    0.57                      0.32   0.25     0.44
  SINCE DEC 1      4.53                      2.41   2.12     2.17
  SINCE JAN 1      1.32                      1.18   0.14     1.15

SNOWFALL (IN)
  YESTERDAY        0.2           2.0  1916   0.2    0.0      0.0
  MONTH TO DATE    9.7                       3.8    5.9      7.4
  SINCE JUL 1     31.1                      35.2   -4.1     34.8
  SNOW DEPTH      11

DEGREE DAYS
 HEATING
  YESTERDAY       60                        46     14       64
  MONTH TO DATE  594                       566     28      623
  SINCE JUL 1   4571                      5174   -603     5324

 COOLING
  YESTERDAY        0                         0      0        0
  MONTH TO DATE    0                         0      0        0
  SINCE JAN 1      0                         0      0        0
..................................................................


WIND (MPH)
  HIGHEST WIND SPEED    32   HIGHEST WIND DIRECTION    NW (320)
  HIGHEST GUST SPEED    37   HIGHEST GUST DIRECTION    NW (320)
  AVERAGE WIND SPEED    18.1


SKY COVER
  POSSIBLE SUNSHINE  MM
  AVERAGE SKY COVER 0.3


WEATHER CONDITIONS
 THE FOLLOWING WEATHER WAS RECORDED YESTERDAY.
  LIGHT SNOW
  FOG
  HAZE
  BLOWING SNOW


RELATIVE HUMIDITY (PERCENT)
 HIGHEST    84           400 AM
 LOWEST     55           400 PM
 AVERAGE    70

..........................................................


THE ROCHESTER MN CLIMATE NORMALS FOR TODAY
                         NORMAL    RECORD    YEAR
 MAXIMUM TEMPERATURE (F)   27        47      1919
 MINIMUM TEMPERATURE (F)   12       -16      1971
                                             1887


SUNRISE AND SUNSET
FEBRUARY 13 2016......SUNRISE   712 AM CST   SUNSET   536 PM CST
FEBRUARY 14 2016......SUNRISE   711 AM CST   SUNSET   538 PM CST


-  INDICATES NEGATIVE NUMBERS.
R  INDICATES RECORD WAS SET OR TIED.
MM INDICATES DATA IS MISSING.
T  INDICATES TRACE AMOUNT.




$$
