000
CDUS45 KCYS 240728
CLIRWL


CLIMATE REPORT
NATIONAL WEATHER SERVICE CHEYENNE WY
127 AM MDT SUN JUL 24 2016


...................................

...THE RAWLINS WY AIRPORT CLIMATE SUMMARY FOR JULY 23 2016...

CLIMATE NORMAL PERIOD 1981 TO 2010
CLIMATE RECORD PERIOD 1951 TO 2016


WEATHER ITEM   OBSERVED TIME   RECORD YEAR NORMAL DEPARTURE LAST
                VALUE   (LST)  VALUE       VALUE  FROM      YEAR
                                                  NORMAL
..................................................................
TEMPERATURE (F)
 YESTERDAY
  MAXIMUM         90    138 PM  96    2014  85      5       85
                                      2006
                                      2003
  MINIMUM         56   1122 PM  42    1954  51      5       51
  AVERAGE         73                        68      5       68

PRECIPITATION (IN)
  YESTERDAY        0.00          0.57 1989   0.03  -0.03     0.00
  MONTH TO DATE    0.06                      0.60  -0.54     0.95
  SINCE JAN 1      6.06                      5.55   0.51     7.82

DEGREE DAYS
 HEATING
  YESTERDAY        0                         1     -1        0
  MONTH TO DATE   16                        30    -14       22
  SINCE JUN 1     70                       220   -150       88
  SINCE JUL 1     16                        30    -14       22

 COOLING
  YESTERDAY        8                         4      4        3
  MONTH TO DATE   83                        70     13       46
  SINCE JUN 1    124                        89     35      107
  SINCE JAN 1    124                        89     35      107
..................................................................


WIND (MPH)
  HIGHEST WIND SPEED    32   HIGHEST WIND DIRECTION     W (260)
  HIGHEST GUST SPEED    40   HIGHEST GUST DIRECTION     W (250)
  AVERAGE WIND SPEED    15.3


SKY COVER
  AVERAGE SKY COVER 0.0


WEATHER CONDITIONS
 THE FOLLOWING WEATHER WAS RECORDED YESTERDAY.
  NO SIGNIFICANT WEATHER WAS OBSERVED.


RELATIVE HUMIDITY (PERCENT)
 HIGHEST    42           600 AM
 LOWEST      5           400 PM
 AVERAGE    24

..........................................................


THE RAWLINS WY AIRPORT CLIMATE NORMALS FOR TODAY
                         NORMAL    RECORD    YEAR
 MAXIMUM TEMPERATURE (F)   85        95      2003
 MINIMUM TEMPERATURE (F)   52        45      1999
                                             1978
                                             1970


SUNRISE AND SUNSET
JULY 24 2016..........SUNRISE   556 AM MDT   SUNSET   834 PM MDT
JULY 25 2016..........SUNRISE   557 AM MDT   SUNSET   834 PM MDT


-  INDICATES NEGATIVE NUMBERS.
R  INDICATES RECORD WAS SET OR TIED.
MM INDICATES DATA IS MISSING.
T  INDICATES TRACE AMOUNT.




$$
