000
CDUS45 KCYS 302139
CLIRWL


CLIMATE REPORT
NATIONAL WEATHER SERVICE CHEYENNE WY
339 PM MDT MON MAR 30 2015


...................................

...THE RAWLINS WY AIRPORT CLIMATE SUMMARY FOR MARCH 30 2015...
VALID AS OF 0300 PM LOCAL TIME.

CLIMATE NORMAL PERIOD 1981 TO 2010
CLIMATE RECORD PERIOD 1951 TO 2015


WEATHER ITEM   OBSERVED TIME   RECORD YEAR NORMAL DEPARTURE LAST
                VALUE   (LST)  VALUE       VALUE  FROM      YEAR
                                                  NORMAL
..................................................................
TEMPERATURE (F)
 TODAY
  MAXIMUM         65    153 PM  68    1986  48     17       56
  MINIMUM         38    615 AM -11    1985  24     14       29
  AVERAGE         52                        36     16       43

PRECIPITATION (IN)
  TODAY            0.00          0.62 2008   0.03  -0.03     0.10
  MONTH TO DATE    0.49                      0.65  -0.16     0.59
  SINCE JAN 1      0.89                      1.43  -0.54     1.05

DEGREE DAYS
 HEATING
  TODAY           13                        29    -16       22
  MONTH TO DATE  807                       986   -179      908
  SINCE MAR 1    807                       986   -179      908
  SINCE JUL 1   6038                      6943   -905     6672

 COOLING
  TODAY            0                         0      0        0
  MONTH TO DATE    0                         0      0        0
  SINCE MAR 1      0                         0      0        0
  SINCE JAN 1      0                         0      0        0
..................................................................


WIND (MPH)
  HIGHEST WIND SPEED    25   HIGHEST WIND DIRECTION     W (260)
  HIGHEST GUST SPEED    33   HIGHEST GUST DIRECTION     W (260)
  AVERAGE WIND SPEED    13.5


SKY COVER
  AVERAGE SKY COVER 0.0


WEATHER CONDITIONS
 THE FOLLOWING WEATHER WAS RECORDED TODAY.
  NO SIGNIFICANT WEATHER WAS OBSERVED.


RELATIVE HUMIDITY (PERCENT)
 HIGHEST    35           600 AM
 LOWEST     13           200 PM
 AVERAGE    24

..........................................................


THE RAWLINS WY AIRPORT CLIMATE NORMALS FOR TOMORROW
                         NORMAL    RECORD    YEAR
 MAXIMUM TEMPERATURE (F)   49        73      2012
 MINIMUM TEMPERATURE (F)   24        -4      1954


SUNRISE AND SUNSET
MARCH 30 2015.........SUNRISE   655 AM MDT   SUNSET   732 PM MDT
MARCH 31 2015.........SUNRISE   654 AM MDT   SUNSET   733 PM MDT


-  INDICATES NEGATIVE NUMBERS.
R  INDICATES RECORD WAS SET OR TIED.
MM INDICATES DATA IS MISSING.
T  INDICATES TRACE AMOUNT.




$$
