000
CDUS45 KPIH 260734
CLIRXE


CLIMATE REPORT
NATIONAL WEATHER SERVICE POCATELLO ID
1233 AM MST FRI DEC 26 2014


...................................

...THE REXBURG ID CLIMATE SUMMARY FOR DECEMBER 25 2014...

CLIMATE NORMAL PERIOD 1981 TO 2010
CLIMATE RECORD PERIOD 1998 TO 2014


WEATHER ITEM   OBSERVED TIME   RECORD YEAR NORMAL DEPARTURE LAST
                VALUE   (LST)  VALUE       VALUE  FROM      YEAR
                                                  NORMAL
..................................................................
TEMPERATURE (F)
 YESTERDAY
  MAXIMUM         29    158 AM  43    2005  28      1       21
  MINIMUM         10   1102 PM -10    2001  12     -2        2
  AVERAGE         20                        20      0       12

PRECIPITATION (IN)
  YESTERDAY        0.35         MM      MM   0.05   0.30     0.00
  MONTH TO DATE    1.46                      0.80   0.66     0.63
  SINCE OCT 1      2.39                      2.95  -0.56     1.85
  SINCE JAN 1     16.49                     12.83   3.66     8.29

SNOWFALL (IN)
  YESTERDAY       MM
  MONTH TO DATE   MM
  SINCE DEC 1     MM
  SINCE JUL 1     MM
  SNOW DEPTH      MM

DEGREE DAYS
 HEATING
  YESTERDAY       45                        45      0       53
  MONTH TO DATE  806                      1100   -294     1281
  SINCE DEC 1    806                      1100   -294     1281
  SINCE JUL 1   2616                      3112   -496     3044

 COOLING
  YESTERDAY        0                         0      0        0
  MONTH TO DATE    0                         0      0        0
  SINCE DEC 1      0                         0      0        0
  SINCE JAN 1    234                       208     26      452
..................................................................


WIND (MPH)
  HIGHEST WIND SPEED    22   HIGHEST WIND DIRECTION     N (10)
  HIGHEST GUST SPEED    33   HIGHEST GUST DIRECTION     N (10)
  AVERAGE WIND SPEED    10.8


SKY COVER
  POSSIBLE SUNSHINE  MM
  AVERAGE SKY COVER 0.7


WEATHER CONDITIONS
 THE FOLLOWING WEATHER WAS RECORDED YESTERDAY.
  HEAVY SNOW
  SNOW
  LIGHT SNOW
  FOG
  FOG W/VISIBILITY <= 1/4 MILE
  HAZE


RELATIVE HUMIDITY (PERCENT)
 HIGHEST   100          1200 AM
 LOWEST     62           500 PM
 AVERAGE    81

..........................................................


THE REXBURG ID CLIMATE NORMALS FOR TODAY
                         NORMAL    RECORD    YEAR
 MAXIMUM TEMPERATURE (F)   28        42      2004
 MINIMUM TEMPERATURE (F)   12       -11      2001


SUNRISE AND SUNSET
DECEMBER 26 2014......SUNRISE   800 AM MST   SUNSET   456 PM MST
DECEMBER 27 2014......SUNRISE   800 AM MST   SUNSET   456 PM MST


-  INDICATES NEGATIVE NUMBERS.
R  INDICATES RECORD WAS SET OR TIED.
MM INDICATES DATA IS MISSING.
T  INDICATES TRACE AMOUNT.




$$
