000
CDUS45 KPIH 170736
CLIRXE


CLIMATE REPORT
NATIONAL WEATHER SERVICE POCATELLO ID
134 AM MDT THU APR 17 2014


...................................

...THE REXBURG ID CLIMATE SUMMARY FOR APRIL 16 2014...

CLIMATE NORMAL PERIOD 1981 TO 2010
CLIMATE RECORD PERIOD 1998 TO 2014


WEATHER ITEM   OBSERVED TIME   RECORD YEAR NORMAL DEPARTURE LAST
                VALUE   (LST)  VALUE       VALUE  FROM      YEAR
                                                  NORMAL
..................................................................
TEMPERATURE (F)
 YESTERDAY
  MAXIMUM         53    303 PM  71    2010  56     -3       41
  MINIMUM         24    635 AM  19    1999  31     -7       24
  AVERAGE         39                        44     -5       33

PRECIPITATION (IN)
  YESTERDAY        0.00         MM      MM   0.06  -0.06      T
  MONTH TO DATE    0.20                      0.75  -0.55     0.28
  SINCE OCT 1      5.10                      6.59  -1.49     6.11
  SINCE JAN 1      3.24                      3.38  -0.14     2.72

SNOWFALL (IN)
  YESTERDAY       MM
  MONTH TO DATE   MM
  SINCE MAR 1     MM
  SINCE JUL 1     MM
  SNOW DEPTH      MM

DEGREE DAYS
 HEATING
  YESTERDAY       26                        21      5       32
  MONTH TO DATE  358                       368    -10      367
  SINCE MAR 1   1219                      1324   -105     1360
  SINCE JUL 1   7034                      7297   -263     7027

 COOLING
  YESTERDAY        0                         0      0        0
  MONTH TO DATE    0                         0      0        0
  SINCE MAR 1      0                         0      0        0
  SINCE JAN 1      0                         0      0        0
..................................................................


WIND (MPH)
  HIGHEST WIND SPEED    16   HIGHEST WIND DIRECTION    SW (230)
  HIGHEST GUST SPEED    22   HIGHEST GUST DIRECTION    SW (230)
  AVERAGE WIND SPEED     6.2


SKY COVER
  POSSIBLE SUNSHINE  MM
  AVERAGE SKY COVER 0.1


WEATHER CONDITIONS
 THE FOLLOWING WEATHER WAS RECORDED YESTERDAY.
  NO SIGNIFICANT WEATHER WAS OBSERVED.


RELATIVE HUMIDITY (PERCENT)
 HIGHEST    68           700 AM
 LOWEST     20           300 PM
 AVERAGE    44

..........................................................


THE REXBURG ID CLIMATE NORMALS FOR TODAY
                         NORMAL    RECORD    YEAR
 MAXIMUM TEMPERATURE (F)   57        74      2001
 MINIMUM TEMPERATURE (F)   32        19      2013


SUNRISE AND SUNSET
APRIL 17 2014.........SUNRISE   641 AM MDT   SUNSET   813 PM MDT
APRIL 18 2014.........SUNRISE   639 AM MDT   SUNSET   815 PM MDT


-  INDICATES NEGATIVE NUMBERS.
R  INDICATES RECORD WAS SET OR TIED.
MM INDICATES DATA IS MISSING.
T  INDICATES TRACE AMOUNT.




$$
