000
CDUS45 KPIH 300738
CLIRXE


CLIMATE REPORT
NATIONAL WEATHER SERVICE POCATELLO ID
136 AM MDT TUE JUN 30 2015


...................................

...THE REXBURG ID CLIMATE SUMMARY FOR JUNE 29 2015...

CLIMATE NORMAL PERIOD 1981 TO 2010
CLIMATE RECORD PERIOD 1998 TO 2015


WEATHER ITEM   OBSERVED TIME   RECORD YEAR NORMAL DEPARTURE LAST
                VALUE   (LST)  VALUE       VALUE  FROM      YEAR
                                                  NORMAL
..................................................................
TEMPERATURE (F)
 YESTERDAY
  MAXIMUM         96R   447 PM  96    2013  78     18       78
  MINIMUM         59    512 AM  41    2014  48     11       41
  AVERAGE         78                        63     15       60

PRECIPITATION (IN)
  YESTERDAY        0.12         MM      MM   0.01   0.11     0.00
  MONTH TO DATE    0.77                      1.35  -0.58     0.74
  SINCE OCT 1      8.44                     10.43  -1.99     7.65
  SINCE JAN 1      5.67                      7.22  -1.55     5.79

SNOWFALL (IN)
  YESTERDAY       MM
  MONTH TO DATE   MM
  SINCE JUN 1     MM
  SINCE JUL 1     MM
  SNOW DEPTH      MM

DEGREE DAYS
 HEATING
  YESTERDAY        0                         3     -3        5
  MONTH TO DATE   40                       168   -128      149
  SINCE JUN 1     40                       168   -128      149
  SINCE JUL 1   6801                      8126  -1325     7786

 COOLING
  YESTERDAY       13                         1     12        0
  MONTH TO DATE   79                        17     62        3
  SINCE JUN 1     79                        17     62        3
  SINCE JAN 1     79                        21     58        3
..................................................................


WIND (MPH)
  HIGHEST WIND SPEED    21   HIGHEST WIND DIRECTION     N (20)
  HIGHEST GUST SPEED    27   HIGHEST GUST DIRECTION     N (10)
  AVERAGE WIND SPEED     6.3


SKY COVER
  POSSIBLE SUNSHINE  MM
  AVERAGE SKY COVER 0.0


WEATHER CONDITIONS
 THE FOLLOWING WEATHER WAS RECORDED YESTERDAY.
  THUNDERSTORM
  HEAVY RAIN
  RAIN
  LIGHT RAIN


RELATIVE HUMIDITY (PERCENT)
 HIGHEST    78           400 AM
 LOWEST     18           400 PM
 AVERAGE    48

..........................................................


THE REXBURG ID CLIMATE NORMALS FOR TODAY
                         NORMAL    RECORD    YEAR
 MAXIMUM TEMPERATURE (F)   79        93      2013
 MINIMUM TEMPERATURE (F)   48        43      2014


SUNRISE AND SUNSET
JUNE 30 2015..........SUNRISE   548 AM MDT   SUNSET   913 PM MDT
JULY  1 2015..........SUNRISE   549 AM MDT   SUNSET   913 PM MDT


-  INDICATES NEGATIVE NUMBERS.
R  INDICATES RECORD WAS SET OR TIED.
MM INDICATES DATA IS MISSING.
T  INDICATES TRACE AMOUNT.




$$
