000
CDUS45 KPIH 190731
CLIRXE


CLIMATE REPORT
NATIONAL WEATHER SERVICE POCATELLO ID
131 AM MDT FRI SEP 19 2014


...................................

...THE REXBURG ID CLIMATE SUMMARY FOR SEPTEMBER 18 2014...

CLIMATE NORMAL PERIOD 1981 TO 2010
CLIMATE RECORD PERIOD 1998 TO 2014


WEATHER ITEM   OBSERVED TIME   RECORD YEAR NORMAL DEPARTURE LAST
                VALUE   (LST)  VALUE       VALUE  FROM      YEAR
                                                  NORMAL
..................................................................
TEMPERATURE (F)
 YESTERDAY
  MAXIMUM         82    310 PM  83    2009  70     12       62
  MINIMUM         56   1224 AM  25    2003  39     17       42
  AVERAGE         69                        55     14       52

PRECIPITATION (IN)
  YESTERDAY        0.10         MM      MM   0.03   0.07     0.17
  MONTH TO DATE    0.27                      0.52  -0.25     0.80
  SINCE OCT 1     13.40                     12.65   0.75     9.47
  SINCE JAN 1     11.54                      9.44   2.10     6.08

SNOWFALL (IN)
  YESTERDAY       MM
  MONTH TO DATE   MM
  SINCE SEP 1     MM
  SINCE JUL 1     MM
  SNOW DEPTH      MM

DEGREE DAYS
 HEATING
  YESTERDAY        0                        10    -10       13
  MONTH TO DATE  131                       131      0       19
  SINCE SEP 1    131                       131      0       19
  SINCE JUL 1    205                       204      1       19

 COOLING
  YESTERDAY        4                         0      4        0
  MONTH TO DATE    7                         5      2       39
  SINCE SEP 1      7                         5      2       39
  SINCE JAN 1    229                       207     22      452
..................................................................


WIND (MPH)
  HIGHEST WIND SPEED    28   HIGHEST WIND DIRECTION    SW (230)
  HIGHEST GUST SPEED    38   HIGHEST GUST DIRECTION    SW (240)
  AVERAGE WIND SPEED     6.6


SKY COVER
  POSSIBLE SUNSHINE  MM
  AVERAGE SKY COVER 0.3


WEATHER CONDITIONS
 THE FOLLOWING WEATHER WAS RECORDED YESTERDAY.
  THUNDERSTORM
  HEAVY RAIN
  LIGHT RAIN


RELATIVE HUMIDITY (PERCENT)
 HIGHEST    65           800 PM
 LOWEST     31           300 AM
 AVERAGE    48

..........................................................


THE REXBURG ID CLIMATE NORMALS FOR TODAY
                         NORMAL    RECORD    YEAR
 MAXIMUM TEMPERATURE (F)   70        85      2009
 MINIMUM TEMPERATURE (F)   39        28      2003


SUNRISE AND SUNSET
SEPTEMBER 19 2014.....SUNRISE   711 AM MDT   SUNSET   730 PM MDT
SEPTEMBER 20 2014.....SUNRISE   712 AM MDT   SUNSET   728 PM MDT


-  INDICATES NEGATIVE NUMBERS.
R  INDICATES RECORD WAS SET OR TIED.
MM INDICATES DATA IS MISSING.
T  INDICATES TRACE AMOUNT.




$$
