000
CDUS45 KPIH 010736
CLIRXE


CLIMATE REPORT
NATIONAL WEATHER SERVICE POCATELLO ID
132 AM MDT SAT AUG 1 2015


...................................

...THE REXBURG ID CLIMATE SUMMARY FOR JULY 31 2015...

CLIMATE NORMAL PERIOD 1981 TO 2010
CLIMATE RECORD PERIOD 1998 TO 2015


WEATHER ITEM   OBSERVED TIME   RECORD YEAR NORMAL DEPARTURE LAST
                VALUE   (LST)  VALUE       VALUE  FROM      YEAR
                                                  NORMAL
..................................................................
TEMPERATURE (F)
 YESTERDAY
  MAXIMUM         90    516 PM  98    2003  87      3       87
  MINIMUM         47    546 AM  45    2008  52     -5       51
  AVERAGE         69                        69      0       69

PRECIPITATION (IN)
  YESTERDAY        0.00         MM      MM   0.02  -0.02      T
  MONTH TO DATE    0.92                      0.72   0.20     1.30
  SINCE OCT 1      9.36                     11.17  -1.81     8.95
  SINCE JAN 1      6.59                      7.96  -1.37     7.09

SNOWFALL (IN)
  YESTERDAY       MM
  MONTH TO DATE   MM
  SINCE JUN 1     MM
  SINCE JUL 1     MM
  SNOW DEPTH      MM

DEGREE DAYS
 HEATING
  YESTERDAY        0                         0      0        0
  MONTH TO DATE   44                        27     17        8
  SINCE JUN 1     84                       202   -118      163
  SINCE JUL 1     44                        30     14        8

 COOLING
  YESTERDAY        4                         4      0        4
  MONTH TO DATE   96                        92      4      163
  SINCE JUN 1    185                       110     75      166
  SINCE JAN 1    185                       114     71      166
..................................................................


WIND (MPH)
  HIGHEST WIND SPEED     9   HIGHEST WIND DIRECTION    SW (230)
  HIGHEST GUST SPEED    15   HIGHEST GUST DIRECTION     S (180)
  AVERAGE WIND SPEED     3.6


SKY COVER
  POSSIBLE SUNSHINE  MM
  AVERAGE SKY COVER 0.0


WEATHER CONDITIONS
 THE FOLLOWING WEATHER WAS RECORDED YESTERDAY.
  NO SIGNIFICANT WEATHER WAS OBSERVED.


RELATIVE HUMIDITY (PERCENT)
 HIGHEST    80           400 AM
 LOWEST     12           200 PM
 AVERAGE    46

..........................................................


THE REXBURG ID CLIMATE NORMALS FOR TODAY
                         NORMAL    RECORD    YEAR
 MAXIMUM TEMPERATURE (F)   87        94      2004
                                             2000
 MINIMUM TEMPERATURE (F)   52        40      2001


SUNRISE AND SUNSET
AUGUST  1 2015........SUNRISE   616 AM MDT   SUNSET   851 PM MDT
AUGUST  2 2015........SUNRISE   617 AM MDT   SUNSET   850 PM MDT


-  INDICATES NEGATIVE NUMBERS.
R  INDICATES RECORD WAS SET OR TIED.
MM INDICATES DATA IS MISSING.
T  INDICATES TRACE AMOUNT.




$$
