000
CDUS45 KPIH 132327
CLIRXE


CLIMATE REPORT
NATIONAL WEATHER SERVICE POCATELLO ID
425 PM MST WED DEC 13 2017


...................................

...THE REXBURG ID CLIMATE SUMMARY FOR DECEMBER 13 2017...
VALID TODAY AS OF 0400 PM LOCAL TIME.

CLIMATE NORMAL PERIOD 1981 TO 2010
CLIMATE RECORD PERIOD 1998 TO 2017


WEATHER ITEM   OBSERVED TIME   RECORD YEAR NORMAL DEPARTURE LAST
                VALUE   (LST)  VALUE       VALUE  FROM      YEAR
                                                  NORMAL
..................................................................
TEMPERATURE (F)
 TODAY
  MAXIMUM         31    359 PM  45    2014  29      2       23
  MINIMUM         22   1242 AM   1    2013  13      9        7
                                      2008
  AVERAGE         27                        21      6       15

PRECIPITATION (IN)
  TODAY            T            MM      MM   0.03  -0.03     0.00
  MONTH TO DATE    0.34                      0.32   0.02     0.28
  SINCE OCT 1      1.84                      2.47  -0.63     4.09
  SINCE JAN 1     12.20                     12.35  -0.15    11.82

SNOWFALL (IN)
  TODAY           MM
  MONTH TO DATE   MM
  SINCE DEC 1     MM
  SINCE JUL 1     MM
  SNOW DEPTH      MM

DEGREE DAYS
 HEATING
  TODAY           38                        44     -6       50
  MONTH TO DATE  549                       560    -11      588
  SINCE DEC 1    549                       560    -11      588
  SINCE JUL 1   2428                      2572   -144     2235

 COOLING
  TODAY            0                         0      0        0
  MONTH TO DATE    0                         0      0        0
  SINCE DEC 1      0                         0      0        0
  SINCE JAN 1    347                       208    139      261
..................................................................


WIND (MPH)
  HIGHEST WIND SPEED     7   HIGHEST WIND DIRECTION     N (10)
  HIGHEST GUST SPEED     9   HIGHEST GUST DIRECTION    NE (30)
  AVERAGE WIND SPEED     1.1


SKY COVER
  POSSIBLE SUNSHINE  MM
  AVERAGE SKY COVER 0.9


WEATHER CONDITIONS
 THE FOLLOWING WEATHER WAS RECORDED TODAY.
  LIGHT SNOW
  FOG
  HAZE


RELATIVE HUMIDITY (PERCENT)
 HIGHEST    88           600 AM
 LOWEST     69           100 PM
 AVERAGE    79

..........................................................


THE REXBURG ID CLIMATE NORMALS FOR TOMORROW
                         NORMAL    RECORD    YEAR
 MAXIMUM TEMPERATURE (F)   29        50      2002
 MINIMUM TEMPERATURE (F)   12        -4      2008


SUNRISE AND SUNSET
DECEMBER 13 2017......SUNRISE   753 AM MST   SUNSET   450 PM MST
DECEMBER 14 2017......SUNRISE   754 AM MST   SUNSET   450 PM MST


-  INDICATES NEGATIVE NUMBERS.
R  INDICATES RECORD WAS SET OR TIED.
MM INDICATES DATA IS MISSING.
T  INDICATES TRACE AMOUNT.




$$
