000
CDUS46 KSTO 060035
CLISAC

CLIMATE REPORT
NATIONAL WEATHER SERVICE SACRAMENTO, CA
435 PM PST THU MAR 5 2015


...................................

...THE SACRAMENTO EXEC. AIRPORT CA CLIMATE SUMMARY FOR MARCH 5 2015...
VALID TODAY AS OF 0400 PM LOCAL TIME.

CLIMATE NORMAL PERIOD 1981 TO 2010
CLIMATE RECORD PERIOD 1930 TO 2015


WEATHER ITEM   OBSERVED TIME   RECORD YEAR NORMAL DEPARTURE LAST
                VALUE   (LST)  VALUE       VALUE  FROM      YEAR
                                                  NORMAL
..................................................................
TEMPERATURE (F)
 TODAY
  MAXIMUM         71    317 PM  77    1972  64      7       68
  MINIMUM         40    536 AM  26    1971  44     -4       54
  AVERAGE         56

PRECIPITATION (IN)
  TODAY            0.00          1.44 1987   0.10  -0.10     0.28
  MONTH TO DATE    0.02                      0.57  -0.55     0.48
  SINCE OCT 1     13.22                     13.96  -0.74     6.08
  SINCE JAN 1      2.84                      7.68  -4.84     4.77

SNOWFALL (IN)
  TODAY            0.0          MM      MM   0.0             0.0
  MONTH TO DATE    0.0                       0.0             0.0
  SINCE MAR 1      0.0                       0.0             0.0
  SINCE JUL 1      0.0                       0.0             0.0

DEGREE DAYS
 HEATING
  TODAY            9

 COOLING
  TODAY            0
..................................................................


WIND (MPH)
  RESULTANT WIND SPEED   2   RESULTANT WIND DIRECTION  NW (320)
  HIGHEST WIND SPEED     9   HIGHEST WIND DIRECTION     W (290)
  HIGHEST GUST SPEED    12   HIGHEST GUST DIRECTION     W (290)


SKY COVER
  POSSIBLE SUNSHINE  MM
  AVERAGE SKY COVER 0.0


WEATHER CONDITIONS
 THE FOLLOWING WEATHER WAS RECORDED TODAY.
  NO SIGNIFICANT WEATHER WAS OBSERVED.


RELATIVE HUMIDITY (PERCENT)
 HIGHEST    86
 LOWEST     33
 AVERAGE    60

..........................................................


THE SACRAMENTO EXEC. AIRPORT CA CLIMATE NORMALS FOR TOMORROW
                         NORMAL    RECORD    YEAR
 MAXIMUM TEMPERATURE (F)   64        78      1972
 MINIMUM TEMPERATURE (F)   44        31      1971


SUNRISE AND SUNSET
MARCH  5 2015.........SUNRISE   632 AM PST   SUNSET   603 PM PST
MARCH  6 2015.........SUNRISE   631 AM PST   SUNSET   604 PM PST


-  INDICATES NEGATIVE NUMBERS.
R  INDICATES RECORD WAS SET OR TIED.
MM INDICATES DATA IS MISSING.
T  INDICATES TRACE AMOUNT.






&&
....................................................................

SACRAMENTO CITY CLIMATE DATA FOR THURSDAY MARCH 5 2015

HIGH...   72  RECORD HIGH    82 IN 1986    NORMAL    HIGH   65
LOW....   42  RECORD LOW     33 IN 1880    NORMAL    LOW    46

RAIN SINCE MIDNIGHT....  0.00   RECORD THIS DATE....... 1.97 IN 1879
TOTAL THIS MONTH.......  0.00   NORMAL SINCE OCT 1ST.........  15.24
TOTAL SINCE OCT 1ST... 11.57   PERCENT OF NORMAL.............  76%


$$
