000
CDUS46 KSTO 060900
CLISAC

CLIMATE REPORT
NATIONAL WEATHER SERVICE SACRAMENTO, CA
1237 AM PST TUE DEC 6 2016


...................................

...THE SACRAMENTO EXEC. AIRPORT CA CLIMATE SUMMARY FOR DECEMBER 5 2016...

CLIMATE NORMAL PERIOD 1981 TO 2010
CLIMATE RECORD PERIOD 1930 TO 2016


WEATHER ITEM   OBSERVED TIME   RECORD YEAR NORMAL DEPARTURE LAST
                VALUE   (LST)  VALUE       VALUE  FROM      YEAR
                                                  NORMAL
..................................................................
TEMPERATURE (F)
 YESTERDAY
  MAXIMUM         53    245 PM  70    1995  56     -3       56
  MINIMUM         37    737 AM  26    1972  39     -2       38
  AVERAGE         45

PRECIPITATION (IN)
  YESTERDAY        0.00          0.84 1966   0.09  -0.09     0.00
  MONTH TO DATE    0.00                      0.45  -0.45     0.40
  SINCE OCT 1      5.84                      3.48   2.36     2.09
  SINCE JAN 1     18.59                     15.72   2.87     7.16

SNOWFALL (IN)
  YESTERDAY        0.0          MM      MM   0.0             0.0
  MONTH TO DATE    0.0                       0.0             0.0
  SINCE DEC 1      0.0                       0.0             0.0
  SINCE JUL 1      0.0                       0.0             0.0

DEGREE DAYS
 HEATING
  YESTERDAY       20

 COOLING
  YESTERDAY        0
..................................................................


WIND (MPH)
  RESULTANT WIND SPEED   2   RESULTANT WIND DIRECTION  NW (310)
  HIGHEST WIND SPEED    13   HIGHEST WIND DIRECTION    NW (310)
  HIGHEST GUST SPEED    14   HIGHEST GUST DIRECTION    NW (320)


SKY COVER
  POSSIBLE SUNSHINE  MM
  AVERAGE SKY COVER 0.3


WEATHER CONDITIONS
 THE FOLLOWING WEATHER WAS RECORDED YESTERDAY.
  FOG
  FOG W/VISIBILITY <= 1/4 MILE
  HAZE


RELATIVE HUMIDITY (PERCENT)
 HIGHEST   100
 LOWEST     71
 AVERAGE    86

..........................................................


THE SACRAMENTO EXEC. AIRPORT CA CLIMATE NORMALS FOR TODAY
                         NORMAL    RECORD    YEAR
 MAXIMUM TEMPERATURE (F)   56        68      2014
                                             1989
 MINIMUM TEMPERATURE (F)   39        25      2013


SUNRISE AND SUNSET
DECEMBER  6 2016......SUNRISE   710 AM PST   SUNSET   445 PM PST
DECEMBER  7 2016......SUNRISE   711 AM PST   SUNSET   445 PM PST


-  INDICATES NEGATIVE NUMBERS.
R  INDICATES RECORD WAS SET OR TIED.
MM INDICATES DATA IS MISSING.
T  INDICATES TRACE AMOUNT.




&&
....................................................................

SACRAMENTO CITY CLIMATE DATA FOR MONDAY DECEMBER 5 2016

HIGH...   54  RECORD HIGH    72 IN 1979    NORMAL    HIGH   56
LOW....   39  RECORD LOW     29 IN 2013    NORMAL    LOW    41

RAIN SINCE MIDNIGHT....  0.00   RECORD THIS DATE....... 0.78 IN 1889
TOTAL THIS MONTH.......  0.00   NORMAL SINCE OCT 1ST.........  3.98
TOTAL SINCE OCT 1ST...  5.74   PERCENT OF NORMAL.............  144%


$$
JCLAPP
