000
CDUS46 KSTO 210900 CCB
CLISAC

CLIMATE REPORT
NATIONAL WEATHER SERVICE SACRAMENTO, CA
138 AM PDT TUE OCT 21 2014


..................................................................

...THE SACRAMENTO EXEC. AIRPORT CA CLIMATE SUMMARY FOR OCTOBER 20 2014...

CLIMATE NORMAL PERIOD 1981 TO 2010
CLIMATE RECORD PERIOD 1930 TO 2014


WEATHER ITEM   OBSERVED TIME   RECORD YEAR NORMAL DEPARTURE LAST
                VALUE   (LST)  VALUE       VALUE  FROM      YEAR
                                                  NORMAL
..................................................................
TEMPERATURE (F)
 YESTERDAY
  MAXIMUM         74    117 PM  94    1991  76     -2       84
  MINIMUM         54   1135 PM  35    1949  49      5       45
  AVERAGE         64

PRECIPITATION (IN)
  YESTERDAY        T             0.37 2004   0.04  -0.04     0.00
  MONTH TO DATE    0.17                      0.48  -0.31     0.00
  SINCE JUL 1      0.64                      0.82  -0.18     0.59
  SINCE JAN 1      8.53                     12.72  -4.19     4.50

SNOWFALL (IN)
  YESTERDAY        0.0           0.0  2002   0.0             0.0
                                      2001
  MONTH TO DATE    0.0                       0.0             0.0
  SINCE SEP 1      0.0                       0.0             0.0
  SINCE JUL 1      0.0                       0.0             0.0

DEGREE DAYS
 HEATING
  YESTERDAY        1

 COOLING
  YESTERDAY        0
..................................................................


WIND (MPH)
  RESULTANT WIND SPEED   6   RESULTANT WIND DIRECTION   S (200)
  HIGHEST WIND SPEED    18   HIGHEST WIND DIRECTION    SW (230)
  HIGHEST GUST SPEED    25   HIGHEST GUST DIRECTION    SW (230)


SKY COVER
  POSSIBLE SUNSHINE  MM
  AVERAGE SKY COVER 0.3


WEATHER CONDITIONS
 THE FOLLOWING WEATHER WAS RECORDED YESTERDAY.
  NO SIGNIFICANT WEATHER WAS OBSERVED.


RELATIVE HUMIDITY (PERCENT)
 HIGHEST    87
 LOWEST     44
 AVERAGE    66

..........................................................


THE SACRAMENTO EXEC. AIRPORT CA CLIMATE NORMALS FOR TODAY
                         NORMAL    RECORD    YEAR
 MAXIMUM TEMPERATURE (F)   76        92      1991
 MINIMUM TEMPERATURE (F)   49        38      1949


SUNRISE AND SUNSET
OCTOBER 21 2014.......SUNRISE   721 AM PDT   SUNSET   619 PM PDT
OCTOBER 22 2014.......SUNRISE   722 AM PDT   SUNSET   618 PM PDT


-  INDICATES NEGATIVE NUMBERS.
R  INDICATES RECORD WAS SET OR TIED.
MM INDICATES DATA IS MISSING.
T  INDICATES TRACE AMOUNT.


&&
....................................................................

SACRAMENTO CITY CLIMATE DATA FOR MONDAY OCTOBER 20 2014

HIGH...   74  RECORD HIGH    92 IN 2003    NORMAL    HIGH   76
LOW....   57  RECORD LOW     37 IN 1949    NORMAL    LOW    52

RAIN SINCE MIDNIGHT....  0.00   RECORD THIS DATE....... 1.14 IN 1889
TOTAL THIS MONTH.......  0.09   NORMAL SEASON TO DATE.........  0.91
TOTAL SINCE JULY 1ST...  0.65   PERCENT OF NORMAL.............   71%


$$
