000
CDUS46 KSTO 271002
CLISAC

CLIMATE REPORT
NATIONAL WEATHER SERVICE SACRAMENTO, CA
143 AM PDT THU AUG 27 2015


...................................

...THE SACRAMENTO EXEC. AIRPORT CA CLIMATE SUMMARY FOR AUGUST 26 2015...

CLIMATE NORMAL PERIOD 1981 TO 2010
CLIMATE RECORD PERIOD 1930 TO 2015


WEATHER ITEM   OBSERVED TIME   RECORD YEAR NORMAL DEPARTURE LAST
                VALUE   (LST)  VALUE       VALUE  FROM      YEAR
                                                  NORMAL
..................................................................
TEMPERATURE (F)
 YESTERDAY
  MAXIMUM         99    224 PM 105    1988  90      9       90
  MINIMUM         61    354 AM  49    1966  58      3       59
  AVERAGE         80

PRECIPITATION (IN)
  YESTERDAY        0.00          0.14 1954   0.01  -0.01     0.00
  MONTH TO DATE    T                         0.04  -0.04      T
  SINCE OCT 1     15.41                     18.22  -2.81     9.21
  SINCE JAN 1      5.03                     11.94  -6.91     7.90

SNOWFALL (IN)
  YESTERDAY        0.0          MM      MM   0.0             0.0
  MONTH TO DATE    0.0                       0.0             0.0
  SINCE JUN 1      0.0                       0.0             0.0
  SINCE JUL 1      0.0                       0.0             0.0

DEGREE DAYS
 HEATING
  YESTERDAY        0

 COOLING
  YESTERDAY       15
..................................................................


WIND (MPH)
  RESULTANT WIND SPEED   4   RESULTANT WIND DIRECTION  SW (210)
  HIGHEST WIND SPEED    13   HIGHEST WIND DIRECTION    SW (240)
  HIGHEST GUST SPEED    17   HIGHEST GUST DIRECTION    SW (220)


SKY COVER
  POSSIBLE SUNSHINE  MM
  AVERAGE SKY COVER 0.0


WEATHER CONDITIONS
 THE FOLLOWING WEATHER WAS RECORDED YESTERDAY.
  NO SIGNIFICANT WEATHER WAS OBSERVED.


RELATIVE HUMIDITY (PERCENT)
 HIGHEST    78
 LOWEST     16
 AVERAGE    47

..........................................................


THE SACRAMENTO EXEC. AIRPORT CA CLIMATE NORMALS FOR TODAY
                         NORMAL    RECORD    YEAR
 MAXIMUM TEMPERATURE (F)   90       103      2001
 MINIMUM TEMPERATURE (F)   58        50      1952


SUNRISE AND SUNSET
AUGUST 27 2015........SUNRISE   631 AM PDT   SUNSET   744 PM PDT
AUGUST 28 2015........SUNRISE   632 AM PDT   SUNSET   742 PM PDT


-  INDICATES NEGATIVE NUMBERS.
R  INDICATES RECORD WAS SET OR TIED.
MM INDICATES DATA IS MISSING.
T  INDICATES TRACE AMOUNT.




&&
....................................................................

SACRAMENTO CITY CLIMATE DATA FOR WEDNESDAY AUGUST 26 2015

HIGH...  100  RECORD HIGH   106 IN 1988    NORMAL    HIGH   91
LOW....   64  RECORD LOW     50 IN 1929    NORMAL    LOW    60

RAIN SINCE MIDNIGHT....  0.00   RECORD THIS DATE....... 0.08 IN 1954
TOTAL THIS MONTH.......  0.00   NORMAL SINCE OCT 1ST.........  19.91
TOTAL SINCE OCT 1ST.... 13.80   PERCENT OF NORMAL............  69%


$$
NNNN
