000
CDUS46 KSTO 300043
CLISAC

CLIMATE REPORT
NATIONAL WEATHER SERVICE SACRAMENTO, CA
439 PM PST THU JAN 29 2015


...................................

...THE SACRAMENTO EXEC. AIRPORT CA CLIMATE SUMMARY FOR JANUARY 29 2015...
VALID TODAY AS OF 0400 PM LOCAL TIME.

CLIMATE NORMAL PERIOD 1981 TO 2010
CLIMATE RECORD PERIOD 1930 TO 2015


WEATHER ITEM   OBSERVED TIME   RECORD YEAR NORMAL DEPARTURE LAST
                VALUE   (LST)  VALUE       VALUE  FROM      YEAR
                                                  NORMAL
..................................................................
TEMPERATURE (F)
 TODAY
  MAXIMUM         67R   359 PM  67    2007  56     11       64
                                      1976
  MINIMUM         41    746 AM  25    1979  40      1       52
  AVERAGE         54

PRECIPITATION (IN)
  TODAY            0.00          1.31 1998   0.12  -0.12     0.06
  MONTH TO DATE    T                         3.39  -3.39     0.06
  SINCE OCT 1     10.38                      9.67   0.71     1.37
  SINCE JAN 1      T                         3.39  -3.39     0.06

SNOWFALL (IN)
  TODAY            0.0           0.0  2002   0.0             0.0
  MONTH TO DATE    0.0                       0.0             0.0
  SINCE DEC 1      0.0                       0.0             0.0
  SINCE JUL 1      0.0                       0.0             0.0

DEGREE DAYS
 HEATING
  TODAY           11

 COOLING
  TODAY            0
..................................................................


WIND (MPH)
  RESULTANT WIND SPEED   1   RESULTANT WIND DIRECTION  NW (310)
  HIGHEST WIND SPEED     7   HIGHEST WIND DIRECTION     W (280)
  HIGHEST GUST SPEED     8   HIGHEST GUST DIRECTION    NW (300)


SKY COVER
  POSSIBLE SUNSHINE  MM
  AVERAGE SKY COVER 0.0


WEATHER CONDITIONS
 THE FOLLOWING WEATHER WAS RECORDED TODAY.
  FOG


RELATIVE HUMIDITY (PERCENT)
 HIGHEST    96
 LOWEST     48
 AVERAGE    72

..........................................................


THE SACRAMENTO EXEC. AIRPORT CA CLIMATE NORMALS FOR TOMORROW
                         NORMAL    RECORD    YEAR
 MAXIMUM TEMPERATURE (F)   57        69      1976
 MINIMUM TEMPERATURE (F)   40        25      1972


SUNRISE AND SUNSET
JANUARY 29 2015.......SUNRISE   714 AM PST   SUNSET   525 PM PST
JANUARY 30 2015.......SUNRISE   713 AM PST   SUNSET   526 PM PST


-  INDICATES NEGATIVE NUMBERS.
R  INDICATES RECORD WAS SET OR TIED.
MM INDICATES DATA IS MISSING.
T  INDICATES TRACE AMOUNT.

&&
....................................................................

SACRAMENTO CITY CLIMATE DATA FOR THURSDAY JANUARY 29 2015

HIGH...   69  RECORD HIGH    70 IN 1976    NORMAL    HIGH   57
LOW....   43  RECORD LOW     25 IN 1880    NORMAL    LOW    42

RAIN SINCE MIDNIGHT....  0.00   RECORD THIS DATE....... 2.66 IN 1881
TOTAL THIS MONTH.......  0.01   NORMAL SINCE OCT 1ST.........  10.67
TOTAL SINCE OCT 1ST...   9.29   PERCENT OF NORMAL.............  87%


$$
