000
CDUS46 KSGX 230018
CLISAN


CLIMATE REPORT
NATIONAL WEATHER SERVICE SAN DIEGO, CA
518 PM PDT SAT JUL 22 2017


...................................

...THE SAN DIEGO INTL AIRPORT CA CLIMATE SUMMARY FOR JULY 22 2017...
VALID TODAY AS OF 0500 PM LOCAL TIME.

CLIMATE NORMAL PERIOD 1981 TO 2010
CLIMATE RECORD PERIOD 1874 TO 2017


WEATHER ITEM   OBSERVED TIME   RECORD YEAR NORMAL DEPARTURE LAST
                VALUE   (LST)  VALUE       VALUE  FROM      YEAR
                                                  NORMAL
..................................................................
TEMPERATURE (F)
 TODAY
  MAXIMUM         75   1206 PM  99    2006  75      0       85
  MINIMUM         69    316 AM  59    1940  66      3       67
                                      1894
                                      1880
  AVERAGE         72                        71      1       76

PRECIPITATION (IN)
  TODAY            0.00          0.09 1874   0.00   0.00     0.00
  MONTH TO DATE    T                         0.02  -0.02     0.00
  SINCE OCT 1     12.65                     10.16   2.49     7.86
  SINCE JAN 1      7.75                      7.05   0.70     5.01

DEGREE DAYS
 HEATING
  TODAY            0                         0      0        0
  MONTH TO DATE    0                         0      0        0
  SINCE JUN 1      9                        18     -9        0
  SINCE JUL 1      0                         0      0        0

 COOLING
  TODAY            7                         6      1       11
  MONTH TO DATE  177                       104     73      126
  SINCE JUN 1    275                       164    111      251
  SINCE JAN 1    367                       213    154      369
..................................................................


WIND (MPH)
  RESULTANT WIND SPEED   5   RESULTANT WIND DIRECTION  SW (220)
  HIGHEST WIND SPEED    13   HIGHEST WIND DIRECTION    SW (210)
  HIGHEST GUST SPEED    16   HIGHEST GUST DIRECTION     S (200)
  AVERAGE WIND SPEED     5.6


SKY COVER
  POSSIBLE SUNSHINE  MM
  AVERAGE SKY COVER 0.7


WEATHER CONDITIONS
 THE FOLLOWING WEATHER WAS RECORDED TODAY.
  NO SIGNIFICANT WEATHER WAS OBSERVED.


RELATIVE HUMIDITY (PERCENT)
 HIGHEST    84           400 AM
 LOWEST     68          1100 AM
 AVERAGE    76

..........................................................


THE SAN DIEGO INTL AIRPORT CA CLIMATE NORMALS FOR TOMORROW
                         NORMAL    RECORD    YEAR
 MAXIMUM TEMPERATURE (F)   75        89      1960
 MINIMUM TEMPERATURE (F)   66        58      1892


SUNRISE AND SUNSET
JULY 22 2017..........SUNRISE   556 AM PDT   SUNSET   754 PM PDT
JULY 23 2017..........SUNRISE   557 AM PDT   SUNSET   753 PM PDT


-  INDICATES NEGATIVE NUMBERS.
R  INDICATES RECORD WAS SET OR TIED.
MM INDICATES DATA IS MISSING.
T  INDICATES TRACE AMOUNT.




$$
