000
CDUS46 KSGX 281131
CLISAN


CLIMATE REPORT
NATIONAL WEATHER SERVICE SAN DIEGO, CA
431 AM PDT SUN MAY 28 2017


...................................

...THE SAN DIEGO INTL AIRPORT CA CLIMATE SUMMARY FOR MAY 27 2017...

CLIMATE NORMAL PERIOD 1981 TO 2010
CLIMATE RECORD PERIOD 1874 TO 2017


WEATHER ITEM   OBSERVED TIME   RECORD YEAR NORMAL DEPARTURE LAST
                VALUE   (LST)  VALUE       VALUE  FROM      YEAR
                                                  NORMAL
..................................................................
TEMPERATURE (F)
 YESTERDAY
  MAXIMUM         70    220 PM  84    1915  69      1       70
                                      1880
  MINIMUM         61   1159 PM  50    1917  60      1       63
  AVERAGE         66                        64      2       67

PRECIPITATION (IN)
  YESTERDAY        0.00          0.10 1962   0.00   0.00     0.00
                                      1853
  MONTH TO DATE    0.92                      0.11   0.81     0.43
  SINCE OCT 1     12.63                     10.06   2.57     7.85
  SINCE JAN 1      7.73                      6.95   0.78     5.00

DEGREE DAYS
 HEATING
  YESTERDAY        0                         1     -1        0
  MONTH TO DATE   34                        53    -19       10
  SINCE MAR 1    129                       344   -215      106
  SINCE JUL 1    721                      1202   -481      646

 COOLING
  YESTERDAY        1                         1      0        2
  MONTH TO DATE   46                        27     19       17
  SINCE MAR 1     92                        46     46       71
  SINCE JAN 1     92                        51     41      116
..................................................................


WIND (MPH)
  RESULTANT WIND SPEED   8   RESULTANT WIND DIRECTION  NW (320)
  HIGHEST WIND SPEED    18   HIGHEST WIND DIRECTION     W (290)
  HIGHEST GUST SPEED    24   HIGHEST GUST DIRECTION    NW (300)
  AVERAGE WIND SPEED     8.6


SKY COVER
  POSSIBLE SUNSHINE  MM
  AVERAGE SKY COVER 0.5


WEATHER CONDITIONS
 THE FOLLOWING WEATHER WAS RECORDED YESTERDAY.
  NO SIGNIFICANT WEATHER WAS OBSERVED.


RELATIVE HUMIDITY (PERCENT)
 HIGHEST    78          1200 AM
 LOWEST     55           200 PM
 AVERAGE    67

..........................................................


THE SAN DIEGO INTL AIRPORT CA CLIMATE NORMALS FOR TODAY
                         NORMAL    RECORD    YEAR
 MAXIMUM TEMPERATURE (F)   69        86      1997
 MINIMUM TEMPERATURE (F)   60        52      1893


SUNRISE AND SUNSET
MAY 28 2017...........SUNRISE   543 AM PDT   SUNSET   749 PM PDT
MAY 29 2017...........SUNRISE   542 AM PDT   SUNSET   750 PM PDT


-  INDICATES NEGATIVE NUMBERS.
R  INDICATES RECORD WAS SET OR TIED.
MM INDICATES DATA IS MISSING.
T  INDICATES TRACE AMOUNT.




$$
