000
CDUS46 KSGX 281431
CLISAN


CLIMATE REPORT
NATIONAL WEATHER SERVICE SAN DIEGO, CA
731 AM PDT TUE JUL 28 2015


...................................

...THE SAN DIEGO/LINDBERGH FIELD CA CLIMATE SUMMARY FOR JULY 27 2015...

CLIMATE NORMAL PERIOD 1981 TO 2010
CLIMATE RECORD PERIOD 1874 TO 2015


WEATHER ITEM   OBSERVED TIME   RECORD YEAR NORMAL DEPARTURE LAST
                VALUE   (LST)  VALUE       VALUE  FROM      YEAR
                                                  NORMAL
..................................................................
TEMPERATURE (F)
 YESTERDAY
  MAXIMUM         75    200 PM  86    2006  75      0       80
                                      1972
                                      1967
  MINIMUM         68   1159 PM  58    1892  66      2       70
  AVERAGE         72                        71      1       75

PRECIPITATION (IN)
  YESTERDAY        0.00          0.13 1984   0.00   0.00      T
  MONTH TO DATE    1.71                      0.02   1.69      T
  SINCE OCT 1     10.66                     10.16   0.50     5.01
  SINCE JAN 1      5.79                      7.05  -1.26     2.82

DEGREE DAYS
 HEATING
  YESTERDAY        0                         0      0        0
  MONTH TO DATE    0                         0      0        0
  SINCE JUN 1      1                        18    -17        0
  SINCE JUL 1      0                         0      0        0

 COOLING
  YESTERDAY        7                         6      1       10
  MONTH TO DATE  200                       134     66      225
  SINCE JUN 1    323                       194    129      337
  SINCE JAN 1    506                       243    263      576
..................................................................


WIND (MPH)
  RESULTANT WIND SPEED   4   RESULTANT WIND DIRECTION  SW (230)
  HIGHEST WIND SPEED    13   HIGHEST WIND DIRECTION    SW (210)
  HIGHEST GUST SPEED    16   HIGHEST GUST DIRECTION    SW (220)
  AVERAGE WIND SPEED     5.7


SKY COVER
  POSSIBLE SUNSHINE  MM
  AVERAGE SKY COVER 0.4


WEATHER CONDITIONS
 THE FOLLOWING WEATHER WAS RECORDED YESTERDAY.
  NO SIGNIFICANT WEATHER WAS OBSERVED.


RELATIVE HUMIDITY (PERCENT)
 HIGHEST    76          1200 AM
 LOWEST     57          1200 PM
 AVERAGE    67

..........................................................


THE SAN DIEGO/LINDBERGH FIELD CA CLIMATE NORMALS FOR TODAY
                         NORMAL    RECORD    YEAR
 MAXIMUM TEMPERATURE (F)   75        92      1972
 MINIMUM TEMPERATURE (F)   66        59      1909


SUNRISE AND SUNSET
JULY 28 2015..........SUNRISE   600 AM PDT   SUNSET   750 PM PDT
JULY 29 2015..........SUNRISE   600 AM PDT   SUNSET   749 PM PDT


-  INDICATES NEGATIVE NUMBERS.
R  INDICATES RECORD WAS SET OR TIED.
MM INDICATES DATA IS MISSING.
T  INDICATES TRACE AMOUNT.




$$
