000
CDUS46 KSGX 271416
CLISAN


CLIMATE REPORT
NATIONAL WEATHER SERVICE SAN DIEGO, CA
716 AM PDT FRI MAR 27 2015


...................................

...THE SAN DIEGO/LINDBERGH FIELD CA CLIMATE SUMMARY FOR MARCH 26 2015...

CLIMATE NORMAL PERIOD 1981 TO 2010
CLIMATE RECORD PERIOD 1874 TO 2015


WEATHER ITEM   OBSERVED TIME   RECORD YEAR NORMAL DEPARTURE LAST
                VALUE   (LST)  VALUE       VALUE  FROM      YEAR
                                                  NORMAL
..................................................................
TEMPERATURE (F)
 YESTERDAY
  MAXIMUM         84    355 PM  93    1988  66     18       67
  MINIMUM         60    549 AM  41    1936  54      6       59
  AVERAGE         72                        60     12       63

PRECIPITATION (IN)
  YESTERDAY        0.00          0.98 1991   0.04  -0.04     0.01
  MONTH TO DATE    0.93                      1.59  -0.66     1.26
  SINCE OCT 1      6.50                      8.95  -2.45     4.46
  SINCE JAN 1      1.63                      5.84  -4.21     2.27

SNOWFALL (IN)
  YESTERDAY        0.0
  MONTH TO DATE    0.0
  SINCE MAR 1      0.0
  SINCE JUL 1      0.0
  SNOW DEPTH       0

DEGREE DAYS
 HEATING
  YESTERDAY        0                         5     -5        2
  MONTH TO DATE   36                       153   -117       32
  SINCE MAR 1     36                       153   -117       32
  SINCE JUL 1    382                      1011   -629      488

 COOLING
  YESTERDAY        7                         0      7        0
  MONTH TO DATE   79                         0     79       20
  SINCE MAR 1     79                         0     79       20
  SINCE JAN 1    101                         5     96       29
..................................................................


WIND (MPH)
  RESULTANT WIND SPEED   4   RESULTANT WIND DIRECTION  NW (320)
  HIGHEST WIND SPEED    14   HIGHEST WIND DIRECTION    NW (310)
  HIGHEST GUST SPEED    18   HIGHEST GUST DIRECTION    NW (310)
  AVERAGE WIND SPEED     4.6


SKY COVER
  POSSIBLE SUNSHINE  MM
  AVERAGE SKY COVER 0.0


WEATHER CONDITIONS
 THE FOLLOWING WEATHER WAS RECORDED YESTERDAY.
  NO SIGNIFICANT WEATHER WAS OBSERVED.


RELATIVE HUMIDITY (PERCENT)
 HIGHEST    72           100 AM
 LOWEST     23           200 PM
 AVERAGE    48

..........................................................


THE SAN DIEGO/LINDBERGH FIELD CA CLIMATE NORMALS FOR TODAY
                         NORMAL    RECORD    YEAR
 MAXIMUM TEMPERATURE (F)   66        82      1952
 MINIMUM TEMPERATURE (F)   54        41      1880


SUNRISE AND SUNSET
MARCH 27 2015.........SUNRISE   643 AM PDT   SUNSET   705 PM PDT
MARCH 28 2015.........SUNRISE   642 AM PDT   SUNSET   706 PM PDT


-  INDICATES NEGATIVE NUMBERS.
R  INDICATES RECORD WAS SET OR TIED.
MM INDICATES DATA IS MISSING.
T  INDICATES TRACE AMOUNT.




$$
