000
CDUS46 KSGX 231425
CLISAN


CLIMATE REPORT
NATIONAL WEATHER SERVICE SAN DIEGO, CA
725 AM PDT THU OCT 23 2014


...................................

...THE SAN DIEGO/LINDBERGH FIELD CA CLIMATE SUMMARY FOR OCTOBER 22 2014...

CLIMATE NORMAL PERIOD 1981 TO 2010
CLIMATE RECORD PERIOD 1850 TO 2014


WEATHER ITEM   OBSERVED TIME   RECORD YEAR NORMAL DEPARTURE LAST
                VALUE   (LST)  VALUE       VALUE  FROM      YEAR
                                                  NORMAL
..................................................................
TEMPERATURE (F)
 YESTERDAY
  MAXIMUM         79   1123 AM  90    1890  72      7       69
  MINIMUM         63    543 AM  46    1906  60      3       59
  AVERAGE         71                        66      5       64

PRECIPITATION (IN)
  YESTERDAY        0.00          0.91 1941   0.02  -0.02     0.00
  MONTH TO DATE    T                         0.36  -0.36     0.07
  SINCE JUL 1      0.08                      0.56  -0.48     0.12
  SINCE JAN 1      2.90                      7.59  -4.69     3.45

SNOWFALL (IN)
  YESTERDAY        0.0
  MONTH TO DATE    0.0
  SINCE JAN 1      0.0
  SINCE JUL 1      0.0
  SNOW DEPTH       0

DEGREE DAYS
 HEATING
  YESTERDAY        0                         1     -1        1
  MONTH TO DATE    0                         5     -5       12
  SINCE SEP 1      0                         6     -6       12
  SINCE JUL 1      0                         7     -7       12

 COOLING
  YESTERDAY        6                         2      4        0
  MONTH TO DATE  176                        59    117       55
  SINCE SEP 1    500                       227    273      255
  SINCE JAN 1   1402                       695    707      734
..................................................................


WIND (MPH)
  RESULTANT WIND SPEED   3   RESULTANT WIND DIRECTION  NW (310)
  HIGHEST WIND SPEED    13   HIGHEST WIND DIRECTION     W (290)
  HIGHEST GUST SPEED    16   HIGHEST GUST DIRECTION    NW (310)
  AVERAGE WIND SPEED     3.5


SKY COVER
  POSSIBLE SUNSHINE  MM
  AVERAGE SKY COVER 0.3


WEATHER CONDITIONS
 THE FOLLOWING WEATHER WAS RECORDED YESTERDAY.
  FOG
  HAZE


RELATIVE HUMIDITY (PERCENT)
 HIGHEST    87           300 AM
 LOWEST     50          1000 AM
 AVERAGE    69

..........................................................


THE SAN DIEGO/LINDBERGH FIELD CA CLIMATE NORMALS FOR TODAY
                         NORMAL    RECORD    YEAR
 MAXIMUM TEMPERATURE (F)   72        93      1965
 MINIMUM TEMPERATURE (F)   59        47      1886


SUNRISE AND SUNSET
OCTOBER 23 2014.......SUNRISE   659 AM PDT   SUNSET   607 PM PDT
OCTOBER 24 2014.......SUNRISE   700 AM PDT   SUNSET   605 PM PDT


-  INDICATES NEGATIVE NUMBERS.
R  INDICATES RECORD WAS SET OR TIED.
MM INDICATES DATA IS MISSING.
T  INDICATES TRACE AMOUNT.




$$
