000
CDUS46 KSGX 080018
CLISAN


CLIMATE REPORT
NATIONAL WEATHER SERVICE SAN DIEGO, CA
518 PM PDT TUE JUL 7 2015


...................................

...THE SAN DIEGO/LINDBERGH FIELD CA CLIMATE SUMMARY FOR JULY 7 2015...
VALID TODAY AS OF 0500 PM LOCAL TIME.

CLIMATE NORMAL PERIOD 1981 TO 2010
CLIMATE RECORD PERIOD 1874 TO 2015


WEATHER ITEM   OBSERVED TIME   RECORD YEAR NORMAL DEPARTURE LAST
                VALUE   (LST)  VALUE       VALUE  FROM      YEAR
                                                  NORMAL
..................................................................
TEMPERATURE (F)
 TODAY
  MAXIMUM         72    257 PM  86    1954  74     -2       81
  MINIMUM         64    657 AM  56    1915  65     -1       69
  AVERAGE         68                        69     -1       75

PRECIPITATION (IN)
  TODAY            T             0.02 1992   0.00   0.00     0.00
  MONTH TO DATE    0.01                      0.00   0.01     0.00
  SINCE OCT 1      8.96                     10.14  -1.18     5.01
  SINCE JAN 1      4.09                      7.03  -2.94     2.82

SNOWFALL (IN)
  TODAY            0.0
  MONTH TO DATE    0.0
  SINCE JUN 1      0.0
  SINCE JUL 1      0.0
  SNOW DEPTH       0

DEGREE DAYS
 HEATING
  TODAY            0                         0      0        0
  MONTH TO DATE    0                         0      0        0
  SINCE JUN 1      1                        18    -17        0
  SINCE JUL 1      0                         0      0        0

 COOLING
  TODAY            3                         4     -1       10
  MONTH TO DATE   42                        28     14       61
  SINCE JUN 1    165                        88     77      173
  SINCE JAN 1    348                       137    211      412
..................................................................


WIND (MPH)
  RESULTANT WIND SPEED   3   RESULTANT WIND DIRECTION  SW (240)
  HIGHEST WIND SPEED    13   HIGHEST WIND DIRECTION     W (270)
  HIGHEST GUST SPEED    16   HIGHEST GUST DIRECTION     W (270)
  AVERAGE WIND SPEED     5.1


SKY COVER
  POSSIBLE SUNSHINE  MM
  AVERAGE SKY COVER 0.9


WEATHER CONDITIONS
 THE FOLLOWING WEATHER WAS RECORDED TODAY.
  LIGHT RAIN
  HAZE


RELATIVE HUMIDITY (PERCENT)
 HIGHEST    84           500 AM
 LOWEST     61           400 PM
 AVERAGE    73

..........................................................


THE SAN DIEGO/LINDBERGH FIELD CA CLIMATE NORMALS FOR TOMORROW
                         NORMAL    RECORD    YEAR
 MAXIMUM TEMPERATURE (F)   74        86      1984
                                             1968
 MINIMUM TEMPERATURE (F)   65        57      1899
                                             1894


SUNRISE AND SUNSET
JULY  7 2015..........SUNRISE   547 AM PDT   SUNSET   800 PM PDT
JULY  8 2015..........SUNRISE   548 AM PDT   SUNSET   800 PM PDT


-  INDICATES NEGATIVE NUMBERS.
R  INDICATES RECORD WAS SET OR TIED.
MM INDICATES DATA IS MISSING.
T  INDICATES TRACE AMOUNT.




$$
