000
CDUS44 KEWX 272248
CLISAT


CLIMATE REPORT
NATIONAL WEATHER SERVICE AUSTIN/SAN ANTONIO, TX
547 PM CDT THU JUL 27 2017


...................................

...THE SAN ANTONIO CLIMATE SUMMARY FOR JULY 27 2017...
VALID TODAY AS OF 540 PM LOCAL TIME.

CLIMATE NORMAL PERIOD 1981 TO 2010
CLIMATE RECORD PERIOD 1886 TO 2017


WEATHER ITEM   OBSERVED TIME   RECORD YEAR NORMAL DEPARTURE LAST
                VALUE   (LST)  VALUE       VALUE  FROM      YEAR
                                                  NORMAL
..................................................................
TEMPERATURE (F)
 TODAY
  MAXIMUM        100    225 PM 106    1954  96      4       88
  MINIMUM         74    602 AM  66    1903  75     -1       74
  AVERAGE         87                        85      2       81

PRECIPITATION (IN)
  TODAY            0.00          1.98 1979   0.06  -0.06     0.18
  MONTH TO DATE    0.15                      2.51  -2.36     0.33
  SINCE JUN 1      0.55                      6.65  -6.10     2.72
  SINCE JAN 1     13.62                     18.62  -5.00    24.54

SNOWFALL (IN)
  TODAY            0.0
  MONTH TO DATE    0.0
  SINCE JUN 1      0.0
  SINCE JUL 1      0.0
  SNOW DEPTH       0

DEGREE DAYS
 HEATING
  TODAY            0                         0      0        0
  MONTH TO DATE    0                         0      0        0
  SINCE JUN 1      0                         0      0        0
  SINCE JUL 1      0                         0      0        0

 COOLING
  TODAY           22                        20      2       16
  MONTH TO DATE  605                       526     79      606
  SINCE JUN 1   1162                      1049    113     1125
  SINCE JAN 1   1934                      1678    256     1750
..................................................................


WIND (MPH)
  HIGHEST WIND SPEED    18   HIGHEST WIND DIRECTION    SE (130)
  HIGHEST GUST SPEED    25   HIGHEST GUST DIRECTION    SE (140)
  AVERAGE WIND SPEED     9.7


SKY COVER
  AVERAGE SKY COVER 0.2


WEATHER CONDITIONS
 THE FOLLOWING WEATHER WAS RECORDED TODAY.
  NO SIGNIFICANT WEATHER WAS OBSERVED.


RELATIVE HUMIDITY (PERCENT)
 HIGHEST    82           500 AM
 LOWEST     33           400 PM
 AVERAGE    58

..........................................................


THE SAN ANTONIO CLIMATE NORMALS FOR TOMORROW
                         NORMAL    RECORD    YEAR
 MAXIMUM TEMPERATURE (F)   96       103      1995
                                             1962
                                             1951
 MINIMUM TEMPERATURE (F)   75        67      1903


SUNRISE AND SUNSET
JULY 27 2017..........SUNRISE   651 AM CDT   SUNSET   829 PM CDT
JULY 28 2017..........SUNRISE   652 AM CDT   SUNSET   829 PM CDT


-  INDICATES NEGATIVE NUMBERS.
R  INDICATES RECORD WAS SET OR TIED.
MM INDICATES DATA IS MISSING.
T  INDICATES TRACE AMOUNT.




$$
