000
CDUS44 KEWX 240708
CLISAT


CLIMATE REPORT
NATIONAL WEATHER SERVICE AUSTIN/SAN ANTONIO, TX
202 AM CDT FRI OCT 24 2014


...................................

...THE SAN ANTONIO CLIMATE SUMMARY FOR OCTOBER 23 2014...

CLIMATE NORMAL PERIOD 1981 TO 2010
CLIMATE RECORD PERIOD 1886 TO 2014


WEATHER ITEM   OBSERVED TIME   RECORD YEAR NORMAL DEPARTURE LAST
                VALUE   (LST)  VALUE       VALUE  FROM      YEAR
                                                  NORMAL
..................................................................
TEMPERATURE (F)
 YESTERDAY
  MAXIMUM         85    330 PM  93    1988  80      5       82
  MINIMUM         67   1157 PM  36    1996  58      9       49
  AVERAGE         76                        69      7       66

PRECIPITATION (IN)
  YESTERDAY        0.02          4.62 1914   0.14  -0.12     0.00
  MONTH TO DATE    0.64                      3.18  -2.54     1.97
  SINCE SEP 1      2.41                      6.21  -3.80     5.67
  SINCE JAN 1     18.48                     27.15  -8.67    29.11

SNOWFALL (IN)
  YESTERDAY        0.0
  MONTH TO DATE    0.0
  SINCE SEP 1      0.0
  SINCE JUL 1      0.0
  SNOW DEPTH       0

DEGREE DAYS
 HEATING
  YESTERDAY        0                         1     -1        0
  MONTH TO DATE    0                        12    -12       11
  SINCE SEP 1      0                        14    -14       11
  SINCE JUL 1      0                        14    -14       11

 COOLING
  YESTERDAY       11                         6      5        1
  MONTH TO DATE  280                       181     99      208
  SINCE SEP 1    796                       624    172      766
  SINCE JAN 1   3396                      3015    381     3359
..................................................................


WIND (MPH)
  HIGHEST WIND SPEED    12   HIGHEST WIND DIRECTION    SE (120)
  HIGHEST GUST SPEED    13   HIGHEST GUST DIRECTION    SE (120)
  AVERAGE WIND SPEED     3.4


SKY COVER
  AVERAGE SKY COVER 0.5


WEATHER CONDITIONS
 THE FOLLOWING WEATHER WAS RECORDED YESTERDAY.
  LIGHT RAIN
  FOG
  HAZE


RELATIVE HUMIDITY (PERCENT)
 HIGHEST    90           800 AM
 LOWEST     40           300 PM
 AVERAGE    65

..........................................................


THE SAN ANTONIO CLIMATE NORMALS FOR TODAY
                         NORMAL    RECORD    YEAR
 MAXIMUM TEMPERATURE (F)   80        94      1933
 MINIMUM TEMPERATURE (F)   58        38      1908


SUNRISE AND SUNSET
OCTOBER 24 2014.......SUNRISE   741 AM CDT   SUNSET   654 PM CDT
OCTOBER 25 2014.......SUNRISE   742 AM CDT   SUNSET   653 PM CDT


-  INDICATES NEGATIVE NUMBERS.
R  INDICATES RECORD WAS SET OR TIED.
MM INDICATES DATA IS MISSING.
T  INDICATES TRACE AMOUNT.




$$
