000
CDUS44 KEWX 212221
CLISAT


CLIMATE REPORT
NATIONAL WEATHER SERVICE AUSTIN/SAN ANTONIO, TX
421 PM CST TUE NOV 21 2017


...................................

...THE SAN ANTONIO CLIMATE SUMMARY FOR NOVEMBER 21 2017...
VALID TODAY AS OF 0400 PM LOCAL TIME.

CLIMATE NORMAL PERIOD 1981 TO 2010
CLIMATE RECORD PERIOD 1886 TO 2017


WEATHER ITEM   OBSERVED TIME   RECORD YEAR NORMAL DEPARTURE LAST
                VALUE   (LST)  VALUE       VALUE  FROM      YEAR
                                                  NORMAL
..................................................................
TEMPERATURE (F)
 TODAY
  MAXIMUM         75    326 PM  88    2007  70      5       76
  MINIMUM         50    451 AM  26    1906  48      2       42
  AVERAGE         63                        59      4       59

PRECIPITATION (IN)
  TODAY            0.00          1.39 1912   0.06  -0.06     0.00
  MONTH TO DATE    0.53                      1.72  -1.19     1.79
  SINCE SEP 1      3.79                      8.86  -5.07     8.25
  SINCE JAN 1     23.29                     29.80  -6.51    37.70

SNOWFALL (IN)
  TODAY            0.0
  MONTH TO DATE    0.0
  SINCE SEP 1      0.0
  SINCE JUL 1      0.0
  SNOW DEPTH       0

DEGREE DAYS
 HEATING
  TODAY            2                         7     -5        6
  MONTH TO DATE   50                       100    -50       38
  SINCE SEP 1     96                       133    -37       41
  SINCE JUL 1     96                       133    -37       41

 COOLING
  TODAY            0                         1     -1        0
  MONTH TO DATE  138                        53     85       95
  SINCE SEP 1    799                       717     82      909
  SINCE JAN 1   3448                      3108    340     3335
..................................................................


WIND (MPH)
  HIGHEST WIND SPEED    14   HIGHEST WIND DIRECTION     S (200)
  HIGHEST GUST SPEED    18   HIGHEST GUST DIRECTION    SW (230)
  AVERAGE WIND SPEED     5.9


SKY COVER
  AVERAGE SKY COVER 0.7


WEATHER CONDITIONS
 THE FOLLOWING WEATHER WAS RECORDED TODAY.
  NO SIGNIFICANT WEATHER WAS OBSERVED.


RELATIVE HUMIDITY (PERCENT)
 HIGHEST    86           500 AM
 LOWEST     41           300 PM
 AVERAGE    64

..........................................................


THE SAN ANTONIO CLIMATE NORMALS FOR TOMORROW
                         NORMAL    RECORD    YEAR
 MAXIMUM TEMPERATURE (F)   70        86      1983
                                             1970
 MINIMUM TEMPERATURE (F)   48        30      1945
                                             1898


SUNRISE AND SUNSET
NOVEMBER 21 2017......SUNRISE   703 AM CST   SUNSET   536 PM CST
NOVEMBER 22 2017......SUNRISE   704 AM CST   SUNSET   536 PM CST


-  INDICATES NEGATIVE NUMBERS.
R  INDICATES RECORD WAS SET OR TIED.
MM INDICATES DATA IS MISSING.
T  INDICATES TRACE AMOUNT.




$$
