000
CDUS44 KEWX 160737
CLISAT


CLIMATE REPORT
NATIONAL WEATHER SERVICE AUSTIN/SAN ANTONIO, TX
136 AM CST MON JAN 16 2017


...................................

...THE SAN ANTONIO CLIMATE SUMMARY FOR JANUARY 15 2017...

CLIMATE NORMAL PERIOD 1981 TO 2010
CLIMATE RECORD PERIOD 1886 TO 2017


WEATHER ITEM   OBSERVED TIME   RECORD YEAR NORMAL DEPARTURE LAST
                VALUE   (LST)  VALUE       VALUE  FROM      YEAR
                                                  NORMAL
..................................................................
TEMPERATURE (F)
 YESTERDAY
  MAXIMUM         76    353 PM  81    1894  63     13       74
  MINIMUM         58    754 AM  11    1888  41     17       44
  AVERAGE         67                        52     15       59

PRECIPITATION (IN)
  YESTERDAY        1.62          1.81 2010   0.05   1.57     0.00
  MONTH TO DATE    1.73                      0.80   0.93     1.10
  SINCE DEC 1      7.95                      2.71   5.24     2.58
  SINCE JAN 1      1.73                      0.80   0.93     1.10

SNOWFALL (IN)
  YESTERDAY        0.0
  MONTH TO DATE    0.0
  SINCE DEC 1      0.0
  SINCE JUL 1      0.0
  SNOW DEPTH       0

DEGREE DAYS
 HEATING
  YESTERDAY        0                        14    -14        6
  MONTH TO DATE  135                       210    -75      213
  SINCE DEC 1    453                       601   -148      442
  SINCE JUL 1    511                       812   -301      571

 COOLING
  YESTERDAY        2                         0      2        0
  MONTH TO DATE   20                         0     20        0
  SINCE DEC 1     62                        14     48       25
  SINCE JAN 1     20                         0     20        0
..................................................................


WIND (MPH)
  HIGHEST WIND SPEED    30   HIGHEST WIND DIRECTION    SE (140)
  HIGHEST GUST SPEED    37   HIGHEST GUST DIRECTION    SE (140)
  AVERAGE WIND SPEED    11.9


SKY COVER
  AVERAGE SKY COVER 1.0


WEATHER CONDITIONS
 THE FOLLOWING WEATHER WAS RECORDED YESTERDAY.
  THUNDERSTORM
  HEAVY RAIN
  RAIN
  LIGHT RAIN
  FOG
  FOG W/VISIBILITY <= 1/4 MILE
  HAZE


RELATIVE HUMIDITY (PERCENT)
 HIGHEST   100           800 AM
 LOWEST     60           300 PM
 AVERAGE    80

..........................................................


THE SAN ANTONIO CLIMATE NORMALS FOR TODAY
                         NORMAL    RECORD    YEAR
 MAXIMUM TEMPERATURE (F)   63        87      1943
 MINIMUM TEMPERATURE (F)   41        14      1888


SUNRISE AND SUNSET
JANUARY 16 2017.......SUNRISE   729 AM CST   SUNSET   558 PM CST
JANUARY 17 2017.......SUNRISE   729 AM CST   SUNSET   559 PM CST


-  INDICATES NEGATIVE NUMBERS.
R  INDICATES RECORD WAS SET OR TIED.
MM INDICATES DATA IS MISSING.
T  INDICATES TRACE AMOUNT.




$$
