000
CDUS44 KEWX 242224
CLISAT


CLIMATE REPORT
NATIONAL WEATHER SERVICE AUSTIN/SAN ANTONIO, TX
521 PM CDT SUN SEP 24 2017


...................................

...THE SAN ANTONIO CLIMATE SUMMARY FOR SEPTEMBER 24 2017...
VALID TODAY AS OF 520 PM LOCAL TIME.

CLIMATE NORMAL PERIOD 1981 TO 2010
CLIMATE RECORD PERIOD 1886 TO 2017


WEATHER ITEM   OBSERVED TIME   RECORD YEAR NORMAL DEPARTURE LAST
                VALUE   (LST)  VALUE       VALUE  FROM      YEAR
                                                  NORMAL
..................................................................
TEMPERATURE (F)
 TODAY
  MAXIMUM         89    249 PM 102    2005  88      1       93
  MINIMUM         75    630 AM  51    1947  67      8       76
  AVERAGE         82                        77      5       85

PRECIPITATION (IN)
  TODAY            0.07          1.78 1996   0.09  -0.02     0.58
  MONTH TO DATE    0.07                      2.44  -2.37     0.77
  SINCE SEP 1      0.07                      2.44  -2.37     0.77
  SINCE JAN 1     19.57                     23.38  -3.81    30.22

SNOWFALL (IN)
  TODAY            0.0
  MONTH TO DATE    0.0
  SINCE SEP 1      0.0
  SINCE JUL 1      0.0
  SNOW DEPTH       0

DEGREE DAYS
 HEATING
  TODAY            0                         0      0        0
  MONTH TO DATE    0                         0      0        0
  SINCE SEP 1      0                         0      0        0
  SINCE JUL 1      0                         0      0        0

 COOLING
  TODAY           17                        12      5       20
  MONTH TO DATE  373                       374     -1      455
  SINCE SEP 1    373                       374     -1      455
  SINCE JAN 1   3022                      2765    257     2881
..................................................................


WIND (MPH)
  HIGHEST WIND SPEED    26   HIGHEST WIND DIRECTION     E (110)
  HIGHEST GUST SPEED    32   HIGHEST GUST DIRECTION    SE (120)
  AVERAGE WIND SPEED     9.7


SKY COVER
  AVERAGE SKY COVER 0.9


WEATHER CONDITIONS
 THE FOLLOWING WEATHER WAS RECORDED TODAY.
  LIGHT RAIN


RELATIVE HUMIDITY (PERCENT)
 HIGHEST    94           700 AM
 LOWEST     53          1200 PM
 AVERAGE    74

..........................................................


THE SAN ANTONIO CLIMATE NORMALS FOR TOMORROW
                         NORMAL    RECORD    YEAR
 MAXIMUM TEMPERATURE (F)   88       105      2005
 MINIMUM TEMPERATURE (F)   66        50      1989


SUNRISE AND SUNSET
SEPTEMBER 24 2017.....SUNRISE   723 AM CDT   SUNSET   728 PM CDT
SEPTEMBER 25 2017.....SUNRISE   724 AM CDT   SUNSET   726 PM CDT


-  INDICATES NEGATIVE NUMBERS.
R  INDICATES RECORD WAS SET OR TIED.
MM INDICATES DATA IS MISSING.
T  INDICATES TRACE AMOUNT.




$$
