667
CDUS44 KEWX 052256
CLISAT


CLIMATE REPORT
NATIONAL WEATHER SERVICE AUSTIN/SAN ANTONIO, TX
555 PM CDT THU MAY 5 2016


...................................

...THE SAN ANTONIO CLIMATE SUMMARY FOR MAY 5 2016...
VALID TODAY AS OF 555 PM LOCAL TIME.

CLIMATE NORMAL PERIOD 1981 TO 2010
CLIMATE RECORD PERIOD 1886 TO 2016


WEATHER ITEM   OBSERVED TIME   RECORD YEAR NORMAL DEPARTURE LAST
                VALUE   (LST)  VALUE       VALUE  FROM      YEAR
                                                  NORMAL
..................................................................
TEMPERATURE (F)
 TODAY
  MAXIMUM         87    359 PM  99    1984  85      2       80
  MINIMUM         56    604 AM  45    1944  64     -8       70
  AVERAGE         72                        74     -2       75

PRECIPITATION (IN)
  TODAY            0.00          6.26 1993   0.11  -0.11     0.09
  MONTH TO DATE    0.01                      0.54  -0.53     0.09
  SINCE MAR 1      9.76                      4.95   4.81    10.60
  SINCE JAN 1     12.69                      8.50   4.19    14.80

SNOWFALL (IN)
  TODAY            0.0
  MONTH TO DATE    0.0
  SINCE MAR 1      T
  SINCE JUL 1      T
  SNOW DEPTH       0

DEGREE DAYS
 HEATING
  TODAY            0                         0      0        0
  MONTH TO DATE    1                         0      1        0
  SINCE MAR 1     89                       193   -104      179
  SINCE JUL 1   1038                      1494   -456     1494

 COOLING
  TODAY            7                         9     -2       10
  MONTH TO DATE   24                        44    -20       37
  SINCE MAR 1    298                       277     21      308
  SINCE JAN 1    327                       303     24      321
..................................................................


WIND (MPH)
  HIGHEST WIND SPEED    12   HIGHEST WIND DIRECTION     E (100)
  HIGHEST GUST SPEED    14   HIGHEST GUST DIRECTION     E (100)
  AVERAGE WIND SPEED     5.1


SKY COVER
  AVERAGE SKY COVER 0.3


WEATHER CONDITIONS
 THE FOLLOWING WEATHER WAS RECORDED TODAY.
  NO SIGNIFICANT WEATHER WAS OBSERVED.


RELATIVE HUMIDITY (PERCENT)
 HIGHEST    77           400 AM
 LOWEST     31          1200 PM
 AVERAGE    54

..........................................................


THE SAN ANTONIO CLIMATE NORMALS FOR TOMORROW
                         NORMAL    RECORD    YEAR
 MAXIMUM TEMPERATURE (F)   85        99      1984
 MINIMUM TEMPERATURE (F)   64        47      1970


SUNRISE AND SUNSET
MAY  5 2016...........SUNRISE   648 AM CDT   SUNSET   813 PM CDT
MAY  6 2016...........SUNRISE   647 AM CDT   SUNSET   814 PM CDT


-  INDICATES NEGATIVE NUMBERS.
R  INDICATES RECORD WAS SET OR TIED.
MM INDICATES DATA IS MISSING.
T  INDICATES TRACE AMOUNT.




$$
