000
CDUS42 KCHS 050601
CLISAV


CLIMATE REPORT
NATIONAL WEATHER SERVICE CHARLESTON SC
101 AM EST MON DEC 5 2016


...................................

...THE SAVANNAH GA CLIMATE SUMMARY FOR DECEMBER 4 2016...

CLIMATE NORMAL PERIOD 1981 TO 2010
CLIMATE RECORD PERIOD 1871 TO 2016


WEATHER ITEM   OBSERVED TIME   RECORD YEAR NORMAL DEPARTURE LAST
                VALUE   (LST)  VALUE       VALUE  FROM      YEAR
                                                  NORMAL
..................................................................
TEMPERATURE (F)
 YESTERDAY
  MAXIMUM         69   1153 PM  82    1978  65      4       63
                                      1955
                                      1931
  MINIMUM         51    612 AM  22    1960  43      8       46
  AVERAGE         60                        54      6       55

PRECIPITATION (IN)
  YESTERDAY        T             3.31 1964   0.09  -0.09     0.00
  MONTH TO DATE    0.12                      0.34  -0.22     0.37
  SINCE DEC 1      0.12                      0.34  -0.22     0.37
  SINCE JAN 1     51.28                     45.35   5.93    44.62

SNOWFALL (IN)
  YESTERDAY        0.0                       0.0    0.0
  SINCE DEC 1      0.0                       0.0    0.0
  SINCE JUL 1      0.0                       0.0    0.0

DEGREE DAYS
 HEATING
  YESTERDAY        5                        11     -6       10
  MONTH TO DATE   37                        44     -7       18
  SINCE DEC 1     37                        44     -7       18
  SINCE JUL 1    217                       311    -94      143

 COOLING
  YESTERDAY        0                         0      0        0
  MONTH TO DATE    0                         3     -3        6
  SINCE DEC 1      0                         3     -3        6
  SINCE JAN 1   3011                      2452    559     2751
..................................................................


WIND (MPH)
  HIGHEST WIND SPEED    17   HIGHEST WIND DIRECTION     E (80)
  HIGHEST GUST SPEED    22   HIGHEST GUST DIRECTION     E (100)
  AVERAGE WIND SPEED     8.1


SKY COVER
  POSSIBLE SUNSHINE  MM
  AVERAGE SKY COVER 0.9


WEATHER CONDITIONS
 THE FOLLOWING WEATHER WAS RECORDED YESTERDAY.
  LIGHT RAIN


RELATIVE HUMIDITY (PERCENT)
 HIGHEST    84           800 PM
 LOWEST     56          1100 AM
 AVERAGE    70

..........................................................


THE SAVANNAH GA CLIMATE NORMALS FOR TODAY
                         NORMAL    RECORD    YEAR
 MAXIMUM TEMPERATURE (F)   65        82      2013
 MINIMUM TEMPERATURE (F)   43        21      2000


SUNRISE AND SUNSET
DECEMBER  5 2016......SUNRISE   711 AM EST   SUNSET   520 PM EST
DECEMBER  6 2016......SUNRISE   712 AM EST   SUNSET   520 PM EST


-  INDICATES NEGATIVE NUMBERS.
R  INDICATES RECORD WAS SET OR TIED.
MM INDICATES DATA IS MISSING.
T  INDICATES TRACE AMOUNT.




$$
