000
CDUS42 KCHS 300527
CLISAV


CLIMATE REPORT
NATIONAL WEATHER SERVICE CHARLESTON SC
127 AM EDT TUE SEP 30 2014


...................................

...THE SAVANNAH GA CLIMATE SUMMARY FOR SEPTEMBER 29 2014...

CLIMATE NORMAL PERIOD 1981 TO 2010
CLIMATE RECORD PERIOD 1871 TO 2014


WEATHER ITEM   OBSERVED TIME   RECORD YEAR NORMAL DEPARTURE LAST
                VALUE   (LST)  VALUE       VALUE  FROM      YEAR
                                                  NORMAL
..................................................................
TEMPERATURE (F)
 YESTERDAY
  MAXIMUM         76    155 PM  94    1941  83     -7       82
  MINIMUM         69   1159 PM  50    1962  64      5       60
  AVERAGE         73                        73      0       71

PRECIPITATION (IN)
  YESTERDAY        0.34          3.94 1959   0.15   0.19     0.00
  MONTH TO DATE    5.12                      4.43   0.69     1.78
  SINCE SEP 1      5.12                      4.43   0.69     1.78
  SINCE JAN 1     40.18                     38.80   1.38    48.95

DEGREE DAYS
 HEATING
  YESTERDAY        0                         0      0        0
  MONTH TO DATE    1                         0      1        0
  SINCE SEP 1      1                         0      1        0
  SINCE JUL 1      1                         0      1        0

 COOLING
  YESTERDAY        8                         9     -1        6
  MONTH TO DATE  398                       351     47      380
  SINCE SEP 1    398                       351     47      380
  SINCE JAN 1   2511                      2258    253     2229
..................................................................


WIND (MPH)
  HIGHEST WIND SPEED    14   HIGHEST WIND DIRECTION    NE (30)
  HIGHEST GUST SPEED    17   HIGHEST GUST DIRECTION    NE (40)
  AVERAGE WIND SPEED     6.7


SKY COVER
  POSSIBLE SUNSHINE  MM
  AVERAGE SKY COVER 1.0


WEATHER CONDITIONS
 THE FOLLOWING WEATHER WAS RECORDED YESTERDAY.
  HEAVY RAIN
  RAIN
  LIGHT RAIN
  FOG
  HAZE


RELATIVE HUMIDITY (PERCENT)
 HIGHEST    93           600 AM
 LOWEST     82           100 AM
 AVERAGE    88

..........................................................


THE SAVANNAH GA CLIMATE NORMALS FOR TODAY
                         NORMAL    RECORD    YEAR
 MAXIMUM TEMPERATURE (F)   83        95      1904
 MINIMUM TEMPERATURE (F)   63        43      1967


SUNRISE AND SUNSET
SEPTEMBER 30 2014.....SUNRISE   718 AM EDT   SUNSET   711 PM EDT
OCTOBER  1 2014.......SUNRISE   719 AM EDT   SUNSET   710 PM EDT


-  INDICATES NEGATIVE NUMBERS.
R  INDICATES RECORD WAS SET OR TIED.
MM INDICATES DATA IS MISSING.
T  INDICATES TRACE AMOUNT.




$$
