000
CDUS42 KCHS 200522
CLISAV


CLIMATE REPORT
NATIONAL WEATHER SERVICE CHARLESTON SC
122 AM EDT SAT SEP 20 2014


...................................

...THE SAVANNAH GA CLIMATE SUMMARY FOR SEPTEMBER 19 2014...

CLIMATE NORMAL PERIOD 1981 TO 2010
CLIMATE RECORD PERIOD 1871 TO 2014


WEATHER ITEM   OBSERVED TIME   RECORD YEAR NORMAL DEPARTURE LAST
                VALUE   (LST)  VALUE       VALUE  FROM      YEAR
                                                  NORMAL
..................................................................
TEMPERATURE (F)
 YESTERDAY
  MAXIMUM         86   1101 AM  98    1942  85      1       86
                                      1925
  MINIMUM         71   1147 PM  48    1981  67      4       63
  AVERAGE         79                        76      3       75

PRECIPITATION (IN)
  YESTERDAY        0.23          2.75 1926   0.14   0.09     0.00
  MONTH TO DATE    4.67                      3.09   1.58     0.85
  SINCE SEP 1      4.67                      3.09   1.58     0.85
  SINCE JAN 1     39.73                     37.46   2.27    48.02

DEGREE DAYS
 HEATING
  YESTERDAY        0                         0      0        0
  MONTH TO DATE    0                         0      0        0
  SINCE SEP 1      0                         0      0        0
  SINCE JUL 1      0                         0      0        0

 COOLING
  YESTERDAY       14                        11      3       10
  MONTH TO DATE  315                       253     62      296
  SINCE SEP 1    315                       253     62      296
  SINCE JAN 1   2428                      2160    268     2145
..................................................................


WIND (MPH)
  HIGHEST WIND SPEED    21   HIGHEST WIND DIRECTION     E (100)
  HIGHEST GUST SPEED    29   HIGHEST GUST DIRECTION     E (100)
  AVERAGE WIND SPEED     7.2


SKY COVER
  POSSIBLE SUNSHINE  MM
  AVERAGE SKY COVER 0.6


WEATHER CONDITIONS
 THE FOLLOWING WEATHER WAS RECORDED YESTERDAY.
  LIGHT RAIN


RELATIVE HUMIDITY (PERCENT)
 HIGHEST    93           200 AM
 LOWEST     63          1200 PM
 AVERAGE    78

..........................................................


THE SAVANNAH GA CLIMATE NORMALS FOR TODAY
                         NORMAL    RECORD    YEAR
 MAXIMUM TEMPERATURE (F)   85        99      1925
 MINIMUM TEMPERATURE (F)   67        51      1981


SUNRISE AND SUNSET
SEPTEMBER 20 2014.....SUNRISE   712 AM EDT   SUNSET   724 PM EDT
SEPTEMBER 21 2014.....SUNRISE   712 AM EDT   SUNSET   723 PM EDT


-  INDICATES NEGATIVE NUMBERS.
R  INDICATES RECORD WAS SET OR TIED.
MM INDICATES DATA IS MISSING.
T  INDICATES TRACE AMOUNT.




$$
