000
CDUS42 KCHS 250604
CLISAV


CLIMATE REPORT
NATIONAL WEATHER SERVICE CHARLESTON SC
204 AM EDT MON JUL 25 2016


...................................

...THE SAVANNAH GA CLIMATE SUMMARY FOR JULY 24 2016...

CLIMATE NORMAL PERIOD 1981 TO 2010
CLIMATE RECORD PERIOD 1871 TO 2016


WEATHER ITEM   OBSERVED TIME   RECORD YEAR NORMAL DEPARTURE LAST
                VALUE   (LST)  VALUE       VALUE  FROM      YEAR
                                                  NORMAL
..................................................................
TEMPERATURE (F)
 YESTERDAY
  MAXIMUM         99    206 PM 104    1952  93      6       90
  MINIMUM         77    254 PM  64    2007  73      4       74
  AVERAGE         88                        83      5       82

PRECIPITATION (IN)
  YESTERDAY        0.79          2.52 1904   0.19   0.60      T
  MONTH TO DATE    1.21                      4.17  -2.96     5.29
  SINCE JUN 1      8.17                     10.12  -1.95    10.92
  SINCE JAN 1     30.84                     26.38   4.46    28.25

DEGREE DAYS
 HEATING
  YESTERDAY        0                         0      0        0
  MONTH TO DATE    0                         0      0        0
  SINCE JUN 1      0                         0      0        0
  SINCE JUL 1      0                         0      0        0

 COOLING
  YESTERDAY       23                        18      5       17
  MONTH TO DATE  506                       424     82      457
  SINCE JUN 1   1022                       870    152      963
  SINCE JAN 1   1550                      1273    277     1498
..................................................................


WIND (MPH)
  HIGHEST WIND SPEED    36   HIGHEST WIND DIRECTION     S (180)
  HIGHEST GUST SPEED    46   HIGHEST GUST DIRECTION     S (180)
  AVERAGE WIND SPEED     6.2


SKY COVER
  POSSIBLE SUNSHINE  MM
  AVERAGE SKY COVER 0.3


WEATHER CONDITIONS
 THE FOLLOWING WEATHER WAS RECORDED YESTERDAY.
  THUNDERSTORM
  HEAVY RAIN
  RAIN
  LIGHT RAIN


RELATIVE HUMIDITY (PERCENT)
 HIGHEST    85           200 AM
 LOWEST     40           200 PM
 AVERAGE    63

..........................................................


THE SAVANNAH GA CLIMATE NORMALS FOR TODAY
                         NORMAL    RECORD    YEAR
 MAXIMUM TEMPERATURE (F)   92       101      1952
                                             1940
 MINIMUM TEMPERATURE (F)   73        66      1977


SUNRISE AND SUNSET
JULY 25 2016..........SUNRISE   636 AM EDT   SUNSET   827 PM EDT
JULY 26 2016..........SUNRISE   636 AM EDT   SUNSET   826 PM EDT


-  INDICATES NEGATIVE NUMBERS.
R  INDICATES RECORD WAS SET OR TIED.
MM INDICATES DATA IS MISSING.
T  INDICATES TRACE AMOUNT.




$$
