000
CDUS42 KCHS 250612
CLISAV


CLIMATE REPORT
NATIONAL WEATHER SERVICE CHARLESTON SC
212 AM EDT MON MAY 25 2015


...................................

...THE SAVANNAH GA CLIMATE SUMMARY FOR MAY 24 2015...

CLIMATE NORMAL PERIOD 1981 TO 2010
CLIMATE RECORD PERIOD 1871 TO 2015


WEATHER ITEM   OBSERVED TIME   RECORD YEAR NORMAL DEPARTURE LAST
                VALUE   (LST)  VALUE       VALUE  FROM      YEAR
                                                  NORMAL
..................................................................
TEMPERATURE (F)
 YESTERDAY
  MAXIMUM         83    311 PM  98    2011  86     -3       90
                                      1953
  MINIMUM         63    539 AM  51    2001  65     -2       70
                                      1954
                                      1892
  AVERAGE         73                        76     -3       80

PRECIPITATION (IN)
  YESTERDAY        0.00          2.29 1938   0.11  -0.11     0.00
  MONTH TO DATE    1.17                      2.11  -0.94     2.73
  SINCE MAR 1      9.71                      8.91   0.80    10.93
  SINCE JAN 1     17.27                     15.39   1.88    15.04

DEGREE DAYS
 HEATING
  YESTERDAY        0                         0      0        0
  MONTH TO DATE    2                         6     -4        0
  SINCE MAR 1    158                       292   -134      301
  SINCE JUL 1   1693                      1809   -116     1682

 COOLING
  YESTERDAY        8                        11     -3       15
  MONTH TO DATE  209                       187     22      228
  SINCE MAR 1    446                       313    133      378
  SINCE JAN 1    451                       323    128      396
..................................................................


WIND (MPH)
  HIGHEST WIND SPEED    21   HIGHEST WIND DIRECTION     E (110)
  HIGHEST GUST SPEED    25   HIGHEST GUST DIRECTION     E (110)
  AVERAGE WIND SPEED     9.9


SKY COVER
  POSSIBLE SUNSHINE  MM
  AVERAGE SKY COVER 0.6


WEATHER CONDITIONS
 THE FOLLOWING WEATHER WAS RECORDED YESTERDAY.
  NO SIGNIFICANT WEATHER WAS OBSERVED.


RELATIVE HUMIDITY (PERCENT)
 HIGHEST    87           400 AM
 LOWEST     45          1100 AM
 AVERAGE    66

..........................................................


THE SAVANNAH GA CLIMATE NORMALS FOR TODAY
                         NORMAL    RECORD    YEAR
 MAXIMUM TEMPERATURE (F)   87       100      1953
 MINIMUM TEMPERATURE (F)   65        49      1967


SUNRISE AND SUNSET
MAY 25 2015...........SUNRISE   622 AM EDT   SUNSET   822 PM EDT
MAY 26 2015...........SUNRISE   621 AM EDT   SUNSET   823 PM EDT


-  INDICATES NEGATIVE NUMBERS.
R  INDICATES RECORD WAS SET OR TIED.
MM INDICATES DATA IS MISSING.
T  INDICATES TRACE AMOUNT.




$$
