000
CDUS42 KCHS 280606
CLISAV


CLIMATE REPORT
NATIONAL WEATHER SERVICE CHARLESTON SC
206 AM EDT SUN MAY 28 2017


...................................

...THE SAVANNAH GA CLIMATE SUMMARY FOR MAY 27 2017...

CLIMATE NORMAL PERIOD 1981 TO 2010
CLIMATE RECORD PERIOD 1871 TO 2017


WEATHER ITEM   OBSERVED TIME   RECORD YEAR NORMAL DEPARTURE LAST
                VALUE   (LST)  VALUE       VALUE  FROM      YEAR
                                                  NORMAL
..................................................................
TEMPERATURE (F)
 YESTERDAY
  MAXIMUM         96    355 PM  98    1989  87      9       85
                                      1962
  MINIMUM         63    546 AM  53    1961  66     -3       63
  AVERAGE         80                        76      4       74

PRECIPITATION (IN)
  YESTERDAY        0.00          1.25 1996   0.12  -0.12     0.00
  MONTH TO DATE   11.41                      2.47   8.94     7.30
  SINCE MAR 1     14.79                      9.27   5.52    14.57
  SINCE JAN 1     23.62                     15.75   7.87    20.98

DEGREE DAYS
 HEATING
  YESTERDAY        0                         0      0        0
  MONTH TO DATE    1                         6     -5        4
  SINCE MAR 1    213                       292    -79      146
  SINCE JUL 1   1023                      1809   -786     1215

 COOLING
  YESTERDAY       15                        11      4        9
  MONTH TO DATE  268                       220     48      251
  SINCE MAR 1    550                       346    204      466
  SINCE JAN 1    608                       356    252      487
..................................................................


WIND (MPH)
  HIGHEST WIND SPEED    20   HIGHEST WIND DIRECTION     W (250)
  HIGHEST GUST SPEED    26   HIGHEST GUST DIRECTION     W (260)
  AVERAGE WIND SPEED     5.8


SKY COVER
  POSSIBLE SUNSHINE  MM
  AVERAGE SKY COVER 0.1


WEATHER CONDITIONS
 THE FOLLOWING WEATHER WAS RECORDED YESTERDAY.
  NO SIGNIFICANT WEATHER WAS OBSERVED.


RELATIVE HUMIDITY (PERCENT)
 HIGHEST    78           400 AM
 LOWEST     29           400 PM
 AVERAGE    54

..........................................................


THE SAVANNAH GA CLIMATE NORMALS FOR TODAY
                         NORMAL    RECORD    YEAR
 MAXIMUM TEMPERATURE (F)   87        96      1964
                                             1898
 MINIMUM TEMPERATURE (F)   66        48      1961


SUNRISE AND SUNSET
MAY 28 2017...........SUNRISE   620 AM EDT   SUNSET   824 PM EDT
MAY 29 2017...........SUNRISE   620 AM EDT   SUNSET   825 PM EDT


-  INDICATES NEGATIVE NUMBERS.
R  INDICATES RECORD WAS SET OR TIED.
MM INDICATES DATA IS MISSING.
T  INDICATES TRACE AMOUNT.




$$
