000
CDUS42 KCHS 240610
CLISAV


CLIMATE REPORT
NATIONAL WEATHER SERVICE CHARLESTON SC
110 AM EST FRI FEB 24 2017


...................................

...THE SAVANNAH GA CLIMATE SUMMARY FOR FEBRUARY 23 2017...

CLIMATE NORMAL PERIOD 1981 TO 2010
CLIMATE RECORD PERIOD 1871 TO 2017


WEATHER ITEM   OBSERVED TIME   RECORD YEAR NORMAL DEPARTURE LAST
                VALUE   (LST)  VALUE       VALUE  FROM      YEAR
                                                  NORMAL
..................................................................
TEMPERATURE (F)
 YESTERDAY
  MAXIMUM         79    147 PM  84    2012  66     13       79
  MINIMUM         60   1159 PM  23    1978  43     17       61
  AVERAGE         70                        55     15       70

PRECIPITATION (IN)
  YESTERDAY        0.00          1.23 2013   0.11  -0.11     0.01
  MONTH TO DATE    2.22                      2.29  -0.07     3.18
  SINCE DEC 1     13.12                      8.93   4.19     9.66
  SINCE JAN 1      8.83                      5.98   2.85     6.31

SNOWFALL (IN)
  YESTERDAY        0.0                       0.0    0.0
  SINCE DEC 1      0.0                       0.3   -0.3
  SINCE JUL 1      0.0                       0.3   -0.3

DEGREE DAYS
 HEATING
  YESTERDAY        0                        11    -11        0
  MONTH TO DATE  113                       292   -179      266
  SINCE DEC 1    614                      1199   -585      881
  SINCE JUL 1    795                      1466   -671     1006

 COOLING
  YESTERDAY        5                         0      5        5
  MONTH TO DATE   18                         0     18       18
  SINCE DEC 1     51                        12     39      124
  SINCE JAN 1     41                         3     38       18
..................................................................


WIND (MPH)
  HIGHEST WIND SPEED    20   HIGHEST WIND DIRECTION     E (80)
  HIGHEST GUST SPEED    30   HIGHEST GUST DIRECTION     E (90)
  AVERAGE WIND SPEED    10.5


SKY COVER
  POSSIBLE SUNSHINE  MM
  AVERAGE SKY COVER 0.5


WEATHER CONDITIONS
 THE FOLLOWING WEATHER WAS RECORDED YESTERDAY.
  NO SIGNIFICANT WEATHER WAS OBSERVED.


RELATIVE HUMIDITY (PERCENT)
 HIGHEST    90          1200 AM
 LOWEST     52           200 PM
 AVERAGE    71

..........................................................


THE SAVANNAH GA CLIMATE NORMALS FOR TODAY
                         NORMAL    RECORD    YEAR
 MAXIMUM TEMPERATURE (F)   66        86      2012
 MINIMUM TEMPERATURE (F)   43        25      1989


SUNRISE AND SUNSET
FEBRUARY 24 2017......SUNRISE   658 AM EST   SUNSET   619 PM EST
FEBRUARY 25 2017......SUNRISE   656 AM EST   SUNSET   620 PM EST


-  INDICATES NEGATIVE NUMBERS.
R  INDICATES RECORD WAS SET OR TIED.
MM INDICATES DATA IS MISSING.
T  INDICATES TRACE AMOUNT.




$$
