000
CDUS42 KCHS 220603
CLISAV


CLIMATE REPORT
NATIONAL WEATHER SERVICE CHARLESTON SC
103 AM EST SUN JAN 22 2017


...................................

...THE SAVANNAH GA CLIMATE SUMMARY FOR JANUARY 21 2017...

CLIMATE NORMAL PERIOD 1981 TO 2010
CLIMATE RECORD PERIOD 1871 TO 2017


WEATHER ITEM   OBSERVED TIME   RECORD YEAR NORMAL DEPARTURE LAST
                VALUE   (LST)  VALUE       VALUE  FROM      YEAR
                                                  NORMAL
..................................................................
TEMPERATURE (F)
 YESTERDAY
  MAXIMUM         79    202 PM  81    1954  61     18       61
  MINIMUM         59   1124 PM   3    1985  39     20       40
  AVERAGE         69                        50     19       51

PRECIPITATION (IN)
  YESTERDAY        0.73          2.01 1983   0.13   0.60      T
  MONTH TO DATE    2.35                      2.44  -0.09     2.37
  SINCE DEC 1      6.64                      5.39   1.25     5.72
  SINCE JAN 1      2.35                      2.44  -0.09     2.37

SNOWFALL (IN)
  YESTERDAY        0.0                       0.0    0.0
  SINCE DEC 1      0.0                       0.2   -0.2
  SINCE JUL 1      0.0                       0.2   -0.2

DEGREE DAYS
 HEATING
  YESTERDAY        0                        16    -16       14
  MONTH TO DATE  137                       336   -199      339
  SINCE DEC 1    409                       759   -350      463
  SINCE JUL 1    590                      1026   -436      588

 COOLING
  YESTERDAY        4                         0      4        0
  MONTH TO DATE   23                         0     23        0
  SINCE DEC 1     33                         9     24      106
  SINCE JAN 1     23                         0     23        0
..................................................................


WIND (MPH)
  HIGHEST WIND SPEED    30   HIGHEST WIND DIRECTION    NW (310)
  HIGHEST GUST SPEED    40   HIGHEST GUST DIRECTION    NW (310)
  AVERAGE WIND SPEED     7.1


SKY COVER
  POSSIBLE SUNSHINE  MM
  AVERAGE SKY COVER 0.7


WEATHER CONDITIONS
 THE FOLLOWING WEATHER WAS RECORDED YESTERDAY.
  THUNDERSTORM
  HEAVY RAIN
  RAIN
  LIGHT RAIN
  FOG
  HAZE


RELATIVE HUMIDITY (PERCENT)
 HIGHEST    93           200 AM
 LOWEST     67           200 PM
 AVERAGE    80

..........................................................


THE SAVANNAH GA CLIMATE NORMALS FOR TODAY
                         NORMAL    RECORD    YEAR
 MAXIMUM TEMPERATURE (F)   61        80      1937
                                             1923
 MINIMUM TEMPERATURE (F)   39        17      1985
                                             1961


SUNRISE AND SUNSET
JANUARY 22 2017.......SUNRISE   724 AM EST   SUNSET   550 PM EST
JANUARY 23 2017.......SUNRISE   723 AM EST   SUNSET   550 PM EST


-  INDICATES NEGATIVE NUMBERS.
R  INDICATES RECORD WAS SET OR TIED.
MM INDICATES DATA IS MISSING.
T  INDICATES TRACE AMOUNT.




$$
