000
CDUS42 KCHS 240519
CLISAV


CLIMATE REPORT
NATIONAL WEATHER SERVICE CHARLESTON SC
118 AM EDT THU JUL 24 2014


...................................

...THE SAVANNAH GA CLIMATE SUMMARY FOR JULY 23 2014...

CLIMATE NORMAL PERIOD 1981 TO 2010
CLIMATE RECORD PERIOD 1871 TO 2014


WEATHER ITEM   OBSERVED TIME   RECORD YEAR NORMAL DEPARTURE LAST
                VALUE   (LST)  VALUE       VALUE  FROM      YEAR
                                                  NORMAL
..................................................................
TEMPERATURE (F)
 YESTERDAY
  MAXIMUM         94    130 PM 103    1952  93      1       91
  MINIMUM         74    549 AM  61    1966  73      1       74
  AVERAGE         84                        83      1       83

PRECIPITATION (IN)
  YESTERDAY        0.00          5.22 1942   0.19  -0.19     0.02
  MONTH TO DATE    1.89                      3.98  -2.09     7.62
  SINCE JUN 1     13.53                      9.93   3.60    15.90
  SINCE JAN 1     29.32                     26.19   3.13    35.44

DEGREE DAYS
 HEATING
  YESTERDAY        0                         0      0        0
  MONTH TO DATE    0                         0      0        0
  SINCE JUN 1      0                         0      0        0
  SINCE JUL 1      0                         0      0        0

 COOLING
  YESTERDAY       19                        18      1       18
  MONTH TO DATE  404                       406     -2      373
  SINCE JUN 1    895                       852     43      841
  SINCE JAN 1   1384                      1255    129     1199
..................................................................


WIND (MPH)
  HIGHEST WIND SPEED    16   HIGHEST WIND DIRECTION    SE (140)
  HIGHEST GUST SPEED    21   HIGHEST GUST DIRECTION    SE (130)
  AVERAGE WIND SPEED     4.6


SKY COVER
  POSSIBLE SUNSHINE  MM
  AVERAGE SKY COVER 0.5


WEATHER CONDITIONS
 THE FOLLOWING WEATHER WAS RECORDED YESTERDAY.
  NO SIGNIFICANT WEATHER WAS OBSERVED.


RELATIVE HUMIDITY (PERCENT)
 HIGHEST    94           100 AM
 LOWEST     49          1200 PM
 AVERAGE    72

..........................................................


THE SAVANNAH GA CLIMATE NORMALS FOR TODAY
                         NORMAL    RECORD    YEAR
 MAXIMUM TEMPERATURE (F)   93       104      1952
 MINIMUM TEMPERATURE (F)   73        64      2007


SUNRISE AND SUNSET
JULY 24 2014..........SUNRISE   635 AM EDT   SUNSET   828 PM EDT
JULY 25 2014..........SUNRISE   635 AM EDT   SUNSET   827 PM EDT


-  INDICATES NEGATIVE NUMBERS.
R  INDICATES RECORD WAS SET OR TIED.
MM INDICATES DATA IS MISSING.
T  INDICATES TRACE AMOUNT.




$$
