000
CDUS42 KCHS 240607
CLISAV


CLIMATE REPORT
NATIONAL WEATHER SERVICE CHARLESTON SC
107 AM EST WED JAN 24 2018


...................................

...THE SAVANNAH GA CLIMATE SUMMARY FOR JANUARY 23 2018...

CLIMATE NORMAL PERIOD 1981 TO 2010
CLIMATE RECORD PERIOD 1871 TO 2018


WEATHER ITEM   OBSERVED TIME   RECORD YEAR NORMAL DEPARTURE LAST
                VALUE   (LST)  VALUE       VALUE  FROM      YEAR
                                                  NORMAL
..................................................................
TEMPERATURE (F)
 YESTERDAY
  MAXIMUM         77   1258 PM  82    2002  61     16       63
                                      1937
  MINIMUM         52   1159 PM  19    1960  39     13       52
  AVERAGE         65                        50     15       58

PRECIPITATION (IN)
  YESTERDAY        0.05          2.59 1998   0.13  -0.08     0.06
  MONTH TO DATE    0.71                      2.69  -1.98     6.60
  SINCE DEC 1      3.06                      5.64  -2.58    10.89
  SINCE JAN 1      0.71                      2.69  -1.98     6.60

SNOWFALL (IN)
  YESTERDAY        0.0                       0.0    0.0
  SINCE DEC 1      1.2                       0.2    1.0
  SINCE JUL 1      1.2                       0.2    1.0

DEGREE DAYS
 HEATING
  YESTERDAY        0                        15    -15        7
  MONTH TO DATE  458                       366     92      146
  SINCE DEC 1    834                       789     45      418
  SINCE JUL 1   1058                      1056      2      599

 COOLING
  YESTERDAY        0                         0      0        0
  MONTH TO DATE    3                         0      3       23
  SINCE DEC 1     12                         9      3       33
  SINCE JAN 1      3                         0      3       23
..................................................................


WIND (MPH)
  HIGHEST WIND SPEED    26   HIGHEST WIND DIRECTION     W (260)
  HIGHEST GUST SPEED    33   HIGHEST GUST DIRECTION     W (270)
  AVERAGE WIND SPEED    13.5


SKY COVER
  POSSIBLE SUNSHINE  MM
  AVERAGE SKY COVER 0.8


WEATHER CONDITIONS
 THE FOLLOWING WEATHER WAS RECORDED YESTERDAY.
  LIGHT RAIN
  FOG


RELATIVE HUMIDITY (PERCENT)
 HIGHEST    93          1200 AM
 LOWEST     22           500 PM
 AVERAGE    58

..........................................................


THE SAVANNAH GA CLIMATE NORMALS FOR TODAY
                         NORMAL    RECORD    YEAR
 MAXIMUM TEMPERATURE (F)   61        80      2002
                                             1974
 MINIMUM TEMPERATURE (F)   39        17      2003


SUNRISE AND SUNSET
JANUARY 24 2018.......SUNRISE   723 AM EST   SUNSET   551 PM EST
JANUARY 25 2018.......SUNRISE   723 AM EST   SUNSET   552 PM EST


-  INDICATES NEGATIVE NUMBERS.
R  INDICATES RECORD WAS SET OR TIED.
MM INDICATES DATA IS MISSING.
T  INDICATES TRACE AMOUNT.




$$
