000
CDUS46 KLOX 180906
CLISBA


CLIMATE REPORT
NATIONAL WEATHER SERVICE LOS ANGELES/OXNARD CA
106 AM PST SUN FEB 18 2018


...................................

...THE SANTA BARBARA AIRPORT CA CLIMATE SUMMARY FOR FEBRUARY 17 2018...

CLIMATE NORMAL PERIOD 1981 TO 2010
CLIMATE RECORD PERIOD 1940 TO 2018


WEATHER ITEM   OBSERVED TIME   RECORD YEAR NORMAL DEPARTURE LAST
                VALUE   (LST)  VALUE       VALUE  FROM      YEAR
                                                  NORMAL
..................................................................
TEMPERATURE (F)
 YESTERDAY
  MAXIMUM         67    130 PM  82    2007  64      3       58
                                      1953
  MINIMUM         40    648 AM  33    2006  44     -4       53
                                      1975
  AVERAGE         54                        54      0       56

PRECIPITATION (IN)
  YESTERDAY        0.00          4.16 2017   0.15  -0.15     4.16
  MONTH TO DATE    0.01                      2.33  -2.32     7.80
  SINCE OCT 1      2.80                     11.13  -8.33    21.57
  SINCE JAN 1      2.73                      5.83  -3.10    16.76

SNOWFALL (IN)
  YESTERDAY        0.0
  MONTH TO DATE    0.0
  SINCE DEC 1      0.0
  SINCE JUL 1      0.0

DEGREE DAYS
 HEATING
  YESTERDAY       11                        11      0        9
  MONTH TO DATE  166                       199    -33      141
  SINCE DEC 1    811                      1005   -194      905
  SINCE JUL 1   1062                      1483   -421     1234

 COOLING
  YESTERDAY        0                         0      0        0
  MONTH TO DATE    0                         0      0        0
  SINCE DEC 1      0                         0      0        0
  SINCE JAN 1      0                         0      0        0
..................................................................


WIND (MPH)
  HIGHEST WIND SPEED    13   HIGHEST WIND DIRECTION     S (160)
  HIGHEST GUST SPEED    14   HIGHEST GUST DIRECTION     S (160)
  AVERAGE WIND SPEED     3.0


SKY COVER
  POSSIBLE SUNSHINE  MM
  AVERAGE SKY COVER 0.0


WEATHER CONDITIONS
 THE FOLLOWING WEATHER WAS RECORDED YESTERDAY.
  NO SIGNIFICANT WEATHER WAS OBSERVED.


RELATIVE HUMIDITY (PERCENT)
 HIGHEST    83          1200 AM
 LOWEST     34          1200 PM
 AVERAGE    59

..........................................................


THE SANTA BARBARA AIRPORT CA CLIMATE NORMALS FOR TODAY
                         NORMAL    RECORD    YEAR
 MAXIMUM TEMPERATURE (F)   64        79      1981
 MINIMUM TEMPERATURE (F)   44        32      1944


SUNRISE AND SUNSET
FEBRUARY 18 2018......SUNRISE   641 AM PST   SUNSET   546 PM PST
FEBRUARY 19 2018......SUNRISE   640 AM PST   SUNSET   547 PM PST


-  INDICATES NEGATIVE NUMBERS.
R  INDICATES RECORD WAS SET OR TIED.
MM INDICATES DATA IS MISSING.
T  INDICATES TRACE AMOUNT.




$$
