000
CDUS46 KLOX 310900
CLISBA


CLIMATE REPORT
NATIONAL WEATHER SERVICE LOS ANGELES/OXNARD CA
200 AM PDT FRI OCT 31 2014


...................................

...THE SANTA BARBARA AIRPORT CA CLIMATE SUMMARY FOR OCTOBER 30 2014...

CLIMATE NORMAL PERIOD 1981 TO 2010
CLIMATE RECORD PERIOD 1940 TO 2014


WEATHER ITEM   OBSERVED TIME   RECORD YEAR NORMAL DEPARTURE LAST
                VALUE   (LST)  VALUE       VALUE  FROM      YEAR
                                                  NORMAL
..................................................................
TEMPERATURE (F)
 YESTERDAY
  MAXIMUM         75   1017 AM  91    1999  71      4       68
  MINIMUM         51    118 AM  34    1971  48      3       44
  AVERAGE         63                        60      3       56

PRECIPITATION (IN)
  YESTERDAY        0.00          1.09 2010   0.05  -0.05     0.00
  MONTH TO DATE    0.00                      0.77  -0.77     0.39
  SINCE JUL 1      0.02                      1.18  -1.16     0.46
  SINCE JAN 1      5.22                     13.23  -8.01     3.81

SNOWFALL (IN)
  YESTERDAY        0.0
  MONTH TO DATE    0.0
  SINCE SEP 1      0.0
  SINCE JUL 1      0.0

DEGREE DAYS
 HEATING
  YESTERDAY        2                         6     -4        9
  MONTH TO DATE   14                       117   -103      133
  SINCE SEP 1     15                       161   -146      147
  SINCE JUL 1     15                       212   -197      177

 COOLING
  YESTERDAY        0                         0      0        0
  MONTH TO DATE   61                        11     50        4
  SINCE SEP 1    194                        55    139       87
  SINCE JAN 1    525                       182    343      285
..................................................................


WIND (MPH)
  HIGHEST WIND SPEED    17   HIGHEST WIND DIRECTION     W (270)
  HIGHEST GUST SPEED    MM   HIGHEST GUST DIRECTION    MM
  AVERAGE WIND SPEED     4.1


SKY COVER
  POSSIBLE SUNSHINE  MM
  AVERAGE SKY COVER 0.2


WEATHER CONDITIONS
 THE FOLLOWING WEATHER WAS RECORDED YESTERDAY.
  NO SIGNIFICANT WEATHER WAS OBSERVED.


RELATIVE HUMIDITY (PERCENT)
 HIGHEST    86          1000 PM
 LOWEST     57          1000 AM
 AVERAGE    72

..........................................................


THE SANTA BARBARA AIRPORT CA CLIMATE NORMALS FOR TODAY
                         NORMAL    RECORD    YEAR
 MAXIMUM TEMPERATURE (F)   71        88      1949
 MINIMUM TEMPERATURE (F)   48        37      1971


SUNRISE AND SUNSET
OCTOBER 31 2014.......SUNRISE   719 AM PDT   SUNSET   607 PM PDT
NOVEMBER  1 2014......SUNRISE   720 AM PDT   SUNSET   606 PM PDT


-  INDICATES NEGATIVE NUMBERS.
R  INDICATES RECORD WAS SET OR TIED.
MM INDICATES DATA IS MISSING.
T  INDICATES TRACE AMOUNT.




$$
