109
CDUS46 KLOX 250915
CLISBA


CLIMATE REPORT
NATIONAL WEATHER SERVICE LOS ANGELES/OXNARD CA
215 AM PDT SAT MAR 25 2017


...................................

...THE SANTA BARBARA AIRPORT CA CLIMATE SUMMARY FOR MARCH 24 2017...

CLIMATE NORMAL PERIOD 1981 TO 2010
CLIMATE RECORD PERIOD 1940 TO 2017


WEATHER ITEM   OBSERVED TIME   RECORD YEAR NORMAL DEPARTURE LAST
                VALUE   (LST)  VALUE       VALUE  FROM      YEAR
                                                  NORMAL
..................................................................
TEMPERATURE (F)
 YESTERDAY
  MAXIMUM         64    130 PM  84    2015  66     -2       74
  MINIMUM         45    525 AM  38    2009  46     -1       43
                                      1957
  AVERAGE         55                        56     -1       59

PRECIPITATION (IN)
  YESTERDAY        T             1.73 1948   0.09  -0.09     0.00
  MONTH TO DATE    0.96                      2.66  -1.70     2.51
  SINCE OCT 1     23.70                     15.42   8.28     9.65
  SINCE JAN 1     18.89                     10.12   8.77     8.77

SNOWFALL (IN)
  YESTERDAY       MM
  MONTH TO DATE    0.0
  SINCE MAR 1      0.0
  SINCE JUL 1      0.0

DEGREE DAYS
 HEATING
  YESTERDAY       10                         9      1        6
  MONTH TO DATE  180                       232    -52      144
  SINCE MAR 1    180                       232    -52      144
  SINCE JUL 1   1548                      1833   -285     1207

 COOLING
  YESTERDAY        0                         0      0        0
  MONTH TO DATE    0                         0      0        1
  SINCE MAR 1      0                         0      0        1
  SINCE JAN 1      0                         0      0        3
..................................................................


WIND (MPH)
  HIGHEST WIND SPEED    21   HIGHEST WIND DIRECTION     W (280)
  HIGHEST GUST SPEED    26   HIGHEST GUST DIRECTION     W (270)
  AVERAGE WIND SPEED     6.9


SKY COVER
  POSSIBLE SUNSHINE  MM
  AVERAGE SKY COVER 0.2


WEATHER CONDITIONS
 THE FOLLOWING WEATHER WAS RECORDED YESTERDAY.
  LIGHT RAIN


RELATIVE HUMIDITY (PERCENT)
 HIGHEST    86           100 AM
 LOWEST     62           800 PM
 AVERAGE    74

..........................................................


THE SANTA BARBARA AIRPORT CA CLIMATE NORMALS FOR TODAY
                         NORMAL    RECORD    YEAR
 MAXIMUM TEMPERATURE (F)   66        87      1988
 MINIMUM TEMPERATURE (F)   46        38      1994


SUNRISE AND SUNSET
MARCH 25 2017.........SUNRISE   656 AM PDT   SUNSET   715 PM PDT
MARCH 26 2017.........SUNRISE   654 AM PDT   SUNSET   716 PM PDT


-  INDICATES NEGATIVE NUMBERS.
R  INDICATES RECORD WAS SET OR TIED.
MM INDICATES DATA IS MISSING.
T  INDICATES TRACE AMOUNT.




$$
