000
CDUS46 KLOX 010901
CLISBA


CLIMATE REPORT
NATIONAL WEATHER SERVICE LOS ANGELES/OXNARD CA
201 AM PDT TUE SEP 1 2015


...................................

...THE SANTA BARBARA AIRPORT CA CLIMATE SUMMARY FOR AUGUST 31 2015...

CLIMATE NORMAL PERIOD 1981 TO 2010
CLIMATE RECORD PERIOD 1940 TO 2015


WEATHER ITEM   OBSERVED TIME   RECORD YEAR NORMAL DEPARTURE LAST
                VALUE   (LST)  VALUE       VALUE  FROM      YEAR
                                                  NORMAL
..................................................................
TEMPERATURE (F)
 YESTERDAY
  MAXIMUM         79    158 PM  94    1955  75      4       78
  MINIMUM         64    512 AM  48    1941  57      7       60
  AVERAGE         72                        66      6       69

PRECIPITATION (IN)
  YESTERDAY        0.00          T    1994   0.00   0.00     0.00
  MONTH TO DATE    T                         0.12  -0.12     0.01
  SINCE OCT 1      9.63                     17.50  -7.87     6.51
  SINCE JAN 1      3.34                     12.20  -8.86     5.22

SNOWFALL (IN)
  YESTERDAY        0.0
  MONTH TO DATE    0.0
  SINCE JUN 1      0.0
  SINCE JUL 1      0.0

DEGREE DAYS
 HEATING
  YESTERDAY        0                         1     -1        0
  MONTH TO DATE    0                        31    -31        0
  SINCE JUN 1     30                       141   -111       52
  SINCE JUL 1      0                        51    -51        0

 COOLING
  YESTERDAY        7                         2      5        4
  MONTH TO DATE  196                        55    141       92
  SINCE JUN 1    340                       113    227      263
  SINCE JAN 1    378                       127    251      331
..................................................................


WIND (MPH)
  HIGHEST WIND SPEED    10   HIGHEST WIND DIRECTION     E (80)
  HIGHEST GUST SPEED    14   HIGHEST GUST DIRECTION     E (80)
  AVERAGE WIND SPEED     5.8


SKY COVER
  POSSIBLE SUNSHINE  MM
  AVERAGE SKY COVER 0.0


WEATHER CONDITIONS
 THE FOLLOWING WEATHER WAS RECORDED YESTERDAY.
  NO SIGNIFICANT WEATHER WAS OBSERVED.


RELATIVE HUMIDITY (PERCENT)
 HIGHEST    87           300 AM
 LOWEST     54           600 PM
 AVERAGE    71

..........................................................


THE SANTA BARBARA AIRPORT CA CLIMATE NORMALS FOR TODAY
                         NORMAL    RECORD    YEAR
 MAXIMUM TEMPERATURE (F)   75        90      1955
 MINIMUM TEMPERATURE (F)   57        48      1941


SUNRISE AND SUNSET
SEPTEMBER  1 2015.....SUNRISE   632 AM PDT   SUNSET   726 PM PDT
SEPTEMBER  2 2015.....SUNRISE   633 AM PDT   SUNSET   724 PM PDT


-  INDICATES NEGATIVE NUMBERS.
R  INDICATES RECORD WAS SET OR TIED.
MM INDICATES DATA IS MISSING.
T  INDICATES TRACE AMOUNT.




$$
