000
CDUS46 KLOX 250857
CLISBA


CLIMATE REPORT
NATIONAL WEATHER SERVICE LOS ANGELES/OXNARD CA
157 AM PDT THU MAY 25 2017


...................................

...THE SANTA BARBARA AIRPORT CA CLIMATE SUMMARY FOR MAY 24 2017...

CLIMATE NORMAL PERIOD 1981 TO 2010
CLIMATE RECORD PERIOD 1940 TO 2017


WEATHER ITEM   OBSERVED TIME   RECORD YEAR NORMAL DEPARTURE LAST
                VALUE   (LST)  VALUE       VALUE  FROM      YEAR
                                                  NORMAL
..................................................................
TEMPERATURE (F)
 YESTERDAY
  MAXIMUM         64    129 PM  92    2006  69     -5       67
  MINIMUM         52    447 AM  42    1957  52      0       51
  AVERAGE         58                        60     -2       59

PRECIPITATION (IN)
  YESTERDAY        0.00          0.02 1992   0.01  -0.01     0.00
                                      1992
                                      2008
  MONTH TO DATE    0.12                      0.30  -0.18      T
  SINCE OCT 1     24.23                     17.24   6.99    10.19
  SINCE JAN 1     19.42                     11.94   7.48     9.31

SNOWFALL (IN)
  YESTERDAY        0.0
  MONTH TO DATE    0.0
  SINCE MAR 1      0.0
  SINCE JUL 1      0.0

DEGREE DAYS
 HEATING
  YESTERDAY        7                         5      2        6
  MONTH TO DATE  116                       129    -13      140
  SINCE MAR 1    458                       653   -195      456
  SINCE JUL 1   1826                      2254   -428     1519

 COOLING
  YESTERDAY        0                         0      0        0
  MONTH TO DATE    5                         0      5        0
  SINCE MAR 1     27                         7     20        8
  SINCE JAN 1     27                         7     20       10
..................................................................


WIND (MPH)
  HIGHEST WIND SPEED    18   HIGHEST WIND DIRECTION     W (260)
  HIGHEST GUST SPEED    24   HIGHEST GUST DIRECTION     W (270)
  AVERAGE WIND SPEED     9.2


SKY COVER
  POSSIBLE SUNSHINE  MM
  AVERAGE SKY COVER 0.6


WEATHER CONDITIONS
 THE FOLLOWING WEATHER WAS RECORDED YESTERDAY.
  FOG


RELATIVE HUMIDITY (PERCENT)
 HIGHEST   100          1200 AM
 LOWEST     72           200 PM
 AVERAGE    86

..........................................................


THE SANTA BARBARA AIRPORT CA CLIMATE NORMALS FOR TODAY
                         NORMAL    RECORD    YEAR
 MAXIMUM TEMPERATURE (F)   69        90      1968
 MINIMUM TEMPERATURE (F)   52        42      1989


SUNRISE AND SUNSET
MAY 25 2017...........SUNRISE   551 AM PDT   SUNSET   802 PM PDT
MAY 26 2017...........SUNRISE   550 AM PDT   SUNSET   803 PM PDT


-  INDICATES NEGATIVE NUMBERS.
R  INDICATES RECORD WAS SET OR TIED.
MM INDICATES DATA IS MISSING.
T  INDICATES TRACE AMOUNT.




$$
