000
CDUS46 KLOX 210940
CLISBA


CLIMATE REPORT
NATIONAL WEATHER SERVICE LOS ANGELES/OXNARD CA
140 AM PST FRI NOV 21 2014


...................................

...THE SANTA BARBARA AIRPORT CA CLIMATE SUMMARY FOR NOVEMBER 20 2014...

CLIMATE NORMAL PERIOD 1981 TO 2010
CLIMATE RECORD PERIOD 1940 TO 2014


WEATHER ITEM   OBSERVED TIME   RECORD YEAR NORMAL DEPARTURE LAST
                VALUE   (LST)  VALUE       VALUE  FROM      YEAR
                                                  NORMAL
..................................................................
TEMPERATURE (F)
 YESTERDAY
  MAXIMUM         68    329 PM  85    2005  68      0       67
  MINIMUM         48    608 AM  30    1988  43      5       54
  AVERAGE         58                        55      3       61

PRECIPITATION (IN)
  YESTERDAY        0.00          2.06 2011   0.05  -0.05     0.31
  MONTH TO DATE    0.18                      1.01  -0.83     0.31
  SINCE JUL 1      1.36                      2.23  -0.87     0.77
  SINCE JAN 1      6.56                     14.28  -7.72     4.12

SNOWFALL (IN)
  YESTERDAY        0.0
  MONTH TO DATE    0.0
  SINCE SEP 1      0.0
  SINCE JUL 1      0.0

DEGREE DAYS
 HEATING
  YESTERDAY        7                        10     -3        4
  MONTH TO DATE   72                       154    -82      116
  SINCE SEP 1     89                       320   -231      268
  SINCE JUL 1     89                       371   -282      298

 COOLING
  YESTERDAY        0                         0      0        0
  MONTH TO DATE    4                         0      4        0
  SINCE SEP 1    198                        59    139       87
  SINCE JAN 1    529                       186    343      285
..................................................................


WIND (MPH)
  HIGHEST WIND SPEED    15   HIGHEST WIND DIRECTION     N (20)
  HIGHEST GUST SPEED    20   HIGHEST GUST DIRECTION     N (10)
  AVERAGE WIND SPEED     4.5


SKY COVER
  POSSIBLE SUNSHINE  MM
  AVERAGE SKY COVER 0.5


WEATHER CONDITIONS
 THE FOLLOWING WEATHER WAS RECORDED YESTERDAY.
  NO SIGNIFICANT WEATHER WAS OBSERVED.


RELATIVE HUMIDITY (PERCENT)
 HIGHEST    93           500 AM
 LOWEST     52           600 PM
 AVERAGE    73

..........................................................


THE SANTA BARBARA AIRPORT CA CLIMATE NORMALS FOR TODAY
                         NORMAL    RECORD    YEAR
 MAXIMUM TEMPERATURE (F)   67        84      1959
 MINIMUM TEMPERATURE (F)   43        31      1979


SUNRISE AND SUNSET
NOVEMBER 21 2014......SUNRISE   638 AM PST   SUNSET   452 PM PST
NOVEMBER 22 2014......SUNRISE   639 AM PST   SUNSET   451 PM PST


-  INDICATES NEGATIVE NUMBERS.
R  INDICATES RECORD WAS SET OR TIED.
MM INDICATES DATA IS MISSING.
T  INDICATES TRACE AMOUNT.




$$
