000
CDUS46 KLOX 220903
CLISBA


CLIMATE REPORT
NATIONAL WEATHER SERVICE LOS ANGELES/OXNARD CA
203 AM PDT TUE JUL 22 2014


...................................

...THE SANTA BARBARA AIRPORT CA CLIMATE SUMMARY FOR JULY 21 2014...

CLIMATE NORMAL PERIOD 1981 TO 2010
CLIMATE RECORD PERIOD 1940 TO 2014


WEATHER ITEM   OBSERVED TIME   RECORD YEAR NORMAL DEPARTURE LAST
                VALUE   (LST)  VALUE       VALUE  FROM      YEAR
                                                  NORMAL
..................................................................
TEMPERATURE (F)
 YESTERDAY
  MAXIMUM         77    306 PM  87    1960  74      3       73
  MINIMUM         63    945 PM  47    1943  58      5       59
  AVERAGE         70                        66      4       66

PRECIPITATION (IN)
  YESTERDAY        0.00          0.01 2000   0.00   0.00     0.00
  MONTH TO DATE    0.01                      0.03  -0.02     0.00
  SINCE JUL 1      0.01                      0.03  -0.02     0.00
  SINCE JAN 1      5.21                     12.08  -6.87     3.35

SNOWFALL (IN)
  YESTERDAY        0.0
  MONTH TO DATE    0.0
  SINCE JUN 1      0.0
  SINCE JUL 1      0.0

DEGREE DAYS
 HEATING
  YESTERDAY        0                         1     -1        0
  MONTH TO DATE    0                        21    -21        1
  SINCE JUN 1     52                       111    -59       44
  SINCE JUL 1      0                        21    -21        1

 COOLING
  YESTERDAY        5                         2      3        1
  MONTH TO DATE   85                        30     55       52
  SINCE JUN 1    107                        44     63       87
  SINCE JAN 1    175                        58    117      144
..................................................................


WIND (MPH)
  HIGHEST WIND SPEED    20   HIGHEST WIND DIRECTION     W (260)
  HIGHEST GUST SPEED    24   HIGHEST GUST DIRECTION     W (260)
  AVERAGE WIND SPEED     8.1


SKY COVER
  POSSIBLE SUNSHINE  MM
  AVERAGE SKY COVER 0.2


WEATHER CONDITIONS
 THE FOLLOWING WEATHER WAS RECORDED YESTERDAY.
  NO SIGNIFICANT WEATHER WAS OBSERVED.


RELATIVE HUMIDITY (PERCENT)
 HIGHEST    81           900 PM
 LOWEST     50           100 PM
 AVERAGE    66

..........................................................


THE SANTA BARBARA AIRPORT CA CLIMATE NORMALS FOR TODAY
                         NORMAL    RECORD    YEAR
 MAXIMUM TEMPERATURE (F)   74        92      1960
 MINIMUM TEMPERATURE (F)   58        51      2002


SUNRISE AND SUNSET
JULY 22 2014..........SUNRISE   603 AM PDT   SUNSET   808 PM PDT
JULY 23 2014..........SUNRISE   604 AM PDT   SUNSET   808 PM PDT


-  INDICATES NEGATIVE NUMBERS.
R  INDICATES RECORD WAS SET OR TIED.
MM INDICATES DATA IS MISSING.
T  INDICATES TRACE AMOUNT.




$$
