000
CDUS46 KLOX 240929
CLISBA


CLIMATE REPORT
NATIONAL WEATHER SERVICE LOS ANGELES/OXNARD CA
129 AM PST FRI NOV 24 2017


...................................

...THE SANTA BARBARA AIRPORT CA CLIMATE SUMMARY FOR NOVEMBER 23 2017...

CLIMATE NORMAL PERIOD 1981 TO 2010
CLIMATE RECORD PERIOD 1940 TO 2017


WEATHER ITEM   OBSERVED TIME   RECORD YEAR NORMAL DEPARTURE LAST
                VALUE   (LST)  VALUE       VALUE  FROM      YEAR
                                                  NORMAL
..................................................................
TEMPERATURE (F)
 YESTERDAY
  MAXIMUM         84    121 PM  90    1950  67     17       75
  MINIMUM         48    652 AM  32    2003  43      5       42
                                      1994
  AVERAGE         66                        55     11       59

PRECIPITATION (IN)
  YESTERDAY        0.00          1.17 1946   0.06  -0.06     0.00
  MONTH TO DATE    0.07                      1.19  -1.12     0.48
  SINCE OCT 1      0.07                      2.00  -1.93     1.21
  SINCE JAN 1     19.76                     14.46   5.30    10.55

SNOWFALL (IN)
  YESTERDAY        0.0
  MONTH TO DATE    0.0
  SINCE SEP 1      0.0
  SINCE JUL 1      0.0

DEGREE DAYS
 HEATING
  YESTERDAY        0                        10    -10        6
  MONTH TO DATE  108                       184    -76       99
  SINCE SEP 1    189                       350   -161      221
  SINCE JUL 1    200                       401   -201      243

 COOLING
  YESTERDAY        1                         0      1        0
  MONTH TO DATE    7                         0      7       10
  SINCE SEP 1    160                        59    101      111
  SINCE JAN 1    385                       186    199      259
..................................................................


WIND (MPH)
  HIGHEST WIND SPEED     9   HIGHEST WIND DIRECTION    SW (230)
  HIGHEST GUST SPEED    13   HIGHEST GUST DIRECTION    SW (240)
  AVERAGE WIND SPEED     2.1


SKY COVER
  POSSIBLE SUNSHINE  MM
  AVERAGE SKY COVER 0.0


WEATHER CONDITIONS
 THE FOLLOWING WEATHER WAS RECORDED YESTERDAY.
  FOG


RELATIVE HUMIDITY (PERCENT)
 HIGHEST   100          1100 PM
 LOWEST     23           100 PM
 AVERAGE    62

..........................................................


THE SANTA BARBARA AIRPORT CA CLIMATE NORMALS FOR TODAY
                         NORMAL    RECORD    YEAR
 MAXIMUM TEMPERATURE (F)   67        82      1979
 MINIMUM TEMPERATURE (F)   43        31      1941


SUNRISE AND SUNSET
NOVEMBER 24 2017......SUNRISE   642 AM PST   SUNSET   451 PM PST
NOVEMBER 25 2017......SUNRISE   642 AM PST   SUNSET   450 PM PST


-  INDICATES NEGATIVE NUMBERS.
R  INDICATES RECORD WAS SET OR TIED.
MM INDICATES DATA IS MISSING.
T  INDICATES TRACE AMOUNT.




$$
