000
CDUS46 KLOX 210908
CLISBA


CLIMATE REPORT
NATIONAL WEATHER SERVICE LOS ANGELES/OXNARD CA
107 AM PST SUN DEC 21 2014


...................................

...THE SANTA BARBARA AIRPORT CA CLIMATE SUMMARY FOR DECEMBER 20 2014...

CLIMATE NORMAL PERIOD 1981 TO 2010
CLIMATE RECORD PERIOD 1940 TO 2014


WEATHER ITEM   OBSERVED TIME   RECORD YEAR NORMAL DEPARTURE LAST
                VALUE   (LST)  VALUE       VALUE  FROM      YEAR
                                                  NORMAL
..................................................................
TEMPERATURE (F)
 YESTERDAY
  MAXIMUM         69   1137 PM  80    1953  63      6       64
  MINIMUM         47    505 AM  31    2012  40      7       41
                                      2006
  AVERAGE         58                        52      6       53

PRECIPITATION (IN)
  YESTERDAY        0.00          1.82 1964   0.10  -0.10     0.00
  MONTH TO DATE    4.95                      1.62   3.33     0.16
  SINCE JUL 1      6.31                      4.39   1.92     1.36
  SINCE JAN 1     11.51                     16.44  -4.93     4.71

SNOWFALL (IN)
  YESTERDAY        0.0
  MONTH TO DATE    0.0
  SINCE DEC 1      0.0
  SINCE JUL 1      0.0

DEGREE DAYS
 HEATING
  YESTERDAY        7                        14     -7       12
  MONTH TO DATE  132                       256   -124      252
  SINCE DEC 1    132                       256   -124      252
  SINCE JUL 1    265                       734   -469      626

 COOLING
  YESTERDAY        0                         0      0        0
  MONTH TO DATE    0                         0      0        0
  SINCE DEC 1      0                         0      0        0
  SINCE JAN 1    529                       188    341      285
..................................................................


WIND (MPH)
  HIGHEST WIND SPEED    28   HIGHEST WIND DIRECTION     N (360)
  HIGHEST GUST SPEED    38   HIGHEST GUST DIRECTION     N (360)
  AVERAGE WIND SPEED     5.5


SKY COVER
  POSSIBLE SUNSHINE  MM
  AVERAGE SKY COVER 0.3


WEATHER CONDITIONS
 THE FOLLOWING WEATHER WAS RECORDED YESTERDAY.
  NO SIGNIFICANT WEATHER WAS OBSERVED.


RELATIVE HUMIDITY (PERCENT)
 HIGHEST    93          1200 AM
 LOWEST     49          1100 PM
 AVERAGE    71

..........................................................


THE SANTA BARBARA AIRPORT CA CLIMATE NORMALS FOR TODAY
                         NORMAL    RECORD    YEAR
 MAXIMUM TEMPERATURE (F)   63        80      1953
 MINIMUM TEMPERATURE (F)   40        28      1968


SUNRISE AND SUNSET
DECEMBER 21 2014......SUNRISE   702 AM PST   SUNSET   453 PM PST
DECEMBER 22 2014......SUNRISE   702 AM PST   SUNSET   454 PM PST


-  INDICATES NEGATIVE NUMBERS.
R  INDICATES RECORD WAS SET OR TIED.
MM INDICATES DATA IS MISSING.
T  INDICATES TRACE AMOUNT.




$$
