000
CDUS43 KIWX 280523
CLISBN


CLIMATE REPORT
NATIONAL WEATHER SERVICE NORTHERN INDIANA
123 AM EDT SUN AUG 28 2016


...................................

...THE SOUTH BEND CLIMATE SUMMARY FOR AUGUST 27 2016...

CLIMATE NORMAL PERIOD 1981 TO 2010
CLIMATE RECORD PERIOD 1893 TO 2016


WEATHER ITEM   OBSERVED TIME   RECORD YEAR NORMAL DEPARTURE LAST
                VALUE   (LST)  VALUE       VALUE  FROM      YEAR
                                                  NORMAL
..................................................................
TEMPERATURE (F)
 YESTERDAY
  MAXIMUM         82    532 PM  96    1948  80      2       71
  MINIMUM         68    858 AM  45    1968  60      8       47
  AVERAGE         75                        70      5       59

PRECIPITATION (IN)
  YESTERDAY        1.15R         1.09 1978   0.11   1.04     0.00
  MONTH TO DATE   12.45                      3.27   9.18     2.12
  SINCE JUN 1     18.94                     11.06   7.88    10.98
  SINCE JAN 1     34.05                     24.78   9.27    24.07

SNOWFALL (IN)
  YESTERDAY        0.0           0.0  2002   0.0    0.0      0.0
                                      2001
  MONTH TO DATE    0.0                       0.0    0.0      0.0
  SINCE JUN 1      0.0                       0.0    0.0      0.0
  SINCE JUL 1      0.0                       0.0    0.0      0.0
  SNOW DEPTH       0

DEGREE DAYS
 HEATING
  YESTERDAY        0                         1     -1        6
  MONTH TO DATE    0                         4     -4       15
  SINCE JUN 1     43                        53    -10       44
  SINCE JUL 1      8                         9     -1       25

 COOLING
  YESTERDAY       10                         6      4        0
  MONTH TO DATE  253                       184     69      180
  SINCE JUN 1    699                       602     97      545
  SINCE JAN 1    768                       658    110      631
..................................................................


WIND (MPH)
  HIGHEST WIND SPEED    20   HIGHEST WIND DIRECTION     W (290)
  HIGHEST GUST SPEED    24   HIGHEST GUST DIRECTION     W (290)
  AVERAGE WIND SPEED     6.8


SKY COVER
  AVERAGE SKY COVER 0.6


WEATHER CONDITIONS
 THE FOLLOWING WEATHER WAS RECORDED YESTERDAY.
  THUNDERSTORM
  HEAVY RAIN
  RAIN
  LIGHT RAIN
  FOG


RELATIVE HUMIDITY (PERCENT)
 HIGHEST    93          1200 PM
 LOWEST     69           400 PM
 AVERAGE    81

..........................................................


THE SOUTH BEND CLIMATE NORMALS FOR TODAY
                         NORMAL    RECORD    YEAR
 MAXIMUM TEMPERATURE (F)   80        96      1973
 MINIMUM TEMPERATURE (F)   60        42      1986


SUNRISE AND SUNSET
AUGUST 28 2016........SUNRISE   708 AM EDT   SUNSET   824 PM EDT
AUGUST 29 2016........SUNRISE   709 AM EDT   SUNSET   823 PM EDT


-  INDICATES NEGATIVE NUMBERS.
R  INDICATES RECORD WAS SET OR TIED.
MM INDICATES DATA IS MISSING.
T  INDICATES TRACE AMOUNT.




$$
