000
CDUS43 KIWX 270523
CLISBN


CLIMATE REPORT
NATIONAL WEATHER SERVICE NORTHERN INDIANA
123 AM EDT SAT MAY 27 2017


...................................

...THE SOUTH BEND CLIMATE SUMMARY FOR MAY 26 2017...

CLIMATE NORMAL PERIOD 1981 TO 2010
CLIMATE RECORD PERIOD 1893 TO 2017


WEATHER ITEM   OBSERVED TIME   RECORD YEAR NORMAL DEPARTURE LAST
                VALUE   (LST)  VALUE       VALUE  FROM      YEAR
                                                  NORMAL
..................................................................
TEMPERATURE (F)
 YESTERDAY
  MAXIMUM         71    333 PM  91    1914  73     -2       84
  MINIMUM         47    515 AM  33    1961  52     -5       65
  AVERAGE         59                        62     -3       75

PRECIPITATION (IN)
  YESTERDAY        0.64          2.13 1913   0.12   0.52     0.01
  MONTH TO DATE    4.92                      3.16   1.76     2.40
  SINCE MAR 1     12.24                      8.81   3.43    11.24
  SINCE JAN 1     19.23                     13.05   6.18    15.02

SNOWFALL (IN)
  YESTERDAY        0.0           T    1961   0.0    0.0      0.0
  MONTH TO DATE    0.0                       0.0    0.0      0.0
  SINCE MAR 1      8.5                       8.5    0.0     10.9
  SINCE JUL 1     42.2                      66.6  -24.4     70.2
  SNOW DEPTH       0

DEGREE DAYS
 HEATING
  YESTERDAY        6                         5      1        0
  MONTH TO DATE  262                       203     59      261
  SINCE MAR 1   1514                      1545    -31     1475
  SINCE JUL 1   5491                      6234   -743     5605

 COOLING
  YESTERDAY        0                         2     -2       10
  MONTH TO DATE   25                        34     -9       21
  SINCE MAR 1     36                        44     -8       25
  SINCE JAN 1     36                        44     -8       25
..................................................................


WIND (MPH)
  HIGHEST WIND SPEED    14   HIGHEST WIND DIRECTION    NW (310)
  HIGHEST GUST SPEED    16   HIGHEST GUST DIRECTION    NW (320)
  AVERAGE WIND SPEED     4.5


SKY COVER
  AVERAGE SKY COVER 0.5


WEATHER CONDITIONS
 THE FOLLOWING WEATHER WAS RECORDED YESTERDAY.
  THUNDERSTORM
  HEAVY RAIN
  RAIN
  LIGHT RAIN
  FOG


RELATIVE HUMIDITY (PERCENT)
 HIGHEST   100           100 AM
 LOWEST     53           500 PM
 AVERAGE    77

..........................................................


THE SOUTH BEND CLIMATE NORMALS FOR TODAY
                         NORMAL    RECORD    YEAR
 MAXIMUM TEMPERATURE (F)   73        97      2012
 MINIMUM TEMPERATURE (F)   52        30      1961


SUNRISE AND SUNSET
MAY 27 2017...........SUNRISE   616 AM EDT   SUNSET   910 PM EDT
MAY 28 2017...........SUNRISE   615 AM EDT   SUNSET   910 PM EDT


-  INDICATES NEGATIVE NUMBERS.
R  INDICATES RECORD WAS SET OR TIED.
MM INDICATES DATA IS MISSING.
T  INDICATES TRACE AMOUNT.




$$
