000
CDUS43 KIWX 280530
CLISBN


CLIMATE REPORT
NATIONAL WEATHER SERVICE NORTHERN INDIANA
129 AM EDT THU AUG 28 2014


...................................

...THE SOUTH BEND CLIMATE SUMMARY FOR AUGUST 27 2014...

CLIMATE NORMAL PERIOD 1981 TO 2010
CLIMATE RECORD PERIOD 1893 TO 2014


WEATHER ITEM   OBSERVED TIME   RECORD YEAR NORMAL DEPARTURE LAST
                VALUE   (LST)  VALUE       VALUE  FROM      YEAR
                                                  NORMAL
..................................................................
TEMPERATURE (F)
 YESTERDAY
  MAXIMUM         81    305 PM  96    1948  80      1       93
  MINIMUM         63   1026 PM  45    1968  60      3       71
  AVERAGE         72                        70      2       82

PRECIPITATION (IN)
  YESTERDAY        0.00          1.09 1978   0.11  -0.11     0.00
  MONTH TO DATE    1.68                      3.27  -1.59     2.99
  SINCE JUN 1     12.61                     11.06   1.55     9.58
  SINCE JAN 1     27.69                     24.78   2.91    26.88

DEGREE DAYS
 HEATING
  YESTERDAY        0                         1     -1        0
  MONTH TO DATE   10                         4      6       15
  SINCE JUN 1     45                        53     -8       66
  SINCE JUL 1     28                         9     19       29

 COOLING
  YESTERDAY        7                         6      1       17
  MONTH TO DATE  214                       184     30      143
  SINCE JUN 1    570                       602    -32      537
  SINCE JAN 1    655                       658     -3      633
..................................................................


WIND (MPH)
  HIGHEST WIND SPEED    17   HIGHEST WIND DIRECTION     N (350)
  HIGHEST GUST SPEED    20   HIGHEST GUST DIRECTION     N (350)
  AVERAGE WIND SPEED     6.6


SKY COVER
  AVERAGE SKY COVER 0.1


WEATHER CONDITIONS
 THE FOLLOWING WEATHER WAS RECORDED YESTERDAY.
  FOG
  FOG W/VISIBILITY <= 1/4 MILE


RELATIVE HUMIDITY (PERCENT)
 HIGHEST   100           300 AM
 LOWEST     51           200 PM
 AVERAGE    76

..........................................................


THE SOUTH BEND CLIMATE NORMALS FOR TODAY
                         NORMAL    RECORD    YEAR
 MAXIMUM TEMPERATURE (F)   80        96      1973
 MINIMUM TEMPERATURE (F)   60        42      1986


SUNRISE AND SUNSET
AUGUST 28 2014........SUNRISE   707 AM EDT   SUNSET   825 PM EDT
AUGUST 29 2014........SUNRISE   708 AM EDT   SUNSET   823 PM EDT


-  INDICATES NEGATIVE NUMBERS.
R  INDICATES RECORD WAS SET OR TIED.
MM INDICATES DATA IS MISSING.
T  INDICATES TRACE AMOUNT.




$$
