000
CDUS43 KIWX 190529
CLISBN


CLIMATE REPORT
NATIONAL WEATHER SERVICE NORTHERN INDIANA
1228 AM EST FRI JAN 19 2018


...................................

...THE SOUTH BEND CLIMATE SUMMARY FOR JANUARY 18 2018...

CLIMATE NORMAL PERIOD 1981 TO 2010
CLIMATE RECORD PERIOD 1893 TO 2018


WEATHER ITEM   OBSERVED TIME   RECORD YEAR NORMAL DEPARTURE LAST
                VALUE   (LST)  VALUE       VALUE  FROM      YEAR
                                                  NORMAL
..................................................................
TEMPERATURE (F)
 YESTERDAY
  MAXIMUM         27        MM  62    1996  31     -4       35
  MINIMUM         12        MM -20    1930  17     -5       33
  AVERAGE         20                        24     -4       34

PRECIPITATION (IN)
  YESTERDAY        0.00          1.70 1949   0.08  -0.08     0.00
  MONTH TO DATE    1.27                      1.44  -0.17     2.34
  SINCE DEC 1      2.63                      4.05  -1.42     4.33
  SINCE JAN 1      1.27                      1.44  -0.17     2.34

SNOWFALL (IN)
  YESTERDAY        0.0           4.1  1977   0.7   -0.7      0.0
  MONTH TO DATE   19.5                      11.7    7.8      3.8
  SINCE DEC 1     51.9                      29.0   22.9     27.5
  SINCE JUL 1     51.9                      34.2   17.7     28.0
  SNOW DEPTH       0

DEGREE DAYS
 HEATING
  YESTERDAY       45                        41      4       31
  MONTH TO DATE  873                       730    143      693
  SINCE DEC 1   2094                      1852    242     1914
  SINCE JUL 1   3277                      3121    156     2815

 COOLING
  YESTERDAY        0                         0      0        0
  MONTH TO DATE    0                         0      0        0
  SINCE DEC 1      0                         0      0        0
  SINCE JAN 1      0                         0      0        0
..................................................................


WIND (MPH)
  HIGHEST WIND SPEED    23   HIGHEST WIND DIRECTION    SW (210)
  HIGHEST GUST SPEED    31   HIGHEST GUST DIRECTION     S (200)
  AVERAGE WIND SPEED    16.9


SKY COVER
  AVERAGE SKY COVER 0.0


WEATHER CONDITIONS
 THE FOLLOWING WEATHER WAS RECORDED YESTERDAY.
  NO SIGNIFICANT WEATHER WAS OBSERVED.


RELATIVE HUMIDITY (PERCENT)
 HIGHEST    80          1200 AM
 LOWEST     57           300 PM
 AVERAGE    69

..........................................................


THE SOUTH BEND CLIMATE NORMALS FOR TODAY
                         NORMAL    RECORD    YEAR
 MAXIMUM TEMPERATURE (F)   31        60      1907
 MINIMUM TEMPERATURE (F)   17       -21      1994


SUNRISE AND SUNSET
JANUARY 19 2018.......SUNRISE   808 AM EST   SUNSET   545 PM EST
JANUARY 20 2018.......SUNRISE   807 AM EST   SUNSET   546 PM EST


-  INDICATES NEGATIVE NUMBERS.
R  INDICATES RECORD WAS SET OR TIED.
MM INDICATES DATA IS MISSING.
T  INDICATES TRACE AMOUNT.




$$
