000
CDUS43 KIWX 140526
CLISBN


CLIMATE REPORT
NATIONAL WEATHER SERVICE NORTHERN INDIANA
1225 AM EST SUN FEB 14 2016


...................................

...THE SOUTH BEND CLIMATE SUMMARY FOR FEBRUARY 13 2016...

CLIMATE NORMAL PERIOD 1981 TO 2010
CLIMATE RECORD PERIOD 1893 TO 2016


WEATHER ITEM   OBSERVED TIME   RECORD YEAR NORMAL DEPARTURE LAST
                VALUE   (LST)  VALUE       VALUE  FROM      YEAR
                                                  NORMAL
..................................................................
TEMPERATURE (F)
 YESTERDAY
  MAXIMUM         13    308 PM  65    1938  34    -21       26
  MINIMUM          5   1104 PM -16    1905  20    -15        1
  AVERAGE          9                        27    -18       14

PRECIPITATION (IN)
  YESTERDAY        0.14          1.39 1946   0.07   0.07     0.04
  MONTH TO DATE    0.95                      0.84   0.11     1.41
  SINCE DEC 1      6.67                      5.74   0.93     4.80
  SINCE JAN 1      2.55                      3.13  -0.58     3.33

SNOWFALL (IN)
  YESTERDAY        3.6           5.9  2007   0.6    3.0      0.7
  MONTH TO DATE   16.8                       7.8    9.0     22.3
  SINCE DEC 1     36.9                      45.7   -8.8     44.6
  SINCE JUL 1     46.0                      50.9   -4.9     63.9
  SNOW DEPTH       7

DEGREE DAYS
 HEATING
  YESTERDAY       56                        38     18       51
  MONTH TO DATE  520                       509     11      563
  SINCE DEC 1   2546                      2888   -342     2849
  SINCE JUL 1   3613                      4157   -544     4291

 COOLING
  YESTERDAY        0                         0      0        0
  MONTH TO DATE    0                         0      0        0
  SINCE DEC 1      0                         0      0        0
  SINCE JAN 1      0                         0      0        0
..................................................................


WIND (MPH)
  HIGHEST WIND SPEED    21   HIGHEST WIND DIRECTION    NW (300)
  HIGHEST GUST SPEED    24   HIGHEST GUST DIRECTION     W (290)
  AVERAGE WIND SPEED     8.8


SKY COVER
  AVERAGE SKY COVER 1.0


WEATHER CONDITIONS
 THE FOLLOWING WEATHER WAS RECORDED YESTERDAY.
  SNOW
  LIGHT SNOW
  FOG
  HAZE


RELATIVE HUMIDITY (PERCENT)
 HIGHEST    92           100 AM
 LOWEST     70           600 PM
 AVERAGE    81

..........................................................


THE SOUTH BEND CLIMATE NORMALS FOR TODAY
                         NORMAL    RECORD    YEAR
 MAXIMUM TEMPERATURE (F)   35        59      1954
                                             1918
 MINIMUM TEMPERATURE (F)   20       -18      1905


SUNRISE AND SUNSET
FEBRUARY 14 2016......SUNRISE   743 AM EST   SUNSET   617 PM EST
FEBRUARY 15 2016......SUNRISE   741 AM EST   SUNSET   618 PM EST


-  INDICATES NEGATIVE NUMBERS.
R  INDICATES RECORD WAS SET OR TIED.
MM INDICATES DATA IS MISSING.
T  INDICATES TRACE AMOUNT.




$$
