000
CDUS41 KAKQ 022141
CLISBY


CLIMATE REPORT
NATIONAL WEATHER SERVICE WAKEFIELD, VA
541 PM EDT THU JUL 2 2015


...................................

...THE SALISBURY MD CLIMATE SUMMARY FOR JULY 2 2015...
VALID TODAY AS OF 0500 PM LOCAL TIME.

CLIMATE NORMAL PERIOD 1981 TO 2010
CLIMATE RECORD PERIOD 1900 TO 2015


WEATHER ITEM   OBSERVED TIME   RECORD YEAR NORMAL DEPARTURE LAST
                VALUE   (LST)  VALUE       VALUE  FROM      YEAR
                                                  NORMAL
..................................................................
TEMPERATURE (F)
 TODAY
  MAXIMUM         74   1250 PM  99    2014  86    -12       99
                                      1913
  MINIMUM         67    427 AM  46    2007  66      1       75
                                      1952
  AVERAGE         71

PRECIPITATION (IN)
  TODAY            0.18          1.93 1946   0.11   0.07     0.00
  MONTH TO DATE    0.18                      0.23  -0.05     0.00
  SINCE JUN 1      8.44                      3.94   4.50     1.58
  SINCE JAN 1     25.65                     22.49   3.16    21.29

SNOWFALL (IN)
  TODAY            0.0
  MONTH TO DATE    0.0
  SINCE NOV 1     15.7
  SINCE JUL 1      0.0
  SNOW DEPTH       0

DEGREE DAYS
 HEATING
  TODAY            0
  MONTH TO DATE    0
  SINCE JUN 1     15
  SINCE JUL 1      0

 COOLING
  TODAY            6
  MONTH TO DATE   18
  SINCE JUN 1    303
  SINCE JAN 1    459
..................................................................


WIND (MPH)
  RESULTANT WIND SPEED   3   RESULTANT WIND DIRECTION   N (10)
  HIGHEST WIND SPEED    25   HIGHEST WIND DIRECTION     W (280)
  HIGHEST GUST SPEED    34   HIGHEST GUST DIRECTION    NW (330)


SKY COVER
  POSSIBLE SUNSHINE  MM
  AVERAGE SKY COVER 0.5


WEATHER CONDITIONS
 THE FOLLOWING WEATHER WAS RECORDED TODAY.
  THUNDERSTORM
  RAIN
  LIGHT RAIN
  FOG
  HAZE


RELATIVE HUMIDITY (PERCENT)
 HIGHEST    97
 LOWEST     84
 AVERAGE    91

..........................................................


THE SALISBURY MD CLIMATE NORMALS FOR TOMORROW
                         NORMAL    RECORD    YEAR
 MAXIMUM TEMPERATURE (F)   86        98      1954
 MINIMUM TEMPERATURE (F)   66        43      2007


SUNRISE AND SUNSET
JULY  2 2015..........SUNRISE   542 AM EDT   SUNSET   829 PM EDT
JULY  3 2015..........SUNRISE   543 AM EDT   SUNSET   829 PM EDT


-  INDICATES NEGATIVE NUMBERS.
R  INDICATES RECORD WAS SET OR TIED.
MM INDICATES DATA IS MISSING.
T  INDICATES TRACE AMOUNT.




$$
