000
CDUS41 KAKQ 110632
CLISBY


CLIMATE REPORT
NATIONAL WEATHER SERVICE WAKEFIELD, VA
130 AM EST THU FEB 11 2016


...................................

...THE SALISBURY MD CLIMATE SUMMARY FOR FEBRUARY 10 2016...

CLIMATE NORMAL PERIOD 1981 TO 2010
CLIMATE RECORD PERIOD 1900 TO 2016


WEATHER ITEM   OBSERVED TIME   RECORD YEAR NORMAL DEPARTURE LAST
                VALUE   (LST)  VALUE       VALUE  FROM      YEAR
                                                  NORMAL
..................................................................
TEMPERATURE (F)
 YESTERDAY
  MAXIMUM         39    211 PM  69    1990  46     -7       37
  MINIMUM         26   1159 PM   1    1979  28     -2       32
  AVERAGE         33                        37     -4       35

PRECIPITATION (IN)
  YESTERDAY        0.02          1.01 1967   0.12  -0.10     0.30
  MONTH TO DATE    1.53                      1.19   0.34     0.93
  SINCE DEC 1      9.23                      8.51   0.72     9.52
  SINCE JAN 1      4.74                      4.80  -0.06     5.49

SNOWFALL (IN)
  YESTERDAY        1.0           6.0  1967   0.1    0.9
  MONTH TO DATE    2.3                       1.4    0.9
  SINCE NOV 1      9.0                       6.4    2.6
  SINCE JUL 1      9.0                       6.4    2.6
  SNOW DEPTH       1

DEGREE DAYS
 HEATING
  YESTERDAY       32                        28      4       30
  MONTH TO DATE  227                       287    -60      287
  SINCE DEC 1   1538                      2010   -472     1819
  SINCE JUL 1   2185                      2828   -643     2491

 COOLING
  YESTERDAY        0                         0      0        0
  MONTH TO DATE    0                         0      0        0
  SINCE DEC 1      9                         0      9        0
  SINCE JAN 1      0                         0      0        0
..................................................................


WIND (MPH)
  HIGHEST WIND SPEED    21   HIGHEST WIND DIRECTION    NW (310)
  HIGHEST GUST SPEED    26   HIGHEST GUST DIRECTION    NW (310)
  AVERAGE WIND SPEED    11.2


SKY COVER
  POSSIBLE SUNSHINE  MM
  AVERAGE SKY COVER 0.9


WEATHER CONDITIONS
 THE FOLLOWING WEATHER WAS RECORDED YESTERDAY.
  LIGHT SNOW
  FOG


RELATIVE HUMIDITY (PERCENT)
 HIGHEST    92           600 AM
 LOWEST     48           300 PM
 AVERAGE    70

..........................................................


THE SALISBURY MD CLIMATE NORMALS FOR TODAY
                         NORMAL    RECORD    YEAR
 MAXIMUM TEMPERATURE (F)   46        74      1932
 MINIMUM TEMPERATURE (F)   28         1      1979


SUNRISE AND SUNSET
FEBRUARY 11 2016......SUNRISE   658 AM EST   SUNSET   535 PM EST
FEBRUARY 12 2016......SUNRISE   657 AM EST   SUNSET   536 PM EST


-  INDICATES NEGATIVE NUMBERS.
R  INDICATES RECORD WAS SET OR TIED.
MM INDICATES DATA IS MISSING.
T  INDICATES TRACE AMOUNT.




$$
