000
CDUS41 KAKQ 280832
CLISBY


CLIMATE REPORT
NATIONAL WEATHER SERVICE WAKEFIELD, VA
332 AM EST SUN DEC 28 2014


...................................

...THE SALISBURY MD CLIMATE SUMMARY FOR DECEMBER 27 2014...

CLIMATE NORMAL PERIOD 1981 TO 2010
CLIMATE RECORD PERIOD 1900 TO 2014


WEATHER ITEM   OBSERVED TIME   RECORD YEAR NORMAL DEPARTURE LAST
                VALUE   (LST)  VALUE       VALUE  FROM      YEAR
                                                  NORMAL
..................................................................
TEMPERATURE (F)
 YESTERDAY
  MAXIMUM         65    300 PM  68    1971  45     20       51
  MINIMUM         31    115 AM   8    1948  28      3       25
  AVERAGE         48                        36     12       38

PRECIPITATION (IN)
  YESTERDAY        0.00          0.82 1997   0.11  -0.11     0.00
  MONTH TO DATE    2.05                      3.30  -1.25     2.46
  SINCE DEC 1      2.05                      3.30  -1.25     2.46
  SINCE JAN 1     30.26                     45.27 -15.01    48.07

SNOWFALL (IN)
  YESTERDAY        0.0           1.0  1997   0.0    0.0
  MONTH TO DATE    T                         1.4   -1.4
  SINCE NOV 1      T                         1.6   -1.6
  SINCE JUL 1      T                         1.6   -1.6
  SNOW DEPTH       0

DEGREE DAYS
 HEATING
  YESTERDAY       17                        29    -12       27
  MONTH TO DATE  550                       690   -140      590
  SINCE DEC 1    550                       690   -140      590
  SINCE JUL 1   1222                      1508   -286     1295

 COOLING
  YESTERDAY        0                         0      0        0
  MONTH TO DATE    0                         0      0        5
  SINCE DEC 1      0                         0      0        5
  SINCE JAN 1   1379                      1153    226     1633
..................................................................


WIND (MPH)
  HIGHEST WIND SPEED    12   HIGHEST WIND DIRECTION     W (250)
  HIGHEST GUST SPEED    14   HIGHEST GUST DIRECTION     W (250)
  AVERAGE WIND SPEED     3.7


SKY COVER
  POSSIBLE SUNSHINE  MM
  AVERAGE SKY COVER 0.1


WEATHER CONDITIONS
 THE FOLLOWING WEATHER WAS RECORDED YESTERDAY.
  FOG
  FOG W/VISIBILITY <= 1/4 MILE
  HAZE


RELATIVE HUMIDITY (PERCENT)
 HIGHEST    89           700 AM
 LOWEST     24           300 PM
 AVERAGE    57

..........................................................


THE SALISBURY MD CLIMATE NORMALS FOR TODAY
                         NORMAL    RECORD    YEAR
 MAXIMUM TEMPERATURE (F)   45        71      2008
 MINIMUM TEMPERATURE (F)   27         9      2004


SUNRISE AND SUNSET
DECEMBER 28 2014......SUNRISE   718 AM EST   SUNSET   449 PM EST
DECEMBER 29 2014......SUNRISE   718 AM EST   SUNSET   450 PM EST


-  INDICATES NEGATIVE NUMBERS.
R  INDICATES RECORD WAS SET OR TIED.
MM INDICATES DATA IS MISSING.
T  INDICATES TRACE AMOUNT.




$$
