000
CDUS41 KAKQ 290545
CLISBY


CLIMATE REPORT
NATIONAL WEATHER SERVICE WAKEFIELD, VA
145 AM EDT FRI JUL 29 2016


...................................

...THE SALISBURY MD CLIMATE SUMMARY FOR JULY 28 2016...

CLIMATE NORMAL PERIOD 1981 TO 2010
CLIMATE RECORD PERIOD 1900 TO 2016


WEATHER ITEM   OBSERVED TIME   RECORD YEAR NORMAL DEPARTURE LAST
                VALUE   (LST)  VALUE       VALUE  FROM      YEAR
                                                  NORMAL
..................................................................
TEMPERATURE (F)
 YESTERDAY
  MAXIMUM         MM        MM 100    1949  86     MM       88
                                      1940
  MINIMUM         MM        MM  48    1920  67     MM       69
  AVERAGE         MM                        77     MM       79

PRECIPITATION (IN)
  YESTERDAY        T             1.92 1987   0.16  -0.16     1.20
  MONTH TO DATE    3.76                      3.85  -0.09     6.15
  SINCE JUN 1     10.09                      7.56   2.53    14.41
  SINCE JAN 1     28.82                     26.11   2.71    31.62

SNOWFALL (IN)
  YESTERDAY       MM             0.0  2002   0.0   MM
                                      2001
  MONTH TO DATE    0.0                       0.0    0.0
  SINCE NOV 1     19.8                       9.3   10.5
  SINCE JUL 1      0.0                       0.0    0.0
  SNOW DEPTH       0

DEGREE DAYS
 HEATING
  YESTERDAY       MM                         0     MM        0
  MONTH TO DATE    0                         0      0        0
  SINCE JUN 1      1                        19    -18       15
  SINCE JUL 1      0                         0      0        0

 COOLING
  YESTERDAY       MM                        12     MM       14
  MONTH TO DATE  394                       331     63      316
  SINCE JUN 1    607                       558     49      601
  SINCE JAN 1    692                       642     50      757
..................................................................


WIND (MPH)
  HIGHEST WIND SPEED     9   HIGHEST WIND DIRECTION     S (160)
  HIGHEST GUST SPEED    MM   HIGHEST GUST DIRECTION    MM
  AVERAGE WIND SPEED     2.4


SKY COVER
  POSSIBLE SUNSHINE  MM
  AVERAGE SKY COVER 0.2


WEATHER CONDITIONS
 THE FOLLOWING WEATHER WAS RECORDED YESTERDAY.
  THUNDERSTORM
  HEAVY RAIN
  LIGHT RAIN
  FOG


RELATIVE HUMIDITY (PERCENT)
 HIGHEST   100           400 AM
 LOWEST     70          1000 AM
 AVERAGE    85

..........................................................


THE SALISBURY MD CLIMATE NORMALS FOR TODAY
                         NORMAL    RECORD    YEAR
 MAXIMUM TEMPERATURE (F)   86       100      1913
 MINIMUM TEMPERATURE (F)   67        53      1924


SUNRISE AND SUNSET
JULY 29 2016..........SUNRISE   602 AM EDT   SUNSET   814 PM EDT
JULY 30 2016..........SUNRISE   603 AM EDT   SUNSET   813 PM EDT


-  INDICATES NEGATIVE NUMBERS.
R  INDICATES RECORD WAS SET OR TIED.
MM INDICATES DATA IS MISSING.
T  INDICATES TRACE AMOUNT.




$$
