000
CDUS41 KAKQ 212131
CLISBY


CLIMATE REPORT
NATIONAL WEATHER SERVICE WAKEFIELD, VA
531 PM EDT TUE OCT 21 2014


...................................

...THE SALISBURY MD CLIMATE SUMMARY FOR OCTOBER 21 2014...
VALID TODAY AS OF 0500 PM LOCAL TIME.

CLIMATE NORMAL PERIOD 1981 TO 2010
CLIMATE RECORD PERIOD 1900 TO 2014


WEATHER ITEM   OBSERVED TIME   RECORD YEAR NORMAL DEPARTURE LAST
                VALUE   (LST)  VALUE       VALUE  FROM      YEAR
                                                  NORMAL
..................................................................
TEMPERATURE (F)
 TODAY
  MAXIMUM         75    154 PM  85    1947  67      8       69
  MINIMUM         53    504 AM  26    1940  44      9       40
  AVERAGE         64

PRECIPITATION (IN)
  TODAY            T             2.86 1961   0.11  -0.11     0.00
  MONTH TO DATE    1.56                      2.37  -0.81     3.61
  SINCE SEP 1      5.94                      6.35  -0.41     4.38
  SINCE JAN 1     26.22                     37.42 -11.20    44.06

SNOWFALL (IN)
  TODAY            0.0
  MONTH TO DATE    0.0
  SINCE NOV 1     22.5
  SINCE JUL 1      0.0
  SNOW DEPTH       0

DEGREE DAYS
 HEATING
  TODAY            1
  MONTH TO DATE   62
  SINCE SEP 1     68
  SINCE JUL 1     68

 COOLING
  TODAY            0
  MONTH TO DATE   31
  SINCE SEP 1    251
  SINCE JAN 1   1373
..................................................................


WIND (MPH)
  RESULTANT WIND SPEED   2   RESULTANT WIND DIRECTION  SW (240)
  HIGHEST WIND SPEED    10   HIGHEST WIND DIRECTION    SW (240)
  HIGHEST GUST SPEED    18   HIGHEST GUST DIRECTION    SW (210)


SKY COVER
  POSSIBLE SUNSHINE  MM
  AVERAGE SKY COVER 0.4


WEATHER CONDITIONS
 THE FOLLOWING WEATHER WAS RECORDED TODAY.
  HAZE


RELATIVE HUMIDITY (PERCENT)
 HIGHEST    89
 LOWEST     38
 AVERAGE    64

..........................................................


THE SALISBURY MD CLIMATE NORMALS FOR TOMORROW
                         NORMAL    RECORD    YEAR
 MAXIMUM TEMPERATURE (F)   66        84      1920
 MINIMUM TEMPERATURE (F)   44        26      1974


SUNRISE AND SUNSET
OCTOBER 21 2014.......SUNRISE   717 AM EDT   SUNSET   616 PM EDT
OCTOBER 22 2014.......SUNRISE   718 AM EDT   SUNSET   615 PM EDT


-  INDICATES NEGATIVE NUMBERS.
R  INDICATES RECORD WAS SET OR TIED.
MM INDICATES DATA IS MISSING.
T  INDICATES TRACE AMOUNT.




$$
