000
CDUS41 KAKQ 230545
CLISBY


CLIMATE REPORT
NATIONAL WEATHER SERVICE WAKEFIELD, VA
145 AM EDT MON OCT 23 2017


...................................

...THE SALISBURY MD CLIMATE SUMMARY FOR OCTOBER 22 2017...

CLIMATE NORMAL PERIOD 1981 TO 2010
CLIMATE RECORD PERIOD 1900 TO 2017


WEATHER ITEM   OBSERVED TIME   RECORD YEAR NORMAL DEPARTURE LAST
                VALUE   (LST)  VALUE       VALUE  FROM      YEAR
                                                  NORMAL
..................................................................
TEMPERATURE (F)
 YESTERDAY
  MAXIMUM         76    155 PM  84    1920  66     10       60
  MINIMUM         47    702 AM  25    1907  44      3       49
  AVERAGE         62                        55      7       55

PRECIPITATION (IN)
  YESTERDAY        0.00          2.62 1958   0.11  -0.11     0.10
  MONTH TO DATE    1.10                      2.48  -1.38     3.91
  SINCE SEP 1      3.15                      6.46  -3.31    16.77
  SINCE JAN 1     45.21                     37.53   7.68    50.83

SNOWFALL (IN)
  YESTERDAY        0.0           0.0  2002   0.0    0.0
                                      2001
  MONTH TO DATE    0.0                       0.0    0.0
  SINCE NOV 1      9.6                       9.3    0.3
  SINCE JUL 1      0.0                       0.0    0.0
  SNOW DEPTH       0

DEGREE DAYS
 HEATING
  YESTERDAY        3                        10     -7       10
  MONTH TO DATE   75                       163    -88       72
  SINCE SEP 1     88                       209   -121       76
  SINCE JUL 1     88                       211   -123       76

 COOLING
  YESTERDAY        0                         0      0        0
  MONTH TO DATE   73                        22     51       54
  SINCE SEP 1    245                       164     81      281
  SINCE JAN 1   1412                      1147    265     1470
..................................................................


WIND (MPH)
  HIGHEST WIND SPEED    10   HIGHEST WIND DIRECTION     E (100)
  HIGHEST GUST SPEED    16   HIGHEST GUST DIRECTION    SE (140)
  AVERAGE WIND SPEED     3.4


SKY COVER
  POSSIBLE SUNSHINE  MM
  AVERAGE SKY COVER 0.4


WEATHER CONDITIONS
 THE FOLLOWING WEATHER WAS RECORDED YESTERDAY.
  FOG
  FOG W/VISIBILITY <= 1/4 MILE


RELATIVE HUMIDITY (PERCENT)
 HIGHEST   100           200 AM
 LOWEST     43           300 PM
 AVERAGE    72

..........................................................


THE SALISBURY MD CLIMATE NORMALS FOR TODAY
                         NORMAL    RECORD    YEAR
 MAXIMUM TEMPERATURE (F)   66        85      1947
 MINIMUM TEMPERATURE (F)   44        26      1930


SUNRISE AND SUNSET
OCTOBER 23 2017.......SUNRISE   719 AM EDT   SUNSET   613 PM EDT
OCTOBER 24 2017.......SUNRISE   720 AM EDT   SUNSET   612 PM EDT


-  INDICATES NEGATIVE NUMBERS.
R  INDICATES RECORD WAS SET OR TIED.
MM INDICATES DATA IS MISSING.
T  INDICATES TRACE AMOUNT.




$$
