025
CDUS41 KAKQ 220529
CLISBY


CLIMATE REPORT
NATIONAL WEATHER SERVICE WAKEFIELD, VA
128 AM EDT TUE AUG 22 2017


...................................

...THE SALISBURY MD CLIMATE SUMMARY FOR AUGUST 21 2017...

CLIMATE NORMAL PERIOD 1981 TO 2010
CLIMATE RECORD PERIOD 1900 TO 2017


WEATHER ITEM   OBSERVED TIME   RECORD YEAR NORMAL DEPARTURE LAST
                VALUE   (LST)  VALUE       VALUE  FROM      YEAR
                                                  NORMAL
..................................................................
TEMPERATURE (F)
 YESTERDAY
  MAXIMUM         87   1254 PM 100    1962  84      3       89
  MINIMUM         64    316 AM  46    2008  65     -1       67
  AVERAGE         76                        74      2       78

PRECIPITATION (IN)
  YESTERDAY        0.00          3.50 1933   0.14  -0.14     1.06
  MONTH TO DATE   10.39                      3.17   7.22     2.70
  SINCE JUN 1     23.69                     11.26  12.43    15.33
  SINCE JAN 1     40.22                     29.81  10.41    34.06

SNOWFALL (IN)
  YESTERDAY        0.0           0.0  2002   0.0    0.0
                                      2001
  MONTH TO DATE    0.0                       0.0    0.0
  SINCE NOV 1      9.6                       9.3    0.3
  SINCE JUL 1      0.0                       0.0    0.0
  SNOW DEPTH       0

DEGREE DAYS
 HEATING
  YESTERDAY        0                         0      0        0
  MONTH TO DATE    0                         0      0        0
  SINCE JUN 1     15                        20     -5        1
  SINCE JUL 1      0                         1     -1        0

 COOLING
  YESTERDAY       11                        10      1       13
  MONTH TO DATE  231                       221     10      322
  SINCE JUN 1    956                       812    144      991
  SINCE JAN 1   1094                       896    198     1076
..................................................................


WIND (MPH)
  HIGHEST WIND SPEED    15   HIGHEST WIND DIRECTION     S (180)
  HIGHEST GUST SPEED    19   HIGHEST GUST DIRECTION     S (170)
  AVERAGE WIND SPEED     4.6


SKY COVER
  POSSIBLE SUNSHINE  MM
  AVERAGE SKY COVER 0.2


WEATHER CONDITIONS
 THE FOLLOWING WEATHER WAS RECORDED YESTERDAY.
  FOG


RELATIVE HUMIDITY (PERCENT)
 HIGHEST   100          1200 AM
 LOWEST     62           900 AM
 AVERAGE    81

..........................................................


THE SALISBURY MD CLIMATE NORMALS FOR TODAY
                         NORMAL    RECORD    YEAR
 MAXIMUM TEMPERATURE (F)   84        97      1916
 MINIMUM TEMPERATURE (F)   65        49      2000


SUNRISE AND SUNSET
AUGUST 22 2017........SUNRISE   623 AM EDT   SUNSET   746 PM EDT
AUGUST 23 2017........SUNRISE   624 AM EDT   SUNSET   745 PM EDT


-  INDICATES NEGATIVE NUMBERS.
R  INDICATES RECORD WAS SET OR TIED.
MM INDICATES DATA IS MISSING.
T  INDICATES TRACE AMOUNT.




$$
