000
CDUS41 KAKQ 282230
CLISBY


CLIMATE REPORT
NATIONAL WEATHER SERVICE WAKEFIELD, VA
529 PM EST FRI NOV 28 2014


...................................

...THE SALISBURY MD CLIMATE SUMMARY FOR NOVEMBER 28 2014...
VALID TODAY AS OF 0500 PM LOCAL TIME.

CLIMATE NORMAL PERIOD 1981 TO 2010
CLIMATE RECORD PERIOD 1900 TO 2014


WEATHER ITEM   OBSERVED TIME   RECORD YEAR NORMAL DEPARTURE LAST
                VALUE   (LST)  VALUE       VALUE  FROM      YEAR
                                                  NORMAL
..................................................................
TEMPERATURE (F)
 TODAY
  MAXIMUM         45    129 PM  76    1990  54     -9       41
  MINIMUM         29    106 AM  16    1936  35     -6       26
  AVERAGE         37

PRECIPITATION (IN)
  TODAY            0.00          1.25 1993   0.12  -0.12     0.00
  MONTH TO DATE    1.83                      3.18  -1.35     1.48
  SINCE SEP 1      7.93                     10.65  -2.72     5.93
  SINCE JAN 1     28.21                     41.72 -13.51    45.61

SNOWFALL (IN)
  TODAY            0.0
  MONTH TO DATE    0.0
  SINCE NOV 1      0.0
  SINCE JUL 1      0.0
  SNOW DEPTH       0

DEGREE DAYS
 HEATING
  TODAY           28
  MONTH TO DATE  494
  SINCE SEP 1    627
  SINCE JUL 1    627

 COOLING
  TODAY            0
  MONTH TO DATE    4
  SINCE SEP 1    257
  SINCE JAN 1   1379
..................................................................


WIND (MPH)
  RESULTANT WIND SPEED  10   RESULTANT WIND DIRECTION  NW (310)
  HIGHEST WIND SPEED    22   HIGHEST WIND DIRECTION     N (340)
  HIGHEST GUST SPEED    29   HIGHEST GUST DIRECTION    NW (310)


SKY COVER
  POSSIBLE SUNSHINE  MM
  AVERAGE SKY COVER 0.2


WEATHER CONDITIONS
 THE FOLLOWING WEATHER WAS RECORDED TODAY.
  FOG


RELATIVE HUMIDITY (PERCENT)
 HIGHEST    85
 LOWEST     39
 AVERAGE    62

..........................................................


THE SALISBURY MD CLIMATE NORMALS FOR TOMORROW
                         NORMAL    RECORD    YEAR
 MAXIMUM TEMPERATURE (F)   54        74      2011
                                             2001
 MINIMUM TEMPERATURE (F)   34        10      1930


SUNRISE AND SUNSET
NOVEMBER 28 2014......SUNRISE   657 AM EST   SUNSET   443 PM EST
NOVEMBER 29 2014......SUNRISE   658 AM EST   SUNSET   442 PM EST


-  INDICATES NEGATIVE NUMBERS.
R  INDICATES RECORD WAS SET OR TIED.
MM INDICATES DATA IS MISSING.
T  INDICATES TRACE AMOUNT.




$$
