000
CDUS46 KSTO 221515
CLISCK


CLIMATE REPORT
NATIONAL WEATHER SERVICE SACRAMENTO, CA
815 AM PDT MON SEP 22 2014


...................................

...THE STOCKTON AIRPORT CA CLIMATE SUMMARY FOR SEPTEMBER 21 2014...

CLIMATE NORMAL PERIOD 1981 TO 2010
CLIMATE RECORD PERIOD 1948 TO 2014


WEATHER ITEM   OBSERVED TIME   RECORD YEAR NORMAL DEPARTURE LAST
                VALUE   (LST)  VALUE       VALUE  FROM      YEAR
                                                  NORMAL
..................................................................
TEMPERATURE (F)
 YESTERDAY
  MAXIMUM         85    138 PM 101    1949  87     -2       73
  MINIMUM         59    627 AM  47    1978  56      3       55
                                      1960
  AVERAGE         72

PRECIPITATION (IN)
  YESTERDAY        0.00          0.27 2013   0.01  -0.01     0.27
  MONTH TO DATE    T                         0.16  -0.16     0.28
  SINCE JUL 1      0.01                      0.17  -0.16     0.28
  SINCE JAN 1      5.81                      9.20  -3.39     3.16

SNOWFALL (IN)
  YESTERDAY        0.0           0.0  2002
                                      2001
  MONTH TO DATE    0.0
  SINCE SEP 1      0.0
  SINCE JUL 1      0.0
  SNOW DEPTH       0

DEGREE DAYS
 HEATING
  YESTERDAY        0                         0      0        1
  MONTH TO DATE    0                         0      0        1
  SINCE SEP 1      0                         0      0        1
  SINCE JUL 1      0                         0      0        1

 COOLING
  YESTERDAY        7                         7      0        0
  MONTH TO DATE  245                       173     72      194
  SINCE SEP 1    245                       173     72      194
  SINCE JAN 1   1491                      1217    274     1363
..................................................................


WIND (MPH)
  RESULTANT WIND SPEED   7   RESULTANT WIND DIRECTION  NW (300)
  HIGHEST WIND SPEED    21   HIGHEST WIND DIRECTION    NW (300)
  HIGHEST GUST SPEED    23   HIGHEST GUST DIRECTION    NW (300)


SKY COVER
  POSSIBLE SUNSHINE  MM
  AVERAGE SKY COVER 0.0


WEATHER CONDITIONS
 THE FOLLOWING WEATHER WAS RECORDED YESTERDAY.
  NO SIGNIFICANT WEATHER WAS OBSERVED.


RELATIVE HUMIDITY (PERCENT)
 HIGHEST    90           600 AM
 LOWEST     43           300 PM
 AVERAGE    67

..........................................................


THE STOCKTON AIRPORT CA CLIMATE NORMALS FOR TODAY
                         NORMAL    RECORD    YEAR
 MAXIMUM TEMPERATURE (F)   87       102      2003
                                             1949
 MINIMUM TEMPERATURE (F)   56        49      2013
                                             1968
                                             1956


SUNRISE AND SUNSET
SEPTEMBER 22 2014.....SUNRISE   653 AM PDT   SUNSET   702 PM PDT
SEPTEMBER 23 2014.....SUNRISE   654 AM PDT   SUNSET   700 PM PDT


-  INDICATES NEGATIVE NUMBERS.
R  INDICATES RECORD WAS SET OR TIED.
MM INDICATES DATA IS MISSING.
T  INDICATES TRACE AMOUNT.




$$
