000
CDUS46 KSTO 140834
CLISCK


CLIMATE REPORT
NATIONAL WEATHER SERVICE SACRAMENTO, CA
1233 AM PST SUN FEB 14 2016


...................................

...THE STOCKTON AIRPORT CA CLIMATE SUMMARY FOR FEBRUARY 13 2016...

CLIMATE NORMAL PERIOD 1981 TO 2010
CLIMATE RECORD PERIOD 1948 TO 2016


WEATHER ITEM   OBSERVED TIME   RECORD YEAR NORMAL DEPARTURE LAST
                VALUE   (LST)  VALUE       VALUE  FROM      YEAR
                                                  NORMAL
..................................................................
TEMPERATURE (F)
 YESTERDAY
  MAXIMUM         73    328 PM  74    2015  60     13       74
  MINIMUM         46    537 AM  24    1949  40      6       43
  AVERAGE         60

PRECIPITATION (IN)
  YESTERDAY        0.00          1.05 1987   0.08  -0.08     0.00
  MONTH TO DATE    T                         1.21  -1.21     1.42
  SINCE OCT 1      9.48                      8.68   0.80     9.28
  SINCE JAN 1      4.91                      3.95   0.96     1.44

SNOWFALL (IN)
  YESTERDAY        0.0          MM      MM
  MONTH TO DATE    0.0
  SINCE DEC 1      0.0
  SINCE JUL 1      0.0
  SNOW DEPTH       0

DEGREE DAYS
 HEATING
  YESTERDAY        5                        15    -10        6
  MONTH TO DATE  166                       207    -41      113
  SINCE DEC 1   1179                      1405   -226      993
  SINCE JUL 1   1584                      1862   -278     1279

 COOLING
  YESTERDAY        0                         0      0        0
  MONTH TO DATE    0                         0      0        0
  SINCE DEC 1      0                         0      0        0
  SINCE JAN 1      0                         0      0        0
..................................................................


WIND (MPH)
  RESULTANT WIND SPEED   7   RESULTANT WIND DIRECTION  NW (310)
  HIGHEST WIND SPEED    18   HIGHEST WIND DIRECTION     N (340)
  HIGHEST GUST SPEED    33   HIGHEST GUST DIRECTION    NW (320)


SKY COVER
  POSSIBLE SUNSHINE  MM
  AVERAGE SKY COVER 0.1


WEATHER CONDITIONS
 THE FOLLOWING WEATHER WAS RECORDED YESTERDAY.
  FOG
  FOG W/VISIBILITY <= 1/4 MILE


RELATIVE HUMIDITY (PERCENT)
 HIGHEST   100           600 AM
 LOWEST     38           400 PM
 AVERAGE    69

..........................................................


THE STOCKTON AIRPORT CA CLIMATE NORMALS FOR TODAY
                         NORMAL    RECORD    YEAR
 MAXIMUM TEMPERATURE (F)   61        75      2015
 MINIMUM TEMPERATURE (F)   40        25      1949


SUNRISE AND SUNSET
FEBRUARY 14 2016......SUNRISE   656 AM PST   SUNSET   542 PM PST
FEBRUARY 15 2016......SUNRISE   655 AM PST   SUNSET   543 PM PST


-  INDICATES NEGATIVE NUMBERS.
R  INDICATES RECORD WAS SET OR TIED.
MM INDICATES DATA IS MISSING.
T  INDICATES TRACE AMOUNT.




$$
