000
CDUS46 KSTO 290837
CLISCK


CLIMATE REPORT
NATIONAL WEATHER SERVICE SACRAMENTO, CA
1236 AM PST THU JAN 29 2015


...................................

...THE STOCKTON AIRPORT CA CLIMATE SUMMARY FOR JANUARY 28 2015...

CLIMATE NORMAL PERIOD 1981 TO 2010
CLIMATE RECORD PERIOD 1948 TO 2015


WEATHER ITEM   OBSERVED TIME   RECORD YEAR NORMAL DEPARTURE LAST
                VALUE   (LST)  VALUE       VALUE  FROM      YEAR
                                                  NORMAL
..................................................................
TEMPERATURE (F)
 YESTERDAY
  MAXIMUM         65    257 PM  69    2014  56      9       69
  MINIMUM         41    733 AM  21    1975  38      3       45
  AVERAGE         53

PRECIPITATION (IN)
  YESTERDAY        0.00          0.71 1981   0.09  -0.09     0.00
  MONTH TO DATE    0.02                      2.45  -2.43     0.00
  SINCE OCT 1      7.86                      7.18   0.68     1.43
  SINCE JAN 1      0.02                      2.45  -2.43     0.00

SNOWFALL (IN)
  YESTERDAY        0.0          MM      MM
  MONTH TO DATE    0.0
  SINCE DEC 1      0.0
  SINCE JUL 1      0.0
  SNOW DEPTH       0

DEGREE DAYS
 HEATING
  YESTERDAY       12                        18     -6        8
  MONTH TO DATE  471                       541    -70      436
  SINCE DEC 1    842                      1144   -302     1073
  SINCE JUL 1   1128                      1601   -473     1472

 COOLING
  YESTERDAY        0                         0      0        0
  MONTH TO DATE    0                         0      0        0
  SINCE DEC 1      0                         0      0        0
  SINCE JAN 1      0                         0      0        0
..................................................................


WIND (MPH)
  RESULTANT WIND SPEED   3   RESULTANT WIND DIRECTION   W (280)
  HIGHEST WIND SPEED    13   HIGHEST WIND DIRECTION    NW (310)
  HIGHEST GUST SPEED    15   HIGHEST GUST DIRECTION    NW (310)


SKY COVER
  POSSIBLE SUNSHINE  MM
  AVERAGE SKY COVER 0.1


WEATHER CONDITIONS
 THE FOLLOWING WEATHER WAS RECORDED YESTERDAY.
  FOG
  FOG W/VISIBILITY <= 1/4 MILE
  HAZE


RELATIVE HUMIDITY (PERCENT)
 HIGHEST   100           100 AM
 LOWEST     52           300 PM
 AVERAGE    76

..........................................................


THE STOCKTON AIRPORT CA CLIMATE NORMALS FOR TODAY
                         NORMAL    RECORD    YEAR
 MAXIMUM TEMPERATURE (F)   56        68      2014
 MINIMUM TEMPERATURE (F)   39        24      1979
                                             1949


SUNRISE AND SUNSET
JANUARY 29 2015.......SUNRISE   712 AM PST   SUNSET   525 PM PST
JANUARY 30 2015.......SUNRISE   711 AM PST   SUNSET   526 PM PST


-  INDICATES NEGATIVE NUMBERS.
R  INDICATES RECORD WAS SET OR TIED.
MM INDICATES DATA IS MISSING.
T  INDICATES TRACE AMOUNT.




$$
