793
CDUS46 KSTO 280835
CLISCK


CLIMATE REPORT
NATIONAL WEATHER SERVICE SACRAMENTO, CA
135 AM PDT SAT MAY 28 2016


...................................

...THE STOCKTON AIRPORT CA CLIMATE SUMMARY FOR MAY 27 2016...

CLIMATE NORMAL PERIOD 1981 TO 2010
CLIMATE RECORD PERIOD 1948 TO 2016


WEATHER ITEM   OBSERVED TIME   RECORD YEAR NORMAL DEPARTURE LAST
                VALUE   (LST)  VALUE       VALUE  FROM      YEAR
                                                  NORMAL
..................................................................
TEMPERATURE (F)
 YESTERDAY
  MAXIMUM         90    410 PM 102    1984  84      6       82
  MINIMUM         51    441 AM  43    1998  54     -3       49
  AVERAGE         71

PRECIPITATION (IN)
  YESTERDAY        0.00          1.66 1990   0.01  -0.01     0.00
  MONTH TO DATE    0.35                      0.48  -0.13     0.02
  SINCE OCT 1     16.69                     13.63   3.06    10.62
  SINCE JAN 1     12.12                      8.90   3.22     2.78

SNOWFALL (IN)
  YESTERDAY        0.0          MM      MM
  MONTH TO DATE    0.0
  SINCE MAR 1      0.0
  SINCE JUL 1      0.0
  SNOW DEPTH       0

DEGREE DAYS
 HEATING
  YESTERDAY        0                         1     -1        0
  MONTH TO DATE   37                        55    -18       42
  SINCE MAR 1    348                       569   -221      274
  SINCE JUL 1   2066                      2631   -565     1713

 COOLING
  YESTERDAY        6                         5      1        1
  MONTH TO DATE   76                        82     -6       28
  SINCE MAR 1    102                        99      3       77
  SINCE JAN 1    102                        99      3       77
..................................................................


WIND (MPH)
  RESULTANT WIND SPEED   5   RESULTANT WIND DIRECTION  NW (300)
  HIGHEST WIND SPEED    17   HIGHEST WIND DIRECTION     W (290)
  HIGHEST GUST SPEED    22   HIGHEST GUST DIRECTION    NW (320)


SKY COVER
  POSSIBLE SUNSHINE  MM
  AVERAGE SKY COVER 0.0


WEATHER CONDITIONS
 THE FOLLOWING WEATHER WAS RECORDED YESTERDAY.
  NO SIGNIFICANT WEATHER WAS OBSERVED.


RELATIVE HUMIDITY (PERCENT)
 HIGHEST    77           400 AM
 LOWEST     18           600 PM
 AVERAGE    48

..........................................................


THE STOCKTON AIRPORT CA CLIMATE NORMALS FOR TODAY
                         NORMAL    RECORD    YEAR
 MAXIMUM TEMPERATURE (F)   84       107      1984
 MINIMUM TEMPERATURE (F)   54        42      2010


SUNRISE AND SUNSET
MAY 28 2016...........SUNRISE   546 AM PDT   SUNSET   819 PM PDT
MAY 29 2016...........SUNRISE   545 AM PDT   SUNSET   820 PM PDT


-  INDICATES NEGATIVE NUMBERS.
R  INDICATES RECORD WAS SET OR TIED.
MM INDICATES DATA IS MISSING.
T  INDICATES TRACE AMOUNT.




$$
