000
CDUS46 KSTO 290850
CLISCK


CLIMATE REPORT
NATIONAL WEATHER SERVICE SACRAMENTO, CA
150 AM PDT SAT APR 29 2017


...................................

...THE STOCKTON AIRPORT CA CLIMATE SUMMARY FOR APRIL 28 2017...

CLIMATE NORMAL PERIOD 1981 TO 2010
CLIMATE RECORD PERIOD 1948 TO 2017


WEATHER ITEM   OBSERVED TIME   RECORD YEAR NORMAL DEPARTURE LAST
                VALUE   (LST)  VALUE       VALUE  FROM      YEAR
                                                  NORMAL
..................................................................
TEMPERATURE (F)
 YESTERDAY
  MAXIMUM         77    337 PM  95    2007  76      1       80
  MINIMUM         46    523 AM  35    1967  48     -2       51
  AVERAGE         62

PRECIPITATION (IN)
  YESTERDAY        0.00          0.54 2003   0.02  -0.02     0.00
  MONTH TO DATE    1.86                      0.93   0.93     2.83
  SINCE OCT 1     21.68                     13.10   8.58    16.34
  SINCE JAN 1     15.52                      8.37   7.15    11.77

SNOWFALL (IN)
  YESTERDAY        0.0          MM      MM
  MONTH TO DATE    0.0
  SINCE MAR 1      0.0
  SINCE JUL 1      0.0
  SNOW DEPTH       0

DEGREE DAYS
 HEATING
  YESTERDAY        3                         4     -1        0
  MONTH TO DATE  146                       181    -35       78
  SINCE MAR 1    373                       505   -132      310
  SINCE JUL 1   2082                      2567   -485     2028

 COOLING
  YESTERDAY        0                         1     -1        1
  MONTH TO DATE    0                        11    -11       23
  SINCE MAR 1      1                        11    -10       23
  SINCE JAN 1      1                        11    -10       23
..................................................................


WIND (MPH)
  RESULTANT WIND SPEED  18   RESULTANT WIND DIRECTION  NW (330)
  HIGHEST WIND SPEED    33   HIGHEST WIND DIRECTION    NW (330)
  HIGHEST GUST SPEED    41   HIGHEST GUST DIRECTION    NW (330)


SKY COVER
  POSSIBLE SUNSHINE  MM
  AVERAGE SKY COVER 0.0


WEATHER CONDITIONS
 THE FOLLOWING WEATHER WAS RECORDED YESTERDAY.
  NO SIGNIFICANT WEATHER WAS OBSERVED.


RELATIVE HUMIDITY (PERCENT)
 HIGHEST    86           400 AM
 LOWEST     15          1200 PM
 AVERAGE    51

..........................................................


THE STOCKTON AIRPORT CA CLIMATE NORMALS FOR TODAY
                         NORMAL    RECORD    YEAR
 MAXIMUM TEMPERATURE (F)   77        96      1981
 MINIMUM TEMPERATURE (F)   48        39      2010
                                             1967


SUNRISE AND SUNSET
APRIL 29 2017.........SUNRISE   611 AM PDT   SUNSET   754 PM PDT
APRIL 30 2017.........SUNRISE   610 AM PDT   SUNSET   755 PM PDT


-  INDICATES NEGATIVE NUMBERS.
R  INDICATES RECORD WAS SET OR TIED.
MM INDICATES DATA IS MISSING.
T  INDICATES TRACE AMOUNT.




$$
