000
CDUS46 KSTO 220844
CLISCK


CLIMATE REPORT
NATIONAL WEATHER SERVICE SACRAMENTO, CA
1240 AM PST SUN JAN 22 2017


...................................

...THE STOCKTON AIRPORT CA CLIMATE SUMMARY FOR JANUARY 21 2017...

CLIMATE NORMAL PERIOD 1981 TO 2010
CLIMATE RECORD PERIOD 1948 TO 2017


WEATHER ITEM   OBSERVED TIME   RECORD YEAR NORMAL DEPARTURE LAST
                VALUE   (LST)  VALUE       VALUE  FROM      YEAR
                                                  NORMAL
..................................................................
TEMPERATURE (F)
 YESTERDAY
  MAXIMUM         55    149 PM  70    1950  55      0       61
  MINIMUM         44    804 AM  22    1963  38      6       53
  AVERAGE         50

PRECIPITATION (IN)
  YESTERDAY        0.12          3.01 1967   0.09   0.03     0.00
  MONTH TO DATE    5.77                      1.83   3.94     4.08
  SINCE OCT 1     11.93                      6.56   5.37     8.65
  SINCE JAN 1      5.77                      1.83   3.94     4.08

SNOWFALL (IN)
  YESTERDAY       MM            MM      MM
  MONTH TO DATE    0.0
  SINCE DEC 1      0.0
  SINCE JUL 1      0.0
  SNOW DEPTH       0

DEGREE DAYS
 HEATING
  YESTERDAY       15                        19     -4        8
  MONTH TO DATE  369                       414    -45      327
  SINCE DEC 1    940                      1017    -77      879
  SINCE JUL 1   1209                      1474   -265     1284

 COOLING
  YESTERDAY        0                         0      0        0
  MONTH TO DATE    0                         0      0        0
  SINCE DEC 1      0                         0      0        0
  SINCE JAN 1      0                         0      0        0
..................................................................


WIND (MPH)
  RESULTANT WIND SPEED  14   RESULTANT WIND DIRECTION  SE (150)
  HIGHEST WIND SPEED    26   HIGHEST WIND DIRECTION    SE (140)
  HIGHEST GUST SPEED    33   HIGHEST GUST DIRECTION    SE (140)


SKY COVER
  POSSIBLE SUNSHINE  MM
  AVERAGE SKY COVER 0.8


WEATHER CONDITIONS
 THE FOLLOWING WEATHER WAS RECORDED YESTERDAY.
  LIGHT RAIN
  FOG


RELATIVE HUMIDITY (PERCENT)
 HIGHEST   100           300 AM
 LOWEST     71           400 PM
 AVERAGE    86

..........................................................


THE STOCKTON AIRPORT CA CLIMATE NORMALS FOR TODAY
                         NORMAL    RECORD    YEAR
 MAXIMUM TEMPERATURE (F)   55        67      1970
 MINIMUM TEMPERATURE (F)   38        26      1963
                                             1962


SUNRISE AND SUNSET
JANUARY 22 2017.......SUNRISE   716 AM PST   SUNSET   518 PM PST
JANUARY 23 2017.......SUNRISE   716 AM PST   SUNSET   519 PM PST


-  INDICATES NEGATIVE NUMBERS.
R  INDICATES RECORD WAS SET OR TIED.
MM INDICATES DATA IS MISSING.
T  INDICATES TRACE AMOUNT.




$$
