602
CDUS46 KLOX 060856
CLISDB


CLIMATE REPORT
NATIONAL WEATHER SERVICE LOS ANGELES/OXNARD CA
1256 AM PST SAT FEB 6 2016


...................................

...THE SANDBERG CA CLIMATE SUMMARY FOR FEBRUARY 5 2016...

CLIMATE NORMAL PERIOD 1981 TO 2010
CLIMATE RECORD PERIOD 1934 TO 2016


WEATHER ITEM   OBSERVED TIME   RECORD YEAR NORMAL DEPARTURE LAST
                VALUE   (LST)  VALUE       VALUE  FROM      YEAR
                                                  NORMAL
..................................................................
TEMPERATURE (F)
 YESTERDAY
  MAXIMUM         52    404 PM  73    2015  49      3       73
  MINIMUM         39    651 AM  18    1989  38      1       55
  AVERAGE         46                        43      3       64

PRECIPITATION (IN)
  YESTERDAY        0.00          0.94 1978   0.08  -0.08     0.00
  MONTH TO DATE    0.01                      0.35  -0.34     0.00
  SINCE OCT 1      4.72                      6.39  -1.67     6.40
  SINCE JAN 1      3.02                      2.76   0.26     1.50

DEGREE DAYS
 HEATING
  YESTERDAY       19                        22     -3        1
  MONTH TO DATE  137                       110     27       14
  SINCE DEC 1   1453                      1496    -43     1004
  SINCE JUL 1   2069                      2275   -206     1394

 COOLING
  YESTERDAY        0                         0      0        0
  MONTH TO DATE    0                         0      0        1
  SINCE DEC 1      0                         0      0        1
  SINCE JAN 1      0                         0      0        1
..................................................................


WIND (MPH)
  HIGHEST WIND SPEED    31   HIGHEST WIND DIRECTION     E (80)
  HIGHEST GUST SPEED    38   HIGHEST GUST DIRECTION     E (80)
  AVERAGE WIND SPEED    23.5


SKY COVER
  POSSIBLE SUNSHINE  MM
  AVERAGE SKY COVER 0.0


WEATHER CONDITIONS
 THE FOLLOWING WEATHER WAS RECORDED YESTERDAY.
  NO SIGNIFICANT WEATHER WAS OBSERVED.


RELATIVE HUMIDITY (PERCENT)
 HIGHEST    44           200 AM
 LOWEST     28           400 PM
 AVERAGE    36

..........................................................


THE SANDBERG CA CLIMATE NORMALS FOR TODAY
                         NORMAL    RECORD    YEAR
 MAXIMUM TEMPERATURE (F)   49        70      1963
 MINIMUM TEMPERATURE (F)   38        13      1989


SUNRISE AND SUNSET
FEBRUARY  6 2016......SUNRISE   650 AM PST   SUNSET   529 PM PST
FEBRUARY  7 2016......SUNRISE   649 AM PST   SUNSET   530 PM PST


-  INDICATES NEGATIVE NUMBERS.
R  INDICATES RECORD WAS SET OR TIED.
MM INDICATES DATA IS MISSING.
T  INDICATES TRACE AMOUNT.




$$
