570
CDUS46 KLOX 201121
CLISDB


CLIMATE REPORT
NATIONAL WEATHER SERVICE LOS ANGELES/OXNARD CA
321 AM PST MON FEB 20 2017


...................................

...THE SANDBERG CA CLIMATE SUMMARY FOR FEBRUARY 19 2017...

CLIMATE NORMAL PERIOD 1981 TO 2010
CLIMATE RECORD PERIOD 1934 TO 2017


WEATHER ITEM   OBSERVED TIME   RECORD YEAR NORMAL DEPARTURE LAST
                VALUE   (LST)  VALUE       VALUE  FROM      YEAR
                                                  NORMAL
..................................................................
TEMPERATURE (F)
 YESTERDAY
  MAXIMUM         45    205 PM  72    2015  50     -5       56
  MINIMUM         37    715 AM  21    1955  38     -1       43
  AVERAGE         41                        44     -3       50

PRECIPITATION (IN)
  YESTERDAY        0.11          2.26 1958   0.14  -0.03     0.00
  MONTH TO DATE    5.19                      2.01   3.18     0.29
  SINCE OCT 1     12.26                      8.05   4.21     5.00
  SINCE JAN 1      8.42                      4.42   4.00     3.30

DEGREE DAYS
 HEATING
  YESTERDAY       24                        21      3       15
  MONTH TO DATE  284                       411   -127      244
  SINCE DEC 1   1582                      1797   -215     1560
  SINCE JUL 1   2031                      2576   -545     2176

 COOLING
  YESTERDAY        0                         0      0        0
  MONTH TO DATE    0                         0      0        0
  SINCE DEC 1      0                         0      0        0
  SINCE JAN 1      0                         0      0        0
..................................................................


WIND (MPH)
  HIGHEST WIND SPEED    26   HIGHEST WIND DIRECTION     S (180)
  HIGHEST GUST SPEED    37   HIGHEST GUST DIRECTION     S (190)
  AVERAGE WIND SPEED    16.4


SKY COVER
  POSSIBLE SUNSHINE  MM
  AVERAGE SKY COVER 0.9


WEATHER CONDITIONS
 THE FOLLOWING WEATHER WAS RECORDED YESTERDAY.
  LIGHT RAIN
  FOG
  FOG W/VISIBILITY <= 1/4 MILE


RELATIVE HUMIDITY (PERCENT)
 HIGHEST   100           400 AM
 LOWEST     83          1100 AM
 AVERAGE    92

..........................................................


THE SANDBERG CA CLIMATE NORMALS FOR TODAY
                         NORMAL    RECORD    YEAR
 MAXIMUM TEMPERATURE (F)   50        68      1995
 MINIMUM TEMPERATURE (F)   38        19      1971


SUNRISE AND SUNSET
FEBRUARY 20 2017......SUNRISE   635 AM PST   SUNSET   543 PM PST
FEBRUARY 21 2017......SUNRISE   633 AM PST   SUNSET   544 PM PST


-  INDICATES NEGATIVE NUMBERS.
R  INDICATES RECORD WAS SET OR TIED.
MM INDICATES DATA IS MISSING.
T  INDICATES TRACE AMOUNT.




$$
