000
CDUS46 KLOX 020858
CLISDB


CLIMATE REPORT
NATIONAL WEATHER SERVICE LOS ANGELES/OXNARD CA
1258 AM PST MON MAR 2 2015


...................................

...THE SANDBERG CA CLIMATE SUMMARY FOR MARCH 1 2015...

CLIMATE NORMAL PERIOD 1981 TO 2010
CLIMATE RECORD PERIOD 1934 TO 2015


WEATHER ITEM   OBSERVED TIME   RECORD YEAR NORMAL DEPARTURE LAST
                VALUE   (LST)  VALUE       VALUE  FROM      YEAR
                                                  NORMAL
..................................................................
TEMPERATURE (F)
 YESTERDAY
  MAXIMUM         47    224 PM  73    1993  52     -5       43
  MINIMUM         36   1159 PM  20    1971  39     -3       39
  AVERAGE         42                        45     -3       41

PRECIPITATION (IN)
  YESTERDAY        0.21          1.50 1978   0.08   0.13     0.23
  MONTH TO DATE    0.21                      0.08   0.13     0.23
  SINCE OCT 1      6.75                      9.36  -2.61     3.84
  SINCE JAN 1      1.85                      5.73  -3.88     3.14

DEGREE DAYS
 HEATING
  YESTERDAY       23                        20      3       24
  MONTH TO DATE   23                        20      3       24
  SINCE MAR 1     23                        20      3       24
  SINCE JUL 1   1654                      2779  -1125     1809

 COOLING
  YESTERDAY        0                         0      0        0
  MONTH TO DATE    0                         0      0        0
  SINCE MAR 1      0                         0      0        0
  SINCE JAN 1      3                         0      3        7
..................................................................


WIND (MPH)
  HIGHEST WIND SPEED    18   HIGHEST WIND DIRECTION     E (80)
  HIGHEST GUST SPEED    23   HIGHEST GUST DIRECTION     E (100)
  AVERAGE WIND SPEED     6.9


SKY COVER
  POSSIBLE SUNSHINE  MM
  AVERAGE SKY COVER 1.0


WEATHER CONDITIONS
 THE FOLLOWING WEATHER WAS RECORDED YESTERDAY.
  HEAVY RAIN
  RAIN
  LIGHT RAIN
  LIGHT SNOW
  FOG
  FOG W/VISIBILITY <= 1/4 MILE
  HAZE


RELATIVE HUMIDITY (PERCENT)
 HIGHEST    92           700 AM
 LOWEST     76           400 AM
 AVERAGE    84

..........................................................


THE SANDBERG CA CLIMATE NORMALS FOR TODAY
                         NORMAL    RECORD    YEAR
 MAXIMUM TEMPERATURE (F)   52        73      2013
 MINIMUM TEMPERATURE (F)   39        15      1971


SUNRISE AND SUNSET
MARCH  2 2015.........SUNRISE   623 AM PST   SUNSET   552 PM PST
MARCH  3 2015.........SUNRISE   622 AM PST   SUNSET   552 PM PST


-  INDICATES NEGATIVE NUMBERS.
R  INDICATES RECORD WAS SET OR TIED.
MM INDICATES DATA IS MISSING.
T  INDICATES TRACE AMOUNT.




$$
