389
CDUS46 KLOX 280903
CLISDB


CLIMATE REPORT
NATIONAL WEATHER SERVICE LOS ANGELES/OXNARD CA
203 AM PDT SAT MAY 28 2016


...................................

...THE SANDBERG CA CLIMATE SUMMARY FOR MAY 27 2016...

CLIMATE NORMAL PERIOD 1981 TO 2010
CLIMATE RECORD PERIOD 1934 TO 2016


WEATHER ITEM   OBSERVED TIME   RECORD YEAR NORMAL DEPARTURE LAST
                VALUE   (LST)  VALUE       VALUE  FROM      YEAR
                                                  NORMAL
..................................................................
TEMPERATURE (F)
 YESTERDAY
  MAXIMUM         78    139 PM  88    2014  71      7       80
                                      2003
  MINIMUM         54    507 AM  33    1971  51      3       55
  AVERAGE         66                        61      5       68

PRECIPITATION (IN)
  YESTERDAY        0.00          0.11 1953   0.01  -0.01     0.00
  MONTH TO DATE    0.29                      0.38  -0.09     0.26
  SINCE OCT 1      6.93                     12.02  -5.09     7.28
  SINCE JAN 1      5.23                      8.39  -3.16     2.38

DEGREE DAYS
 HEATING
  YESTERDAY        0                         6     -6        0
  MONTH TO DATE  175                       230    -55      245
  SINCE MAR 1    784                      1246   -462      751
  SINCE JUL 1   3044                      4005   -961     2382

 COOLING
  YESTERDAY        1                         2     -1        3
  MONTH TO DATE   31                        30      1       13
  SINCE MAR 1     50                        38     12       68
  SINCE JAN 1     50                        38     12       71
..................................................................


WIND (MPH)
  HIGHEST WIND SPEED    22   HIGHEST WIND DIRECTION     N (350)
  HIGHEST GUST SPEED    28   HIGHEST GUST DIRECTION     N (340)
  AVERAGE WIND SPEED    11.1


SKY COVER
  POSSIBLE SUNSHINE  MM
  AVERAGE SKY COVER 0.0


WEATHER CONDITIONS
 THE FOLLOWING WEATHER WAS RECORDED YESTERDAY.
  NO SIGNIFICANT WEATHER WAS OBSERVED.


RELATIVE HUMIDITY (PERCENT)
 HIGHEST    61           300 AM
 LOWEST     19           500 PM
 AVERAGE    40

..........................................................


THE SANDBERG CA CLIMATE NORMALS FOR TODAY
                         NORMAL    RECORD    YEAR
 MAXIMUM TEMPERATURE (F)   71        91      2003
 MINIMUM TEMPERATURE (F)   51        33      1971


SUNRISE AND SUNSET
MAY 28 2016...........SUNRISE   544 AM PDT   SUNSET   801 PM PDT
MAY 29 2016...........SUNRISE   544 AM PDT   SUNSET   801 PM PDT


-  INDICATES NEGATIVE NUMBERS.
R  INDICATES RECORD WAS SET OR TIED.
MM INDICATES DATA IS MISSING.
T  INDICATES TRACE AMOUNT.




$$
