000
CDUS46 KLOX 240130
CLISDB


CLIMATE REPORT
NATIONAL WEATHER SERVICE LOS ANGELES/OXNARD CA
630 PM PDT TUE AUG 23 2016


...................................

...THE SANDBERG CA CLIMATE SUMMARY FOR AUGUST 23 2016...
VALID TODAY AS OF 0600 PM LOCAL TIME.

CLIMATE NORMAL PERIOD 1981 TO 2010
CLIMATE RECORD PERIOD 1934 TO 2016


WEATHER ITEM   OBSERVED TIME   RECORD YEAR NORMAL DEPARTURE LAST
                VALUE   (LST)  VALUE       VALUE  FROM      YEAR
                                                  NORMAL
..................................................................
TEMPERATURE (F)
 TODAY
  MAXIMUM         86    238 PM  96    1991  84      2       91
  MINIMUM         68    533 AM  44    1963  63      5       66
  AVERAGE         77                        74      3       79

PRECIPITATION (IN)
  TODAY            0.00          T    1959   0.00   0.00     0.00
  MONTH TO DATE    0.00                      0.02  -0.02     0.00
  SINCE OCT 1      6.93                     12.15  -5.22     8.65
  SINCE JAN 1      5.23                      8.52  -3.29     3.75

DEGREE DAYS
 HEATING
  TODAY            0                         0      0        0
  MONTH TO DATE    0                         0      0        0
  SINCE JUN 1     21                        92    -71       29
  SINCE JUL 1      0                         8     -8       10

 COOLING
  TODAY           12                         9      3       14
  MONTH TO DATE  346                       223    123      312
  SINCE JUN 1   1148                       641    507      898
  SINCE JAN 1   1229                       686    543     1011
..................................................................


WIND (MPH)
  HIGHEST WIND SPEED    26   HIGHEST WIND DIRECTION    NW (330)
  HIGHEST GUST SPEED    31   HIGHEST GUST DIRECTION     N (340)
  AVERAGE WIND SPEED    15.4


SKY COVER
  POSSIBLE SUNSHINE  MM
  AVERAGE SKY COVER 0.0


WEATHER CONDITIONS
 THE FOLLOWING WEATHER WAS RECORDED TODAY.
  NO SIGNIFICANT WEATHER WAS OBSERVED.


RELATIVE HUMIDITY (PERCENT)
 HIGHEST    36           500 AM
 LOWEST     19           100 PM
 AVERAGE    28

..........................................................


THE SANDBERG CA CLIMATE NORMALS FOR TOMORROW
                         NORMAL    RECORD    YEAR
 MAXIMUM TEMPERATURE (F)   84        97      1985
 MINIMUM TEMPERATURE (F)   63        45      1973


SUNRISE AND SUNSET
AUGUST 23 2016........SUNRISE   622 AM PDT   SUNSET   732 PM PDT
AUGUST 24 2016........SUNRISE   622 AM PDT   SUNSET   731 PM PDT


-  INDICATES NEGATIVE NUMBERS.
R  INDICATES RECORD WAS SET OR TIED.
MM INDICATES DATA IS MISSING.
T  INDICATES TRACE AMOUNT.




$$
