000
CDUS46 KLOX 160906
CLISDB


CLIMATE REPORT
NATIONAL WEATHER SERVICE LOS ANGELES/OXNARD CA
206 AM PDT WED AUG 16 2017


...................................

...THE SANDBERG CA CLIMATE SUMMARY FOR AUGUST 15 2017...

CLIMATE NORMAL PERIOD 1981 TO 2010
CLIMATE RECORD PERIOD 1934 TO 2017


WEATHER ITEM   OBSERVED TIME   RECORD YEAR NORMAL DEPARTURE LAST
                VALUE   (LST)  VALUE       VALUE  FROM      YEAR
                                                  NORMAL
..................................................................
TEMPERATURE (F)
 YESTERDAY
  MAXIMUM         74    129 PM  99    2016  85    -11       99
                                      2015
  MINIMUM         53    602 AM  45    1987  64    -11       71
  AVERAGE         64                        74    -10       85

PRECIPITATION (IN)
  YESTERDAY        0.00          0.12 1983   0.00   0.00     0.00
  MONTH TO DATE    0.29                      0.01   0.28     0.00
  SINCE OCT 1     13.08                     12.14   0.94     6.93
  SINCE JAN 1      9.24                      8.51   0.73     5.23

DEGREE DAYS
 HEATING
  YESTERDAY        1                         0      1        0
  MONTH TO DATE    1                         0      1        0
  SINCE JUN 1     41                        92    -51       21
  SINCE JUL 1      1                         8     -7        0

 COOLING
  YESTERDAY        0                        10    -10       20
  MONTH TO DATE  205                       150     55      229
  SINCE JUN 1   1070                       568    502     1031
  SINCE JAN 1   1215                       613    602     1112
..................................................................


WIND (MPH)
  HIGHEST WIND SPEED    18   HIGHEST WIND DIRECTION     S (170)
  HIGHEST GUST SPEED    24   HIGHEST GUST DIRECTION     S (160)
  AVERAGE WIND SPEED    10.6


SKY COVER
  POSSIBLE SUNSHINE  MM
  AVERAGE SKY COVER 0.3


WEATHER CONDITIONS
 THE FOLLOWING WEATHER WAS RECORDED YESTERDAY.
  FOG
  FOG W/VISIBILITY <= 1/4 MILE
  HAZE


RELATIVE HUMIDITY (PERCENT)
 HIGHEST   100           200 AM
 LOWEST     46           100 PM
 AVERAGE    73

..........................................................


THE SANDBERG CA CLIMATE NORMALS FOR TODAY
                         NORMAL    RECORD    YEAR
 MAXIMUM TEMPERATURE (F)   85        99      2015
 MINIMUM TEMPERATURE (F)   64        44      1976


SUNRISE AND SUNSET
AUGUST 16 2017........SUNRISE   616 AM PDT   SUNSET   741 PM PDT
AUGUST 17 2017........SUNRISE   617 AM PDT   SUNSET   740 PM PDT


-  INDICATES NEGATIVE NUMBERS.
R  INDICATES RECORD WAS SET OR TIED.
MM INDICATES DATA IS MISSING.
T  INDICATES TRACE AMOUNT.




$$
