000
CDUS46 KLOX 160910
CLISDB


CLIMATE REPORT
NATIONAL WEATHER SERVICE LOS ANGELES/OXNARD CA
210 AM PDT WED APR 16 2014


...................................

...THE SANDBERG CA CLIMATE SUMMARY FOR APRIL 15 2014...

CLIMATE NORMAL PERIOD 1981 TO 2010
CLIMATE RECORD PERIOD 1948 TO 2014


WEATHER ITEM   OBSERVED TIME   RECORD YEAR NORMAL DEPARTURE LAST
                VALUE   (LST)  VALUE       VALUE  FROM      YEAR
                                                  NORMAL
..................................................................
TEMPERATURE (F)
 YESTERDAY
  MAXIMUM         72    307 PM  80    1987  58     14       57
  MINIMUM         56    612 AM  27    2009  42     14       36
                                      1976
  AVERAGE         64                        50     14       47

PRECIPITATION (IN)
  YESTERDAY        0.00          0.85 1978   0.02  -0.02     0.00
  MONTH TO DATE    0.11                      0.39  -0.28     0.01
  SINCE JUL 1      4.11                     11.62  -7.51     3.90
  SINCE JAN 1      3.33                      7.77  -4.44     2.53

DEGREE DAYS
 HEATING
  YESTERDAY        1                        15    -14       18
  MONTH TO DATE  131                       244   -113      148
  SINCE MAR 1    473                       814   -341      454
  SINCE JUL 1   2258                      3573  -1315     2818

 COOLING
  YESTERDAY        0                         0      0        0
  MONTH TO DATE   19                         0     19        1
  SINCE MAR 1     22                         1     21       12
  SINCE JAN 1     29                         1     28       12
..................................................................


WIND (MPH)
  HIGHEST WIND SPEED    35   HIGHEST WIND DIRECTION    NW (330)
  HIGHEST GUST SPEED    44   HIGHEST GUST DIRECTION    NW (320)
  AVERAGE WIND SPEED    15.3


SKY COVER
  POSSIBLE SUNSHINE  MM
  AVERAGE SKY COVER 0.0


WEATHER CONDITIONS
 THE FOLLOWING WEATHER WAS RECORDED YESTERDAY.
  NO SIGNIFICANT WEATHER WAS OBSERVED.


RELATIVE HUMIDITY (PERCENT)
 HIGHEST    40           100 AM
 LOWEST     22           300 PM
 AVERAGE    31

..........................................................


THE SANDBERG CA CLIMATE NORMALS FOR TODAY
                         NORMAL    RECORD    YEAR
 MAXIMUM TEMPERATURE (F)   59        81      1987
 MINIMUM TEMPERATURE (F)   42        24      1976


SUNRISE AND SUNSET
APRIL 16 2014.........SUNRISE   622 AM PDT   SUNSET   728 PM PDT
APRIL 17 2014.........SUNRISE   621 AM PDT   SUNSET   729 PM PDT


-  INDICATES NEGATIVE NUMBERS.
R  INDICATES RECORD WAS SET OR TIED.
MM INDICATES DATA IS MISSING.
T  INDICATES TRACE AMOUNT.




$$
