000
CDUS46 KLOX 160912
CLISDB


CLIMATE REPORT
NATIONAL WEATHER SERVICE LOS ANGELES/OXNARD CA
111 AM PST SAT DEC 16 2017


...................................

...THE SANDBERG CA CLIMATE SUMMARY FOR DECEMBER 15 2017...

CLIMATE NORMAL PERIOD 1981 TO 2010
CLIMATE RECORD PERIOD 1934 TO 2017


WEATHER ITEM   OBSERVED TIME   RECORD YEAR NORMAL DEPARTURE LAST
                VALUE   (LST)  VALUE       VALUE  FROM      YEAR
                                                  NORMAL
..................................................................
TEMPERATURE (F)
 YESTERDAY
  MAXIMUM         75R   129 PM  63    1998  48     27       57
  MINIMUM         50    150 AM  14    1967  36     14       42
  AVERAGE         63                        42     21       50

PRECIPITATION (IN)
  YESTERDAY        0.00          2.88 1957   0.08  -0.08     0.07
  MONTH TO DATE    0.00                      0.85  -0.85     0.07
  SINCE OCT 1      0.05                      2.23  -2.18     1.48
  SINCE JAN 1     10.10                     10.93  -0.83     6.71

DEGREE DAYS
 HEATING
  YESTERDAY        2                        23    -21       15
  MONTH TO DATE  152                       333   -181      229
  SINCE DEC 1    152                       333   -181      229
  SINCE JUL 1    510                      1112   -602      678

 COOLING
  YESTERDAY        0                         0      0        0
  MONTH TO DATE    0                         0      0        0
  SINCE DEC 1      0                         0      0        0
  SINCE JAN 1   1817                       998    819     1673
..................................................................


WIND (MPH)
  HIGHEST WIND SPEED    21   HIGHEST WIND DIRECTION    NW (320)
  HIGHEST GUST SPEED    24   HIGHEST GUST DIRECTION    NW (320)
  AVERAGE WIND SPEED    10.9


SKY COVER
  POSSIBLE SUNSHINE  MM
  AVERAGE SKY COVER 0.0


WEATHER CONDITIONS
 THE FOLLOWING WEATHER WAS RECORDED YESTERDAY.
  HAZE


RELATIVE HUMIDITY (PERCENT)
 HIGHEST    19          1200 AM
 LOWEST      4           100 PM
 AVERAGE    12

..........................................................


THE SANDBERG CA CLIMATE NORMALS FOR TODAY
                         NORMAL    RECORD    YEAR
 MAXIMUM TEMPERATURE (F)   47        66      1998
 MINIMUM TEMPERATURE (F)   36        21      1987


SUNRISE AND SUNSET
DECEMBER 16 2017......SUNRISE   656 AM PST   SUNSET   446 PM PST
DECEMBER 17 2017......SUNRISE   656 AM PST   SUNSET   446 PM PST


-  INDICATES NEGATIVE NUMBERS.
R  INDICATES RECORD WAS SET OR TIED.
MM INDICATES DATA IS MISSING.
T  INDICATES TRACE AMOUNT.




$$
