000
CDUS46 KSEW 230834
CLISEA


CLIMATE REPORT
NATIONAL WEATHER SERVICE SEATTLE WA
1234 AM PST MON JAN 23 2017


...................................

...THE SEATTLE-TACOMA WA AIRPORT CLIMATE SUMMARY FOR JANUARY 22 2017...

CLIMATE NORMAL PERIOD 1981 TO 2010
CLIMATE RECORD PERIOD 1945 TO 2017


WEATHER ITEM   OBSERVED TIME   RECORD YEAR NORMAL DEPARTURE LAST
                VALUE   (LST)  VALUE       VALUE  FROM      YEAR
                                                  NORMAL
..................................................................
TEMPERATURE (F)
 YESTERDAY
  MAXIMUM         49    723 AM  60    1981  48      1       55
  MINIMUM         37   1159 PM  19    1962  37      0       44
  AVERAGE         43                        43      0       50

PRECIPITATION (IN)
  YESTERDAY        0.08          1.29 1953   0.17  -0.09     0.26
  MONTH TO DATE    4.17                      4.12   0.05     4.71
  SINCE OCT 1     24.57                     19.52   5.05    29.10
  SINCE JAN 1      4.17                      4.12   0.05     4.71

SNOWFALL (IN)
  YESTERDAY       MM             2.0  1982                   0.0
  MONTH TO DATE    3.0                                        T
  SINCE OCT 1      4.0                                        T
  SINCE JUL 1      4.0                                        T
  SNOW DEPTH       0

DEGREE DAYS
 HEATING
  YESTERDAY       22                        22      0       15
  MONTH TO DATE  628                       512    116      489
  SINCE DEC 1   1458                      1267    191     1166
  SINCE JUL 1   2309                      2450   -141     2177

 COOLING
  YESTERDAY        0                         0      0        0
  MONTH TO DATE    0                         0      0        0
  SINCE DEC 1      0                         0      0        0
  SINCE JAN 1      0                         0      0        0
..................................................................


WIND (MPH)
  RESULTANT WIND SPEED   8   RESULTANT WIND DIRECTION   E (100)
  HIGHEST WIND SPEED    23   HIGHEST WIND DIRECTION    SE (130)
  HIGHEST GUST SPEED    28   HIGHEST GUST DIRECTION    SE (130)
  AVERAGE WIND SPEED     8.8


SKY COVER
  AVERAGE SKY COVER 0.7


WEATHER CONDITIONS
 THE FOLLOWING WEATHER WAS RECORDED YESTERDAY.
  LIGHT RAIN


RELATIVE HUMIDITY (PERCENT)
 HIGHEST    83           100 PM
 LOWEST     50           700 AM
 AVERAGE    67

..........................................................


THE SEATTLE-TACOMA WA AIRPORT CLIMATE NORMALS FOR TODAY
                         NORMAL    RECORD    YEAR
 MAXIMUM TEMPERATURE (F)   48        56      2005
                                             2001
 MINIMUM TEMPERATURE (F)   37        16      1949


SUNRISE AND SUNSET
JANUARY 23 2017.......SUNRISE   745 AM PST   SUNSET   458 PM PST
JANUARY 24 2017.......SUNRISE   744 AM PST   SUNSET   459 PM PST


-  INDICATES NEGATIVE NUMBERS.
R  INDICATES RECORD WAS SET OR TIED.
MM INDICATES DATA IS MISSING.
T  INDICATES TRACE AMOUNT.




$$
