000
CDUS46 KSEW 240900
CLISEW


CLIMATE REPORT
NATIONAL WEATHER SERVICE SEATTLE WA
159 AM PDT MON APR 24 2017


...................................

...THE SEATTLE WA WFO CLIMATE SUMMARY FOR APRIL 23 2017...

CLIMATE NORMAL PERIOD 1981 TO 2010
CLIMATE RECORD PERIOD 1986 TO 2017


WEATHER ITEM   OBSERVED TIME   RECORD YEAR     LAST
                VALUE   (LST)  VALUE           YEAR
....................................................
TEMPERATURE (F)
 YESTERDAY
  MAXIMUM         54        MM  69    2011    65
  MINIMUM         46        MM  36    2013    52
  AVERAGE         50                          59

PRECIPITATION (IN)
  YESTERDAY        0.15          2.00 1996     0.01
  MONTH TO DATE    3.38                        0.79
  SINCE OCT 1     43.45                       37.67
  SINCE JAN 1     21.73                       17.27

SNOWFALL (IN)
  YESTERDAY        0.0                         0.0
  MONTH TO DATE    0.0                         0.0
  SINCE OCT 1      3.6                          T
  SINCE JUL 1      3.6                          T
  SNOW DEPTH       0

DEGREE DAYS
 HEATING
  YESTERDAY       15                           6
  MONTH TO DATE  319                         177
  SINCE MAR 1    884                         654
  SINCE JUL 1   3964                        3459

 COOLING
  YESTERDAY        0                           0
  MONTH TO DATE    0                           6
  SINCE MAR 1      0                           6
  SINCE JAN 1      0                           6
....................................................


WIND (MPH)
  HIGHEST WIND SPEED    MM   HIGHEST WIND DIRECTION    MM
  HIGHEST GUST SPEED    MM   HIGHEST GUST DIRECTION    MM
  AVERAGE WIND SPEED    MM



WEATHER CONDITIONS
 THE FOLLOWING WEATHER WAS RECORDED YESTERDAY.
  LIGHT RAIN






-  INDICATES NEGATIVE NUMBERS.
R  INDICATES RECORD WAS SET OR TIED.
MM INDICATES DATA IS MISSING.
T  INDICATES TRACE AMOUNT.




$$
