000
CDUS46 KSEW 210827
CLISEW


CLIMATE REPORT
NATIONAL WEATHER SERVICE SEATTLE WA
126 AM PDT TUE OCT 21 2014


...................................

...THE SEATTLE WA WFO CLIMATE SUMMARY FOR OCTOBER 20 2014...

CLIMATE NORMAL PERIOD 1981 TO 2010
CLIMATE RECORD PERIOD 1986 TO 2014


WEATHER ITEM   OBSERVED TIME   RECORD YEAR     LAST
                VALUE   (LST)  VALUE           YEAR
....................................................
TEMPERATURE (F)
 YESTERDAY
  MAXIMUM         64        MM  70    1987    51
  MINIMUM         54        MM  40    1990    46
  AVERAGE         59                          49

PRECIPITATION (IN)
  YESTERDAY        0.40          3.59 2003     0.00
  MONTH TO DATE    1.84                        0.98
  SINCE OCT 1      1.84                        0.98
  SINCE JAN 1     32.05                       24.89

SNOWFALL (IN)
  YESTERDAY        0.0                         0.0
  MONTH TO DATE    0.0                         0.0
  SINCE OCT 1      0.0                         0.0
  SINCE JUL 1      0.0                         0.0
  SNOW DEPTH       0

DEGREE DAYS
 HEATING
  YESTERDAY        6                          16
  MONTH TO DATE   78                         250
  SINCE SEP 1    119                         346
  SINCE JUL 1    138                         367

 COOLING
  YESTERDAY        0                           0
  MONTH TO DATE    2                           0
  SINCE SEP 1     42                          47
  SINCE JAN 1    366                         314
....................................................


WIND (MPH)
  HIGHEST WIND SPEED    MM   HIGHEST WIND DIRECTION    MM
  HIGHEST GUST SPEED    MM   HIGHEST GUST DIRECTION    MM
  AVERAGE WIND SPEED    MM



WEATHER CONDITIONS
 THE FOLLOWING WEATHER WAS RECORDED YESTERDAY.
  RAIN
  LIGHT RAIN






-  INDICATES NEGATIVE NUMBERS.
R  INDICATES RECORD WAS SET OR TIED.
MM INDICATES DATA IS MISSING.
T  INDICATES TRACE AMOUNT.




$$
