000
CDUS46 KSEW 280119
CLISEW


CLIMATE REPORT
NATIONAL WEATHER SERVICE SEATTLE WA
519 PM PST THU NOV 27 2014


...................................

...THE SEATTLE WA WFO CLIMATE SUMMARY FOR NOVEMBER 27 2014...
VALID TODAY AS OF 0500 PM LOCAL TIME.

CLIMATE NORMAL PERIOD 1981 TO 2010
CLIMATE RECORD PERIOD 1986 TO 2014


WEATHER ITEM   OBSERVED TIME   RECORD YEAR     LAST
                VALUE   (LST)  VALUE           YEAR
....................................................
TEMPERATURE (F)
 TODAY
  MAXIMUM         59R       MM  57    2013    57
  MINIMUM         53        MM  27    2006    38
  AVERAGE         56                          48

PRECIPITATION (IN)
  TODAY            0.04          0.84 2011     0.00
  MONTH TO DATE    2.88                        3.01
  SINCE OCT 1      9.65                        4.12
  SINCE JAN 1     39.86                       28.03

SNOWFALL (IN)
  TODAY            0.0                         0.0
  MONTH TO DATE    0.0                         0.0
  SINCE OCT 1      0.0                         0.0
  SINCE JUL 1      0.0                         0.0
  SNOW DEPTH       0

DEGREE DAYS
 HEATING
  TODAY            9                          17
  MONTH TO DATE  475                         497
  SINCE SEP 1    708                        1013
  SINCE JUL 1    727                        1034

 COOLING
  TODAY            0                           0
  MONTH TO DATE    0                           0
  SINCE SEP 1     42                          47
  SINCE JAN 1    366                         314
....................................................


WIND (MPH)
  HIGHEST WIND SPEED    MM   HIGHEST WIND DIRECTION    MM
  HIGHEST GUST SPEED    MM   HIGHEST GUST DIRECTION    MM
  AVERAGE WIND SPEED    MM



WEATHER CONDITIONS
 THE FOLLOWING WEATHER WAS RECORDED TODAY.
  LIGHT RAIN






-  INDICATES NEGATIVE NUMBERS.
R  INDICATES RECORD WAS SET OR TIED.
MM INDICATES DATA IS MISSING.
T  INDICATES TRACE AMOUNT.




$$
