000
CDUS46 KSEW 240120
CLISEW


CLIMATE REPORT
NATIONAL WEATHER SERVICE SEATTLE WA
520 PM PST SUN NOV 23 2014


...................................

...THE SEATTLE WA WFO CLIMATE SUMMARY FOR NOVEMBER 23 2014...
VALID TODAY AS OF 0500 PM LOCAL TIME.

CLIMATE NORMAL PERIOD 1981 TO 2010
CLIMATE RECORD PERIOD 1986 TO 2014


WEATHER ITEM   OBSERVED TIME   RECORD YEAR     LAST
                VALUE   (LST)  VALUE           YEAR
....................................................
TEMPERATURE (F)
 TODAY
  MAXIMUM         53        MM  56    1997    51
  MINIMUM         47        MM  19    2010    32
  AVERAGE         50                          42

PRECIPITATION (IN)
  TODAY            0.48          1.62 1986     0.00
  MONTH TO DATE    2.54                        3.01
  SINCE OCT 1      9.31                        4.12
  SINCE JAN 1     39.52                       28.03

SNOWFALL (IN)
  TODAY            0.0                         0.0
  MONTH TO DATE    0.0                         0.0
  SINCE OCT 1      0.0                         0.0
  SINCE JUL 1      0.0                         0.0
  SNOW DEPTH       0

DEGREE DAYS
 HEATING
  TODAY           15                          23
  MONTH TO DATE  423                         413
  SINCE SEP 1    656                         929
  SINCE JUL 1    675                         950

 COOLING
  TODAY            0                           0
  MONTH TO DATE    0                           0
  SINCE SEP 1     42                          47
  SINCE JAN 1    366                         314
....................................................


WIND (MPH)
  HIGHEST WIND SPEED    MM   HIGHEST WIND DIRECTION    MM
  HIGHEST GUST SPEED    MM   HIGHEST GUST DIRECTION    MM
  AVERAGE WIND SPEED    MM



WEATHER CONDITIONS
 THE FOLLOWING WEATHER WAS RECORDED TODAY.
  HEAVY RAIN
  RAIN
  LIGHT RAIN
  FOG






-  INDICATES NEGATIVE NUMBERS.
R  INDICATES RECORD WAS SET OR TIED.
MM INDICATES DATA IS MISSING.
T  INDICATES TRACE AMOUNT.




$$
