000
CDUS46 KMTR 260842
CLISFD


CLIMATE REPORT
NATIONAL WEATHER SERVICE SAN FRANCISCO BAY AREA
1242 AM PST MON JAN 26 2015


...................................

...THE SAN FRANCISCO DWTN CA CLIMATE SUMMARY FOR JANUARY 25 2015...

CLIMATE NORMAL PERIOD 1981 TO 2010
CLIMATE RECORD PERIOD 1850 TO 2015


WEATHER ITEM   OBSERVED TIME   RECORD YEAR NORMAL DEPARTURE LAST
                VALUE   (LST)  VALUE       VALUE  FROM      YEAR
                                                  NORMAL
..................................................................
TEMPERATURE (F)
 YESTERDAY
  MAXIMUM         64    343 PM  74    1899  58      6       71
  MINIMUM         46    743 AM  36    1898  46      0       50
  AVERAGE         55                        52      3       61

PRECIPITATION (IN)
  YESTERDAY        0.00          3.19 2008   0.15  -0.15     0.00
  MONTH TO DATE    0.00                      3.61  -3.61     0.03
  SINCE JUL 1     15.09                     12.72   2.37     2.11
  SINCE JAN 1      0.00                      3.61  -3.61     0.03

DEGREE DAYS
 HEATING
  YESTERDAY       10                        MM     MM        4
  MONTH TO DATE  257                        MM     MM      203
  SINCE DEC 1    521                        MM     MM      605
  SINCE JUL 1    890                        MM     MM     1318

 COOLING
  YESTERDAY        0                        MM     MM        0
  MONTH TO DATE    0                         0      0        0
  SINCE DEC 1      0                         0      0        0
  SINCE JAN 1      0                         0      0        0
..................................................................







THE SAN FRANCISCO DWTN CA CLIMATE NORMALS FOR TODAY
                         NORMAL    RECORD    YEAR
 MAXIMUM TEMPERATURE (F)   58        78      1899
 MINIMUM TEMPERATURE (F)   46        36      1949


SUNRISE AND SUNSET
JANUARY 26 2015.......SUNRISE   718 AM PST   SUNSET   527 PM PST
JANUARY 27 2015.......SUNRISE   718 AM PST   SUNSET   528 PM PST


-  INDICATES NEGATIVE NUMBERS.
R  INDICATES RECORD WAS SET OR TIED.
MM INDICATES DATA IS MISSING.
T  INDICATES TRACE AMOUNT.




$$
