000
CDUS46 KMTR 280038
CLISFD


CLIMATE REPORT
NATIONAL WEATHER SERVICE SAN FRANCISCO BAY AREA
538 PM PDT SAT MAY 27 2017


...................................

...THE SAN FRANCISCO DWTN CA CLIMATE SUMMARY FOR MAY 27 2017...
VALID TODAY AS OF 0500 PM LOCAL TIME.

CLIMATE NORMAL PERIOD 1981 TO 2010
CLIMATE RECORD PERIOD 1850 TO 2017


WEATHER ITEM   OBSERVED TIME   RECORD YEAR NORMAL DEPARTURE LAST
                VALUE   (LST)  VALUE       VALUE  FROM      YEAR
                                                  NORMAL
..................................................................
TEMPERATURE (F)
 TODAY
  MAXIMUM         62    143 PM  93    1984  65     -3       68
  MINIMUM         53    143 AM  47    1893  52      1       52
  AVERAGE         58                        58      0       60

PRECIPITATION (IN)
  TODAY            0.00          1.42 1990   0.02  -0.02     0.00
  MONTH TO DATE    0.00                      0.64  -0.64     0.15
  SINCE OCT 1     32.23                     23.16   9.07    23.06
  SINCE JAN 1     23.20                     14.32   8.88    16.45

DEGREE DAYS
 HEATING
  TODAY            7                        MM     MM        5
  MONTH TO DATE  180                        MM     MM      171
  SINCE MAR 1    631                        MM     MM      595
  SINCE JUL 1   2478                        MM     MM     1920

 COOLING
  TODAY            0                        MM     MM        0
  MONTH TO DATE    7                         0      7        4
  SINCE MAR 1      8                         0      8       23
  SINCE JAN 1      8                         0      8       26
..................................................................







THE SAN FRANCISCO DWTN CA CLIMATE NORMALS FOR TOMORROW
                         NORMAL    RECORD    YEAR
 MAXIMUM TEMPERATURE (F)   65        97      1887
 MINIMUM TEMPERATURE (F)   52        47      1893


SUNRISE AND SUNSET
MAY 27 2017...........SUNRISE   552 AM PDT   SUNSET   823 PM PDT
MAY 28 2017...........SUNRISE   551 AM PDT   SUNSET   823 PM PDT


-  INDICATES NEGATIVE NUMBERS.
R  INDICATES RECORD WAS SET OR TIED.
MM INDICATES DATA IS MISSING.
T  INDICATES TRACE AMOUNT.




$$
