000
CDUS46 KMTR 040845
CLISFD


CLIMATE REPORT
NATIONAL WEATHER SERVICE SAN FRANCISCO BAY AREA
1245 AM PST WED MAR 4 2015


...................................

...THE SAN FRANCISCO DWTN CA CLIMATE SUMMARY FOR MARCH 3 2015...

CLIMATE NORMAL PERIOD 1981 TO 2010
CLIMATE RECORD PERIOD 1850 TO 2015


WEATHER ITEM   OBSERVED TIME   RECORD YEAR NORMAL DEPARTURE LAST
                VALUE   (LST)  VALUE       VALUE  FROM      YEAR
                                                  NORMAL
..................................................................
TEMPERATURE (F)
 YESTERDAY
  MAXIMUM         63    243 PM  81    1929  62      1       60
  MINIMUM         50    443 AM  33    1896  48      2       52
  AVERAGE         57                        55      2       56

PRECIPITATION (IN)
  YESTERDAY        0.00          1.55 1868   0.13  -0.13     0.21
  MONTH TO DATE    0.00                      0.41  -0.41     0.35
  SINCE OCT 1     15.92                     18.21  -2.29     7.88
  SINCE JAN 1      1.47                      9.37  -7.90     6.23

DEGREE DAYS
 HEATING
  YESTERDAY        8                        MM     MM        9
  MONTH TO DATE   25                        MM     MM       23
  SINCE MAR 1     25                        MM     MM       23
  SINCE JUL 1   1099                        MM     MM     1686

 COOLING
  YESTERDAY        0                        MM     MM        0
  MONTH TO DATE    0                         0      0        0
  SINCE MAR 1      0                         0      0        0
  SINCE JAN 1      0                         0      0        0
..................................................................







THE SAN FRANCISCO DWTN CA CLIMATE NORMALS FOR TODAY
                         NORMAL    RECORD    YEAR
 MAXIMUM TEMPERATURE (F)   62        77      1984
 MINIMUM TEMPERATURE (F)   48        37      1896


SUNRISE AND SUNSET
MARCH  4 2015.........SUNRISE   637 AM PST   SUNSET   606 PM PST
MARCH  5 2015.........SUNRISE   636 AM PST   SUNSET   607 PM PST


-  INDICATES NEGATIVE NUMBERS.
R  INDICATES RECORD WAS SET OR TIED.
MM INDICATES DATA IS MISSING.
T  INDICATES TRACE AMOUNT.




$$
