000
CDUS46 KMTR 240045
CLISFD


CLIMATE REPORT
NATIONAL WEATHER SERVICE SAN FRANCISCO BAY AREA
444 PM PST THU NOV 23 2017


...................................

...THE SAN FRANCISCO DWTN CA CLIMATE SUMMARY FOR NOVEMBER 23 2017...
VALID TODAY AS OF 0400 PM LOCAL TIME.

CLIMATE NORMAL PERIOD 1981 TO 2010
CLIMATE RECORD PERIOD 1850 TO 2017


WEATHER ITEM   OBSERVED TIME   RECORD YEAR NORMAL DEPARTURE LAST
                VALUE   (LST)  VALUE       VALUE  FROM      YEAR
                                                  NORMAL
..................................................................
TEMPERATURE (F)
 TODAY
  MAXIMUM         67    343 PM  75    1933  61      6       60
  MINIMUM         58    743 AM  39    1931  49      9       49
  AVERAGE         63                        55      8       55

PRECIPITATION (IN)
  TODAY            0.00          3.98 1874   0.11  -0.11     0.04
  MONTH TO DATE    2.32                      2.28   0.04     1.52
  SINCE OCT 1      2.63                      3.40  -0.77     3.95
  SINCE JAN 1     26.04                     18.21   7.83    20.44

DEGREE DAYS
 HEATING
  TODAY            2                        MM     MM       10
  MONTH TO DATE  146                        MM     MM      104
  SINCE SEP 1    279                        MM     MM      326
  SINCE JUL 1    501                        MM     MM      634

 COOLING
  TODAY            0                        MM     MM        0
  MONTH TO DATE    0                         0      0        4
  SINCE SEP 1    187                         0    187       62
  SINCE JAN 1    226                         0    226       93
..................................................................







THE SAN FRANCISCO DWTN CA CLIMATE NORMALS FOR TOMORROW
                         NORMAL    RECORD    YEAR
 MAXIMUM TEMPERATURE (F)   61        74      1959
 MINIMUM TEMPERATURE (F)   49        41      2010
                                             1906


SUNRISE AND SUNSET
NOVEMBER 23 2017......SUNRISE   659 AM PST   SUNSET   454 PM PST
NOVEMBER 24 2017......SUNRISE   700 AM PST   SUNSET   453 PM PST


-  INDICATES NEGATIVE NUMBERS.
R  INDICATES RECORD WAS SET OR TIED.
MM INDICATES DATA IS MISSING.
T  INDICATES TRACE AMOUNT.




$$
