000
CDUS46 KMTR 040829
CLISFD


CLIMATE REPORT
NATIONAL WEATHER SERVICE SAN FRANCISCO BAY AREA
1229 AM PST SUN DEC 4 2016


...................................

...THE SAN FRANCISCO DWTN CA CLIMATE SUMMARY FOR DECEMBER 3 2016...

CLIMATE NORMAL PERIOD 1981 TO 2010
CLIMATE RECORD PERIOD 1850 TO 2016


WEATHER ITEM   OBSERVED TIME   RECORD YEAR NORMAL DEPARTURE LAST
                VALUE   (LST)  VALUE       VALUE  FROM      YEAR
                                                  NORMAL
..................................................................
TEMPERATURE (F)
 YESTERDAY
  MAXIMUM         63    143 PM  73    1958  59      4       60
  MINIMUM         48    543 AM  41    1906  47      1       49
  AVERAGE         56                        53      3       55

PRECIPITATION (IN)
  YESTERDAY        0.00          3.28 1915   0.13  -0.13     0.24
  MONTH TO DATE    0.00                      0.39  -0.39     0.24
  SINCE OCT 1      4.64                      4.67  -0.03     1.67
  SINCE JAN 1     21.13                     19.48   1.65     4.97

DEGREE DAYS
 HEATING
  YESTERDAY        9                        MM     MM       10
  MONTH TO DATE   30                        MM     MM       33
  SINCE DEC 1     30                        MM     MM       33
  SINCE JUL 1    746                        MM     MM      424

 COOLING
  YESTERDAY        0                        MM     MM        0
  MONTH TO DATE    0                         0      0        0
  SINCE DEC 1      0                         0      0        0
  SINCE JAN 1     93                         0     93      217
..................................................................







THE SAN FRANCISCO DWTN CA CLIMATE NORMALS FOR TODAY
                         NORMAL    RECORD    YEAR
 MAXIMUM TEMPERATURE (F)   59        71      1958
 MINIMUM TEMPERATURE (F)   47        34      1897


SUNRISE AND SUNSET
DECEMBER  4 2016......SUNRISE   710 AM PST   SUNSET   451 PM PST
DECEMBER  5 2016......SUNRISE   710 AM PST   SUNSET   451 PM PST


-  INDICATES NEGATIVE NUMBERS.
R  INDICATES RECORD WAS SET OR TIED.
MM INDICATES DATA IS MISSING.
T  INDICATES TRACE AMOUNT.




$$
