000
CDUS46 KMTR 200831
CLISFD


CLIMATE REPORT
NATIONAL WEATHER SERVICE SAN FRANCISCO BAY AREA
131 AM PDT WED AUG 20 2014


...................................

...THE SAN FRANCISCO DWTN CA CLIMATE SUMMARY FOR AUGUST 19 2014...

CLIMATE NORMAL PERIOD 1981 TO 2010
CLIMATE RECORD PERIOD 1850 TO 2014


WEATHER ITEM   OBSERVED TIME   RECORD YEAR NORMAL DEPARTURE LAST
                VALUE   (LST)  VALUE       VALUE  FROM      YEAR
                                                  NORMAL
..................................................................
TEMPERATURE (F)
 YESTERDAY
  MAXIMUM         68    143 PM  91    1995  68      0       67
  MINIMUM         58   1243 AM  48    1955  55      3       55
  AVERAGE         63                        62      1       61

PRECIPITATION (IN)
  YESTERDAY        0.00          0.54 1997   0.00   0.00     0.00
  MONTH TO DATE    0.01                      0.03  -0.02     0.04
  SINCE JUL 1      0.09                      0.03   0.06     0.04
  SINCE JAN 1     10.55                     14.57  -4.02     3.55

DEGREE DAYS
 HEATING
  YESTERDAY        2                        MM     MM        4
  MONTH TO DATE   49                        MM     MM       81
  SINCE JUN 1    274                        MM     MM      380
  SINCE JUL 1    123                        MM     MM      241

 COOLING
  YESTERDAY        0                        MM     MM        0
  MONTH TO DATE    0                         0      0        0
  SINCE JUN 1     17                         0     17       12
  SINCE JAN 1     66                         0     66       25
..................................................................







THE SAN FRANCISCO DWTN CA CLIMATE NORMALS FOR TODAY
                         NORMAL    RECORD    YEAR
 MAXIMUM TEMPERATURE (F)   69        84      1916
 MINIMUM TEMPERATURE (F)   55        49      1898


SUNRISE AND SUNSET
AUGUST 20 2014........SUNRISE   630 AM PDT   SUNSET   756 PM PDT
AUGUST 21 2014........SUNRISE   631 AM PDT   SUNSET   754 PM PDT


-  INDICATES NEGATIVE NUMBERS.
R  INDICATES RECORD WAS SET OR TIED.
MM INDICATES DATA IS MISSING.
T  INDICATES TRACE AMOUNT.




$$
