000
CDUS46 KMTR 260828
CLISFD


CLIMATE REPORT
NATIONAL WEATHER SERVICE SAN FRANCISCO BAY AREA
127 AM PDT MON SEP 26 2016


...................................

...THE SAN FRANCISCO DWTN CA CLIMATE SUMMARY FOR SEPTEMBER 25 2016...

CLIMATE NORMAL PERIOD 1981 TO 2010
CLIMATE RECORD PERIOD 1850 TO 2016


WEATHER ITEM   OBSERVED TIME   RECORD YEAR NORMAL DEPARTURE LAST
                VALUE   (LST)  VALUE       VALUE  FROM      YEAR
                                                  NORMAL
..................................................................
TEMPERATURE (F)
 YESTERDAY
  MAXIMUM         92    143 PM  93    1954  70     22       70
  MINIMUM         60    143 AM  50    1899  55      5       58
  AVERAGE         76                        63     13       64

PRECIPITATION (IN)
  YESTERDAY        0.00          0.73 1898   0.01  -0.01     0.00
  MONTH TO DATE    0.00                      0.15  -0.15     0.04
  SINCE OCT 1     23.10                     23.59  -0.49    17.70
  SINCE JAN 1     16.49                     14.75   1.74     3.25

DEGREE DAYS
 HEATING
  YESTERDAY        0                        MM     MM        1
  MONTH TO DATE   94                        MM     MM       29
  SINCE SEP 1     94                        MM     MM       29
  SINCE JUL 1    402                        MM     MM       88

 COOLING
  YESTERDAY       11                        MM     MM        0
  MONTH TO DATE   31                         0     31       85
  SINCE SEP 1     31                         0     31       85
  SINCE JAN 1     62                         0     62      176
..................................................................







THE SAN FRANCISCO DWTN CA CLIMATE NORMALS FOR TODAY
                         NORMAL    RECORD    YEAR
 MAXIMUM TEMPERATURE (F)   70        94      1992
 MINIMUM TEMPERATURE (F)   55        48      1955


SUNRISE AND SUNSET
SEPTEMBER 26 2016.....SUNRISE   701 AM PDT   SUNSET   659 PM PDT
SEPTEMBER 27 2016.....SUNRISE   702 AM PDT   SUNSET   658 PM PDT


-  INDICATES NEGATIVE NUMBERS.
R  INDICATES RECORD WAS SET OR TIED.
MM INDICATES DATA IS MISSING.
T  INDICATES TRACE AMOUNT.




$$
