000
CDUS46 KMTR 240826
CLISFD


CLIMATE REPORT
NATIONAL WEATHER SERVICE SAN FRANCISCO BAY AREA
125 AM PDT THU APR 24 2014


...................................

...THE SAN FRANCISCO DWTN CA CLIMATE SUMMARY FOR APRIL 23 2014...

CLIMATE NORMAL PERIOD 1981 TO 2010
CLIMATE RECORD PERIOD 1850 TO 2014


WEATHER ITEM   OBSERVED TIME   RECORD YEAR NORMAL DEPARTURE LAST
                VALUE   (LST)  VALUE       VALUE  FROM      YEAR
                                                  NORMAL
..................................................................
TEMPERATURE (F)
 YESTERDAY
  MAXIMUM         61    343 PM  87    1910  64     -3       73
  MINIMUM         50    743 AM  43    1899  50      0       49
  AVERAGE         56                        57     -1       61

PRECIPITATION (IN)
  YESTERDAY        0.00          1.07 1983   0.04  -0.04     0.00
  MONTH TO DATE    1.29                      1.21   0.08     1.01
  SINCE JUL 1     12.20                     22.54 -10.34    16.42
  SINCE JAN 1     10.12                     13.43  -3.31     3.32

DEGREE DAYS
 HEATING
  YESTERDAY        9                        MM     MM        4
  MONTH TO DATE  174                        MM     MM      163
  SINCE MAR 1    373                        MM     MM      468
  SINCE JUL 1   2036                        MM     MM     2499

 COOLING
  YESTERDAY        0                        MM     MM        0
  MONTH TO DATE    3                         0      3        2
  SINCE MAR 1      4                         0      4        2
  SINCE JAN 1      4                         0      4        2
..................................................................







THE SAN FRANCISCO DWTN CA CLIMATE NORMALS FOR TODAY
                         NORMAL    RECORD    YEAR
 MAXIMUM TEMPERATURE (F)   64        85      1913
 MINIMUM TEMPERATURE (F)   50        40      2009


SUNRISE AND SUNSET
APRIL 24 2014.........SUNRISE   622 AM PDT   SUNSET   754 PM PDT
APRIL 25 2014.........SUNRISE   621 AM PDT   SUNSET   755 PM PDT


-  INDICATES NEGATIVE NUMBERS.
R  INDICATES RECORD WAS SET OR TIED.
MM INDICATES DATA IS MISSING.
T  INDICATES TRACE AMOUNT.




$$
