000
CDUS46 KMTR 200825
CLISFD


CLIMATE REPORT
NATIONAL WEATHER SERVICE SAN FRANCISCO BAY AREA
125 AM PDT MON OCT 20 2014


...................................

...THE SAN FRANCISCO DWTN CA CLIMATE SUMMARY FOR OCTOBER 19 2014...

CLIMATE NORMAL PERIOD 1981 TO 2010
CLIMATE RECORD PERIOD 1850 TO 2014


WEATHER ITEM   OBSERVED TIME   RECORD YEAR NORMAL DEPARTURE LAST
                VALUE   (LST)  VALUE       VALUE  FROM      YEAR
                                                  NORMAL
..................................................................
TEMPERATURE (F)
 YESTERDAY
  MAXIMUM         70   1143 AM  90    1913  69      1       75
  MINIMUM         58    843 AM  47    2013  54      4       47
  AVERAGE         64                        61      3       61

PRECIPITATION (IN)
  YESTERDAY        0.00          1.09 2004   0.04  -0.04     0.00
  MONTH TO DATE    0.00                      0.47  -0.47     0.00
  SINCE JUL 1      0.64                      0.74  -0.10     0.43
  SINCE JAN 1     11.10                     15.28  -4.18     3.94

DEGREE DAYS
 HEATING
  YESTERDAY        1                        MM     MM        4
  MONTH TO DATE   28                        MM     MM       70
  SINCE SEP 1     59                        MM     MM      123
  SINCE JUL 1    189                        MM     MM      393

 COOLING
  YESTERDAY        0                        MM     MM        0
  MONTH TO DATE   63                         0     63       27
  SINCE SEP 1     89                         0     89       43
  SINCE JAN 1    156                         0    156       71
..................................................................







THE SAN FRANCISCO DWTN CA CLIMATE NORMALS FOR TODAY
                         NORMAL    RECORD    YEAR
 MAXIMUM TEMPERATURE (F)   69        89      1991
 MINIMUM TEMPERATURE (F)   54        45      1949


SUNRISE AND SUNSET
OCTOBER 20 2014.......SUNRISE   723 AM PDT   SUNSET   625 PM PDT
OCTOBER 21 2014.......SUNRISE   724 AM PDT   SUNSET   624 PM PDT


-  INDICATES NEGATIVE NUMBERS.
R  INDICATES RECORD WAS SET OR TIED.
MM INDICATES DATA IS MISSING.
T  INDICATES TRACE AMOUNT.




$$
