000
CDUS46 KOTX 270824
CLISFF


CLIMATE REPORT
NATIONAL WEATHER SERVICE SPOKANE, WA
123 AM PDT WED JUL 27 2016


...................................

...THE SPOKANE WA FELTS AIRPORT CLIMATE SUMMARY FOR JULY 26 2016...

CLIMATE NORMAL PERIOD 1981 TO 2010
CLIMATE RECORD PERIOD 9999 TO 9999


WEATHER ITEM   OBSERVED TIME   RECORD YEAR NORMAL DEPARTURE LAST
                VALUE   (LST)  VALUE       VALUE  FROM      YEAR
                                                  NORMAL
..................................................................
TEMPERATURE (F)
 YESTERDAY
  MAXIMUM         93    342 PM  MM      MM  88      5       76
  MINIMUM         60    420 AM  MM      MM  56      4       56
  AVERAGE         77                        72      5       66

PRECIPITATION (IN)
  YESTERDAY        0.04         MM      MM   0.02   0.02     0.00
  MONTH TO DATE    1.31                      0.75   0.56     0.47
  SINCE OCT 1     16.28                     16.17   0.11    13.18
  SINCE JAN 1     10.74                      9.97   0.77     8.45

SNOWFALL (IN)
  YESTERDAY       MM

DEGREE DAYS
 HEATING
  YESTERDAY        0                         0      0        0
  MONTH TO DATE   11                        18     -7        0
  SINCE JUN 1     96                       136    -40       15
  SINCE JUL 1     11                        18     -7        0

 COOLING
  YESTERDAY       12                         7      5        1
  MONTH TO DATE   96                       137    -41      279
  SINCE JUN 1    199                       177     22      503
  SINCE JAN 1    214                       184     30      541
..................................................................


WIND (MPH)
  HIGHEST WIND SPEED    22   HIGHEST WIND DIRECTION     N (340)
  HIGHEST GUST SPEED    32   HIGHEST GUST DIRECTION     N (350)
  AVERAGE WIND SPEED     4.9


SKY COVER
  POSSIBLE SUNSHINE  MM
  AVERAGE SKY COVER 0.3


WEATHER CONDITIONS
 THE FOLLOWING WEATHER WAS RECORDED YESTERDAY.
  THUNDERSTORM
  LIGHT RAIN


RELATIVE HUMIDITY (PERCENT)
 HIGHEST    72           200 AM
 LOWEST     21           300 PM
 AVERAGE    47

..........................................................


THE SPOKANE WA FELTS AIRPORT CLIMATE NORMALS FOR TODAY
                         NORMAL    RECORD    YEAR
 MAXIMUM TEMPERATURE (F)   88        MM        MM
 MINIMUM TEMPERATURE (F)   56        MM        MM


SUNRISE AND SUNSET
JULY 27 2016..........SUNRISE   521 AM PDT   SUNSET   830 PM PDT
JULY 28 2016..........SUNRISE   522 AM PDT   SUNSET   828 PM PDT


-  INDICATES NEGATIVE NUMBERS.
R  INDICATES RECORD WAS SET OR TIED.
MM INDICATES DATA IS MISSING.
T  INDICATES TRACE AMOUNT.




$$
