000
CDUS46 KOTX 220824
CLISFF


CLIMATE REPORT
NATIONAL WEATHER SERVICE SPOKANE, WA
120 AM PDT TUE JUL 22 2014


...................................

...THE SPOKANE WA FELTS AIRPORT CLIMATE SUMMARY FOR JULY 21 2014...

CLIMATE NORMAL PERIOD 1981 TO 2010
CLIMATE RECORD PERIOD 9999 TO 9999


WEATHER ITEM   OBSERVED TIME   RECORD YEAR NORMAL DEPARTURE LAST
                VALUE   (LST)  VALUE       VALUE  FROM      YEAR
                                                  NORMAL
..................................................................
TEMPERATURE (F)
 YESTERDAY
  MAXIMUM         81    324 PM   MM    MM   87     -6       94
  MINIMUM         58    606 AM   MM    MM   55      3       55
  AVERAGE         70                        71     -1       75

PRECIPITATION (IN)
  YESTERDAY        0.00          MM    MM   0.02  -0.02     0.00
  MONTH TO DATE    0.37                     0.66  -0.29      T
  SINCE OCT 1     12.85                    16.08  -3.23    14.60
  SINCE JAN 1     10.57                     9.88   0.69     7.96

SNOWFALL (IN)
  YESTERDAY       MM             MM    MM    MM     MM       MM
  MONTH TO DATE   MM                         MM     MM       MM
  SINCE JUN 1     MM                         MM     MM       MM
  SINCE JUL 1     MM                         MM     MM       MM
  SNOW DEPTH      MM

DEGREE DAYS
 HEATING
  YESTERDAY        0                         0      0        0
  MONTH TO DATE    0                        18    -18        0
  SINCE JUN 1     79                       136    -57      105
  SINCE JUL 1      0                        18    -18        0

 COOLING
  YESTERDAY        5                         6     -1       10
  MONTH TO DATE  246                       103    143      180
  SINCE JUN 1    261                       143    118      237
  SINCE JAN 1    266                       150    116      263
..................................................................


WIND (MPH)
  HIGHEST WIND SPEED    15   HIGHEST WIND DIRECTION    SW (220)
  HIGHEST GUST SPEED    21   HIGHEST GUST DIRECTION     S (200)
  AVERAGE WIND SPEED     5.6


SKY COVER
  POSSIBLE SUNSHINE  MM
  AVERAGE SKY COVER 0.0


WEATHER CONDITIONS
 THE FOLLOWING WEATHER WAS RECORDED YESTERDAY.
  HAZE


RELATIVE HUMIDITY (PERCENT)
 HIGHEST    62           500 AM
 LOWEST     25           600 PM
 AVERAGE    44

..........................................................


THE SPOKANE WA FELTS AIRPORT CLIMATE NORMALS FOR TODAY
                         NORMAL    RECORD    YEAR
 MAXIMUM TEMPERATURE (F)   87        MM        MM
 MINIMUM TEMPERATURE (F)   55        MM        MM


SUNRISE AND SUNSET
JULY 22 2014..........SUNRISE   515 AM PDT   SUNSET   836 PM PDT
JULY 23 2014..........SUNRISE   516 AM PDT   SUNSET   835 PM PDT


-  INDICATES NEGATIVE NUMBERS.
R  INDICATES RECORD WAS SET OR TIED.
MM INDICATES DATA IS MISSING.
T  INDICATES TRACE AMOUNT.

$$
