000
CDUS46 KOTX 260831
CLISFF


CLIMATE REPORT
NATIONAL WEATHER SERVICE SPOKANE, WA
131 AM PDT THU MAY 26 2016


...................................

...THE SPOKANE WA FELTS AIRPORT CLIMATE SUMMARY FOR MAY 25 2016...

CLIMATE NORMAL PERIOD 1981 TO 2010
CLIMATE RECORD PERIOD 9999 TO 9999


WEATHER ITEM   OBSERVED TIME   RECORD YEAR NORMAL DEPARTURE LAST
                VALUE   (LST)  VALUE       VALUE  FROM      YEAR
                                                  NORMAL
..................................................................
TEMPERATURE (F)
 YESTERDAY
  MAXIMUM         74    323 PM  MM      MM  70      4       66
  MINIMUM         47    238 AM  MM      MM  45      2       55
  AVERAGE         61                        57      4       61

PRECIPITATION (IN)
  YESTERDAY        0.00         MM      MM   0.06  -0.06     0.10
  MONTH TO DATE    1.60                      1.34   0.26     0.70
  SINCE OCT 1     14.13                     13.68   0.45    11.85
  SINCE JAN 1      8.59                      7.48   1.11     7.12

SNOWFALL (IN)
  YESTERDAY       MM

DEGREE DAYS
 HEATING
  YESTERDAY        4                         8     -4        4
  MONTH TO DATE  128                       276   -148      136
  SINCE MAR 1   1059                      1560   -501     1207
  SINCE JUL 1   4964                      6131  -1167     5025

 COOLING
  YESTERDAY        0                         0      0        0
  MONTH TO DATE   10                         0     10       16
  SINCE MAR 1     15                         0     15       16
  SINCE JAN 1     15                         0     15       16
..................................................................


WIND (MPH)
  HIGHEST WIND SPEED    17   HIGHEST WIND DIRECTION    SW (220)
  HIGHEST GUST SPEED    23   HIGHEST GUST DIRECTION     W (250)
  AVERAGE WIND SPEED     6.4


SKY COVER
  POSSIBLE SUNSHINE  MM
  AVERAGE SKY COVER 0.6


WEATHER CONDITIONS
 THE FOLLOWING WEATHER WAS RECORDED YESTERDAY.
  NO SIGNIFICANT WEATHER WAS OBSERVED.


RELATIVE HUMIDITY (PERCENT)
 HIGHEST    93           100 AM
 LOWEST     35           300 PM
 AVERAGE    64

..........................................................


THE SPOKANE WA FELTS AIRPORT CLIMATE NORMALS FOR TODAY
                         NORMAL    RECORD    YEAR
 MAXIMUM TEMPERATURE (F)   70        MM        MM
 MINIMUM TEMPERATURE (F)   45        MM        MM


SUNRISE AND SUNSET
MAY 26 2016...........SUNRISE   459 AM PDT   SUNSET   834 PM PDT
MAY 27 2016...........SUNRISE   459 AM PDT   SUNSET   835 PM PDT


-  INDICATES NEGATIVE NUMBERS.
R  INDICATES RECORD WAS SET OR TIED.
MM INDICATES DATA IS MISSING.
T  INDICATES TRACE AMOUNT.




$$
