000
CDUS43 KSGF 030632
CLISGF


CLIMATE REPORT
NATIONAL WEATHER SERVICE SPRINGFIELD MO
126 AM CDT TUE MAY 3 2016


...................................

...THE SPRINGFIELD MO CLIMATE SUMMARY FOR MAY 2 2016...

CLIMATE NORMAL PERIOD 1981 TO 2010
CLIMATE RECORD PERIOD 1888 TO 2016


WEATHER ITEM   OBSERVED TIME   RECORD YEAR NORMAL DEPARTURE LAST
                VALUE   (LST)  VALUE       VALUE  FROM      YEAR
                                                  NORMAL
..................................................................
TEMPERATURE (F)
 YESTERDAY
  MAXIMUM         55   1206 PM  85    1968  72    -17       77
                                      1955
                                      1943
  MINIMUM         45   1159 PM  30    1970  50     -5       48
                                      1961
  AVERAGE         50                        61    -11       63

PRECIPITATION (IN)
  YESTERDAY        T             2.24 1946   0.18  -0.18     0.00
  MONTH TO DATE    T                         0.35  -0.35     0.00
  SINCE MAR 1      5.44                      8.29  -2.85     6.57
  SINCE JAN 1      6.72                     13.28  -6.56     9.17

SNOWFALL (IN)
  YESTERDAY        0.0
  MONTH TO DATE    0.0
  SINCE MAR 1      T
  SINCE JUL 1      3.0
  SNOW DEPTH       0

DEGREE DAYS
 HEATING
  YESTERDAY       15                         5     10        2
  MONTH TO DATE   24                        11     13        8
  SINCE MAR 1    611                       892   -281      773
  SINCE JUL 1   3524                      4485   -961     4480

 COOLING
  YESTERDAY        0                         1     -1        0
  MONTH TO DATE    0                         2     -2        0
  SINCE MAR 1     27                        27      0       22
  SINCE JAN 1     27                        27      0       22
..................................................................


WIND (MPH)
  HIGHEST WIND SPEED    14   HIGHEST WIND DIRECTION     N (360)
  HIGHEST GUST SPEED    19   HIGHEST GUST DIRECTION     N (360)
  AVERAGE WIND SPEED     6.3


SKY COVER
  AVERAGE SKY COVER 1.0


WEATHER CONDITIONS
 THE FOLLOWING WEATHER WAS RECORDED YESTERDAY.
  LIGHT RAIN
  FOG


RELATIVE HUMIDITY (PERCENT)
 HIGHEST    86          1100 PM
 LOWEST     66          1100 AM
 AVERAGE    76

..........................................................


THE SPRINGFIELD MO CLIMATE NORMALS FOR TODAY
                         NORMAL    RECORD    YEAR
 MAXIMUM TEMPERATURE (F)   72        88      1952
 MINIMUM TEMPERATURE (F)   50        31      2005
                                             1907


SUNRISE AND SUNSET
MAY  3 2016...........SUNRISE   616 AM CDT   SUNSET   805 PM CDT
MAY  4 2016...........SUNRISE   615 AM CDT   SUNSET   806 PM CDT


-  INDICATES NEGATIVE NUMBERS.
R  INDICATES RECORD WAS SET OR TIED.
MM INDICATES DATA IS MISSING.
T  INDICATES TRACE AMOUNT.




$$
