000
CDUS45 KBYZ 312229
CLISHR


CLIMATE REPORT
NATIONAL WEATHER SERVICE BILLINGS MT
427 PM MDT WED AUG 31 2016


...................................

...THE SHERIDAN WY CLIMATE SUMMARY FOR AUGUST 31 2016...
VALID TODAY AS OF 0400 PM LOCAL TIME.

CLIMATE NORMAL PERIOD 1981 TO 2010
CLIMATE RECORD PERIOD 1907 TO 2016


WEATHER ITEM   OBSERVED TIME   RECORD YEAR NORMAL DEPARTURE LAST
                VALUE   (LST)  VALUE       VALUE  FROM      YEAR
                                                  NORMAL
..................................................................
TEMPERATURE (F)
 TODAY
  MAXIMUM         95    245 PM 103    1954  82     13       86
  MINIMUM         54    518 AM  31    1910  48      6       50
  AVERAGE         75                        65     10       68

PRECIPITATION (IN)
  TODAY            0.00          1.67 1943   0.03  -0.03     0.00
  MONTH TO DATE    1.44                      0.72   0.72     0.60
  SINCE OCT 1     11.66                     12.73  -1.07    15.86
  SINCE JAN 1      9.51                     10.05  -0.54    13.47

DEGREE DAYS
 HEATING
  TODAY            0                         3     -3        0
  MONTH TO DATE   37                        36      1       44
  SINCE JUN 1     59                       211   -152      108
  SINCE JUL 1     43                        62    -19       64

 COOLING
  TODAY           10                         3      7        3
  MONTH TO DATE  156                       158     -2      183
  SINCE JUN 1    517                       386    131      409
  SINCE JAN 1    519                       390    129      409
..................................................................


WIND (MPH)
  HIGHEST WIND SPEED    26   HIGHEST WIND DIRECTION    SE (150)
  HIGHEST GUST SPEED    33   HIGHEST GUST DIRECTION     S (160)
  AVERAGE WIND SPEED    11.2


SKY COVER
  POSSIBLE SUNSHINE  MM
  AVERAGE SKY COVER 0.0


WEATHER CONDITIONS
 THE FOLLOWING WEATHER WAS RECORDED TODAY.
  NO SIGNIFICANT WEATHER WAS OBSERVED.


RELATIVE HUMIDITY (PERCENT)
 HIGHEST    51           400 AM
 LOWEST      9           200 PM
 AVERAGE    30

..........................................................


THE SHERIDAN WY CLIMATE NORMALS FOR TOMORROW
                         NORMAL    RECORD    YEAR
 MAXIMUM TEMPERATURE (F)   82       103      1983
 MINIMUM TEMPERATURE (F)   47        34      1930
                                             1924


SUNRISE AND SUNSET
AUGUST 31 2016........SUNRISE   630 AM MDT   SUNSET   745 PM MDT
SEPTEMBER  1 2016.....SUNRISE   631 AM MDT   SUNSET   744 PM MDT


-  INDICATES NEGATIVE NUMBERS.
R  INDICATES RECORD WAS SET OR TIED.
MM INDICATES DATA IS MISSING.
T  INDICATES TRACE AMOUNT.




$$
