000
CDUS45 KBYZ 230947
CLISHR


CLIMATE REPORT
NATIONAL WEATHER SERVICE BILLINGS MT
344 AM MDT SUN APR 23 2017


...................................

...THE SHERIDAN WY CLIMATE SUMMARY FOR APRIL 22 2017...

CLIMATE NORMAL PERIOD 1981 TO 2010
CLIMATE RECORD PERIOD 1907 TO 2017


WEATHER ITEM   OBSERVED TIME   RECORD YEAR NORMAL DEPARTURE LAST
                VALUE   (LST)  VALUE       VALUE  FROM      YEAR
                                                  NORMAL
..................................................................
TEMPERATURE (F)
 YESTERDAY
  MAXIMUM         60    523 PM  83    1994  59      1       82
                                      1989
                                      1986
  MINIMUM         37   1122 PM   4    2013  31      6       37
  AVERAGE         49                        45      4       60

PRECIPITATION (IN)
  YESTERDAY        0.00          1.61 1958   0.06  -0.06     0.00
  MONTH TO DATE    0.96                      1.04  -0.08     1.22
  SINCE OCT 1      9.82                      5.80   4.02     6.41
  SINCE JAN 1      6.09                      3.12   2.97     4.26

DEGREE DAYS
 HEATING
  YESTERDAY       16                        20     -4        5
  MONTH TO DATE  403                       495    -92      365
  SINCE MAR 1   1138                      1419   -281     1135
  SINCE JUL 1   6660                      6954   -294     5881

 COOLING
  YESTERDAY        0                         0      0        0
  MONTH TO DATE    0                         0      0        0
  SINCE MAR 1      0                         0      0        0
  SINCE JAN 1      0                         0      0        0
..................................................................


WIND (MPH)
  HIGHEST WIND SPEED    20   HIGHEST WIND DIRECTION    SE (150)
  HIGHEST GUST SPEED    25   HIGHEST GUST DIRECTION    SE (130)
  AVERAGE WIND SPEED     6.2


SKY COVER
  POSSIBLE SUNSHINE  MM
  AVERAGE SKY COVER 0.5


WEATHER CONDITIONS
 THE FOLLOWING WEATHER WAS RECORDED YESTERDAY.
  NO SIGNIFICANT WEATHER WAS OBSERVED.


RELATIVE HUMIDITY (PERCENT)
 HIGHEST    92           100 AM
 LOWEST     43           600 PM
 AVERAGE    68

..........................................................


THE SHERIDAN WY CLIMATE NORMALS FOR TODAY
                         NORMAL    RECORD    YEAR
 MAXIMUM TEMPERATURE (F)   60        85      2012
 MINIMUM TEMPERATURE (F)   32        -2      2013


SUNRISE AND SUNSET
APRIL 23 2017.........SUNRISE   610 AM MDT   SUNSET   803 PM MDT
APRIL 24 2017.........SUNRISE   608 AM MDT   SUNSET   805 PM MDT


-  INDICATES NEGATIVE NUMBERS.
R  INDICATES RECORD WAS SET OR TIED.
MM INDICATES DATA IS MISSING.
T  INDICATES TRACE AMOUNT.




$$
