000
CDUS45 KBYZ 270723
CLISHR


CLIMATE REPORT
NATIONAL WEATHER SERVICE BILLINGS MT
123 AM MDT SAT MAY 27 2017


...................................

...THE SHERIDAN WY CLIMATE SUMMARY FOR MAY 26 2017...

CLIMATE NORMAL PERIOD 1981 TO 2010
CLIMATE RECORD PERIOD 1907 TO 2017


WEATHER ITEM   OBSERVED TIME   RECORD YEAR NORMAL DEPARTURE LAST
                VALUE   (LST)  VALUE       VALUE  FROM      YEAR
                                                  NORMAL
..................................................................
TEMPERATURE (F)
 YESTERDAY
  MAXIMUM         60   1132 AM  94    1934  70    -10       68
  MINIMUM         33    311 AM  30    1932  41     -8       44
  AVERAGE         47                        55     -8       56

PRECIPITATION (IN)
  YESTERDAY        0.06          0.61 2013   0.08  -0.02     0.05
  MONTH TO DATE    2.24                      1.97   0.27     0.97
  SINCE OCT 1     15.70                      8.33   7.37     9.52
  SINCE JAN 1     11.97                      5.65   6.32     7.37

DEGREE DAYS
 HEATING
  YESTERDAY       18                        10      8        9
  MONTH TO DATE  318                       347    -29      325
  SINCE MAR 1   1664                      1913   -249     1642
  SINCE JUL 1   7186                      7448   -262     6388

 COOLING
  YESTERDAY        0                         0      0        0
  MONTH TO DATE    0                         0      0        2
  SINCE MAR 1      0                         0      0        2
  SINCE JAN 1      0                         0      0        2
..................................................................


WIND (MPH)
  HIGHEST WIND SPEED    12   HIGHEST WIND DIRECTION    SW (220)
  HIGHEST GUST SPEED    14   HIGHEST GUST DIRECTION    SW (220)
  AVERAGE WIND SPEED     5.0


SKY COVER
  POSSIBLE SUNSHINE  MM
  AVERAGE SKY COVER 0.6


WEATHER CONDITIONS
 THE FOLLOWING WEATHER WAS RECORDED YESTERDAY.
  LIGHT RAIN


RELATIVE HUMIDITY (PERCENT)
 HIGHEST    89          1100 PM
 LOWEST     40          1100 AM
 AVERAGE    65

..........................................................


THE SHERIDAN WY CLIMATE NORMALS FOR TODAY
                         NORMAL    RECORD    YEAR
 MAXIMUM TEMPERATURE (F)   70        93      1934
 MINIMUM TEMPERATURE (F)   41        29      1965


SUNRISE AND SUNSET
MAY 27 2017...........SUNRISE   528 AM MDT   SUNSET   842 PM MDT
MAY 28 2017...........SUNRISE   528 AM MDT   SUNSET   843 PM MDT


-  INDICATES NEGATIVE NUMBERS.
R  INDICATES RECORD WAS SET OR TIED.
MM INDICATES DATA IS MISSING.
T  INDICATES TRACE AMOUNT.




$$
