000
CDUS45 KBYZ 210829
CLISHR


CLIMATE REPORT
NATIONAL WEATHER SERVICE BILLINGS MT
226 AM MDT THU SEP 21 2017


...................................

...THE SHERIDAN WY CLIMATE SUMMARY FOR SEPTEMBER 20 2017...

CLIMATE NORMAL PERIOD 1981 TO 2010
CLIMATE RECORD PERIOD 1907 TO 2017


WEATHER ITEM   OBSERVED TIME   RECORD YEAR NORMAL DEPARTURE LAST
                VALUE   (LST)  VALUE       VALUE  FROM      YEAR
                                                  NORMAL
..................................................................
TEMPERATURE (F)
 YESTERDAY
  MAXIMUM         71    237 PM  91    1938  72     -1       81
                                      1933
                                      1920
  MINIMUM         36    202 AM  25    1983  40     -4       46
  AVERAGE         54                        56     -2       64

PRECIPITATION (IN)
  YESTERDAY        T             0.97 1951   0.05  -0.05     0.00
  MONTH TO DATE    1.29                      0.88   0.41     0.85
  SINCE OCT 1     18.91                     13.61   5.30    12.51
  SINCE JAN 1     15.18                     10.93   4.25    10.36

DEGREE DAYS
 HEATING
  YESTERDAY       11                        10      1        1
  MONTH TO DATE  123                       123      0      108
  SINCE SEP 1    123                       123      0      108
  SINCE JUL 1    147                       185    -38      151

 COOLING
  YESTERDAY        0                         0      0        0
  MONTH TO DATE   52                        26     26       30
  SINCE SEP 1     52                        26     26       30
  SINCE JAN 1    481                       416     65      549
..................................................................


WIND (MPH)
  HIGHEST WIND SPEED    33   HIGHEST WIND DIRECTION    SW (240)
  HIGHEST GUST SPEED    43   HIGHEST GUST DIRECTION    SW (240)
  AVERAGE WIND SPEED    10.0


SKY COVER
  POSSIBLE SUNSHINE  MM
  AVERAGE SKY COVER 0.0


WEATHER CONDITIONS
 THE FOLLOWING WEATHER WAS RECORDED YESTERDAY.
  LIGHT RAIN


RELATIVE HUMIDITY (PERCENT)
 HIGHEST    89           100 AM
 LOWEST     18           300 PM
 AVERAGE    54

..........................................................


THE SHERIDAN WY CLIMATE NORMALS FOR TODAY
                         NORMAL    RECORD    YEAR
 MAXIMUM TEMPERATURE (F)   71        92      1938
 MINIMUM TEMPERATURE (F)   39        23      1983


SUNRISE AND SUNSET
SEPTEMBER 21 2017.....SUNRISE   654 AM MDT   SUNSET   707 PM MDT
SEPTEMBER 22 2017.....SUNRISE   655 AM MDT   SUNSET   705 PM MDT


-  INDICATES NEGATIVE NUMBERS.
R  INDICATES RECORD WAS SET OR TIED.
MM INDICATES DATA IS MISSING.
T  INDICATES TRACE AMOUNT.




$$
