000
CDUS45 KBYZ 020933
CLISHR


CLIMATE REPORT
NATIONAL WEATHER SERVICE BILLINGS MT
332 AM MDT WED SEP 2 2015


...................................

...THE SHERIDAN WY CLIMATE SUMMARY FOR SEPTEMBER 1 2015...

CLIMATE NORMAL PERIOD 1981 TO 2010
CLIMATE RECORD PERIOD 1907 TO 2015


WEATHER ITEM   OBSERVED TIME   RECORD YEAR NORMAL DEPARTURE LAST
                VALUE   (LST)  VALUE       VALUE  FROM      YEAR
                                                  NORMAL
..................................................................
TEMPERATURE (F)
 YESTERDAY
  MAXIMUM         94    321 PM 103    1983  82     12       70
  MINIMUM         47    542 AM  34    1930  47      0       44
                                      1924
  AVERAGE         71                        64      7       57

PRECIPITATION (IN)
  YESTERDAY        0.00          0.58 1919   0.03  -0.03     0.16
  MONTH TO DATE    0.00                      0.03  -0.03     0.16
  SINCE OCT 1     15.86                     12.76   3.10    14.99
  SINCE JAN 1     13.47                     10.08   3.39    11.23

DEGREE DAYS
 HEATING
  YESTERDAY        0                         3     -3        8
  MONTH TO DATE    0                         3     -3        8
  SINCE SEP 1      0                         3     -3        8
  SINCE JUL 1     64                        65     -1       58

 COOLING
  YESTERDAY        6                         3      3        0
  MONTH TO DATE    6                         3      3        0
  SINCE SEP 1      6                         3      3        0
  SINCE JAN 1    415                       393     22      318
..................................................................


WIND (MPH)
  HIGHEST WIND SPEED    14   HIGHEST WIND DIRECTION    NW (300)
  HIGHEST GUST SPEED    15   HIGHEST GUST DIRECTION    NW (300)
  AVERAGE WIND SPEED     4.3


SKY COVER
  POSSIBLE SUNSHINE  MM
  AVERAGE SKY COVER 0.0


WEATHER CONDITIONS
 THE FOLLOWING WEATHER WAS RECORDED YESTERDAY.
  NO SIGNIFICANT WEATHER WAS OBSERVED.


RELATIVE HUMIDITY (PERCENT)
 HIGHEST    80           200 AM
 LOWEST     10          1200 PM
 AVERAGE    45

..........................................................


THE SHERIDAN WY CLIMATE NORMALS FOR TODAY
                         NORMAL    RECORD    YEAR
 MAXIMUM TEMPERATURE (F)   81       100      1940
 MINIMUM TEMPERATURE (F)   47        30      1914


SUNRISE AND SUNSET
SEPTEMBER  2 2015.....SUNRISE   631 AM MDT   SUNSET   743 PM MDT
SEPTEMBER  3 2015.....SUNRISE   632 AM MDT   SUNSET   741 PM MDT


-  INDICATES NEGATIVE NUMBERS.
R  INDICATES RECORD WAS SET OR TIED.
MM INDICATES DATA IS MISSING.
T  INDICATES TRACE AMOUNT.




$$
