000
CDUS44 KSHV 290744
CLISHV


CLIMATE REPORT
NATIONAL WEATHER SERVICE SHREVEPORT, LA
243 AM CDT SAT AUG 29 2015


...................................

...THE SHREVEPORT CLIMATE SUMMARY FOR AUGUST 28 2015...

CLIMATE NORMAL PERIOD 1981 TO 2010
CLIMATE RECORD PERIOD 1874 TO 2015


WEATHER ITEM   OBSERVED TIME   RECORD YEAR NORMAL DEPARTURE LAST
                VALUE   (LST)  VALUE       VALUE  FROM      YEAR
                                                  NORMAL
..................................................................
TEMPERATURE (F)
 YESTERDAY
  MAXIMUM         92    208 PM 105    2011  93     -1       96
  MINIMUM         63    556 AM  60    1906  71     -8       72
  AVERAGE         78                        82     -4       84

PRECIPITATION (IN)
  YESTERDAY        0.00          3.41 1940   0.08  -0.08     0.00
  MONTH TO DATE    1.28                      2.48  -1.20     0.18
  SINCE DEC 1     47.77                     38.51   9.26    30.59
  SINCE JAN 1     44.02                     33.74  10.28    25.61

SNOWFALL (IN)
  YESTERDAY        0.0
  MONTH TO DATE    0.0
  SINCE JUN 1      0.0
  SINCE JUL 1      0.0
  SNOW DEPTH       0

DEGREE DAYS
 HEATING
  YESTERDAY        0                         0      0        0
  MONTH TO DATE    0                         0      0        0
  SINCE JUN 1      0                         0      0        0
  SINCE JUL 1      0                         0      0        0

 COOLING
  YESTERDAY       13                        17     -4       19
  MONTH TO DATE  575                       514     61      511
  SINCE JUN 1   1753                      1517    236     1466
  SINCE JAN 1   2225                      1915    310     1836
..................................................................


WIND (MPH)
  HIGHEST WIND SPEED    10   HIGHEST WIND DIRECTION     N (340)
  HIGHEST GUST SPEED    16   HIGHEST GUST DIRECTION     N (350)
  AVERAGE WIND SPEED     1.8


SKY COVER
  POSSIBLE SUNSHINE  MM
  AVERAGE SKY COVER 0.1


WEATHER CONDITIONS
 THE FOLLOWING WEATHER WAS RECORDED YESTERDAY.
  NO SIGNIFICANT WEATHER WAS OBSERVED.


RELATIVE HUMIDITY (PERCENT)
 HIGHEST    93           600 AM
 LOWEST     26           400 PM
 AVERAGE    60

..........................................................


THE SHREVEPORT CLIMATE NORMALS FOR TODAY
                         NORMAL    RECORD    YEAR
 MAXIMUM TEMPERATURE (F)   93       104      1884
 MINIMUM TEMPERATURE (F)   71        56      1986


SUNRISE AND SUNSET
AUGUST 29 2015........SUNRISE   648 AM CDT   SUNSET   744 PM CDT
AUGUST 30 2015........SUNRISE   649 AM CDT   SUNSET   742 PM CDT


-  INDICATES NEGATIVE NUMBERS.
R  INDICATES RECORD WAS SET OR TIED.
MM INDICATES DATA IS MISSING.
T  INDICATES TRACE AMOUNT.




$$
