152
CDUS44 KSHV 050837
CLISHV


CLIMATE REPORT
NATIONAL WEATHER SERVICE SHREVEPORT, LA
237 AM CST MON DEC 5 2016


...................................

...THE SHREVEPORT CLIMATE SUMMARY FOR DECEMBER 4 2016...

CLIMATE NORMAL PERIOD 1981 TO 2010
CLIMATE RECORD PERIOD 1874 TO 2016


WEATHER ITEM   OBSERVED TIME   RECORD YEAR NORMAL DEPARTURE LAST
                VALUE   (LST)  VALUE       VALUE  FROM      YEAR
                                                  NORMAL
..................................................................
TEMPERATURE (F)
 YESTERDAY
  MAXIMUM         51    502 PM  80    1977  61    -10       58
                                      1922
  MINIMUM         48    342 AM  19    1897  40      8       36
  AVERAGE         50                        50      0       47

PRECIPITATION (IN)
  YESTERDAY        0.01          1.81 1930   0.17  -0.16     0.00
  MONTH TO DATE    2.23                      0.65   1.58     0.00
  SINCE DEC 1      2.23                      0.65   1.58     0.00
  SINCE JAN 1     58.10                     47.29  10.81    62.37

SNOWFALL (IN)
  YESTERDAY        0.0
  MONTH TO DATE    0.0
  SINCE DEC 1      0.0
  SINCE JUL 1      0.0
  SNOW DEPTH       0

DEGREE DAYS
 HEATING
  YESTERDAY       15                        15      0       18
  MONTH TO DATE   60                        58      2       64
  SINCE DEC 1     60                        58      2       64
  SINCE JUL 1    214                       429   -215      241

 COOLING
  YESTERDAY        0                         0      0        0
  MONTH TO DATE    0                         0      0        0
  SINCE DEC 1      0                         0      0        0
  SINCE JAN 1   3009                      2474    535     2996
..................................................................


WIND (MPH)
  HIGHEST WIND SPEED    14   HIGHEST WIND DIRECTION     E (90)
  HIGHEST GUST SPEED    18   HIGHEST GUST DIRECTION     E (90)
  AVERAGE WIND SPEED     6.9


SKY COVER
  POSSIBLE SUNSHINE  MM
  AVERAGE SKY COVER 1.0


WEATHER CONDITIONS
 THE FOLLOWING WEATHER WAS RECORDED YESTERDAY.
  LIGHT RAIN
  FOG


RELATIVE HUMIDITY (PERCENT)
 HIGHEST   100           300 AM
 LOWEST     83           300 PM
 AVERAGE    92

..........................................................


THE SHREVEPORT CLIMATE NORMALS FOR TODAY
                         NORMAL    RECORD    YEAR
 MAXIMUM TEMPERATURE (F)   61        82      1956
 MINIMUM TEMPERATURE (F)   39        20      2009
                                             1886


SUNRISE AND SUNSET
DECEMBER  5 2016......SUNRISE   703 AM CST   SUNSET   510 PM CST
DECEMBER  6 2016......SUNRISE   703 AM CST   SUNSET   510 PM CST


-  INDICATES NEGATIVE NUMBERS.
R  INDICATES RECORD WAS SET OR TIED.
MM INDICATES DATA IS MISSING.
T  INDICATES TRACE AMOUNT.




$$

19
