000
CDUS44 KSHV 192243
CLISHV


CLIMATE REPORT
NATIONAL WEATHER SERVICE SHREVEPORT, LA
441 PM CST SUN FEB 19 2017


...................................

...THE SHREVEPORT CLIMATE SUMMARY FOR FEBRUARY 19 2017...
VALID TODAY AS OF 0400 PM LOCAL TIME.

CLIMATE NORMAL PERIOD 1981 TO 2010
CLIMATE RECORD PERIOD 1874 TO 2017


WEATHER ITEM   OBSERVED TIME   RECORD YEAR NORMAL DEPARTURE LAST
                VALUE   (LST)  VALUE       VALUE  FROM      YEAR
                                                  NORMAL
..................................................................
TEMPERATURE (F)
 TODAY
  MAXIMUM         81    359 PM  84    1986  62     19       79
  MINIMUM         58    540 AM  15    1978  41     17       60
  AVERAGE         70                        52     18       70

PRECIPITATION (IN)
  TODAY            0.00          2.34 1947   0.18  -0.18     0.00
  MONTH TO DATE    0.93                      3.27  -2.34     1.16
  SINCE DEC 1      6.63                     12.24  -5.61     6.92
  SINCE JAN 1      3.49                      7.47  -3.98     4.03

SNOWFALL (IN)
  TODAY            0.0
  MONTH TO DATE    0.0
  SINCE DEC 1      0.0
  SINCE JUL 1      0.0
  SNOW DEPTH       0

DEGREE DAYS
 HEATING
  TODAY            0                        14    -14        0
  MONTH TO DATE  132                       297   -165      209
  SINCE DEC 1    850                      1398   -548     1036
  SINCE JUL 1   1004                      1769   -765     1213

 COOLING
  TODAY            5                         0      5        5
  MONTH TO DATE   32                         0     32        8
  SINCE DEC 1     79                        11     68       50
  SINCE JAN 1     54                         4     50       14
..................................................................


WIND (MPH)
  HIGHEST WIND SPEED    16   HIGHEST WIND DIRECTION    SE (140)
  HIGHEST GUST SPEED    20   HIGHEST GUST DIRECTION    SE (140)
  AVERAGE WIND SPEED     7.9


SKY COVER
  POSSIBLE SUNSHINE  MM
  AVERAGE SKY COVER 0.7


WEATHER CONDITIONS
 THE FOLLOWING WEATHER WAS RECORDED TODAY.
  FOG
  FOG W/VISIBILITY <= 1/4 MILE


RELATIVE HUMIDITY (PERCENT)
 HIGHEST   100           400 AM
 LOWEST     49           400 PM
 AVERAGE    75

..........................................................


THE SHREVEPORT CLIMATE NORMALS FOR TOMORROW
                         NORMAL    RECORD    YEAR
 MAXIMUM TEMPERATURE (F)   63        89      1986
 MINIMUM TEMPERATURE (F)   41        22      1978


SUNRISE AND SUNSET
FEBRUARY 19 2017......SUNRISE   654 AM CST   SUNSET   605 PM CST
FEBRUARY 20 2017......SUNRISE   653 AM CST   SUNSET   606 PM CST


-  INDICATES NEGATIVE NUMBERS.
R  INDICATES RECORD WAS SET OR TIED.
MM INDICATES DATA IS MISSING.
T  INDICATES TRACE AMOUNT.




$$
