000
CDUS44 KSHV 222253
CLISHV


CLIMATE REPORT
NATIONAL WEATHER SERVICE SHREVEPORT, LA
553 PM CDT FRI MAY 22 2015


...................................

...THE SHREVEPORT CLIMATE SUMMARY FOR MAY 22 2015...
VALID TODAY AS OF 0500 PM LOCAL TIME.

CLIMATE NORMAL PERIOD 1981 TO 2010
CLIMATE RECORD PERIOD 1874 TO 2015


WEATHER ITEM   OBSERVED TIME   RECORD YEAR NORMAL DEPARTURE LAST
                VALUE   (LST)  VALUE       VALUE  FROM      YEAR
                                                  NORMAL
..................................................................
TEMPERATURE (F)
 TODAY
  MAXIMUM         78    359 PM  96    1875  85     -7       86
  MINIMUM         55    602 AM  46    1892  64     -9       67
  AVERAGE         67                        75     -8       77

PRECIPITATION (IN)
  TODAY            0.00          5.79 1884   0.16  -0.16     0.00
  MONTH TO DATE    7.97                      3.50   4.47     4.84
  SINCE DEC 1     36.92                     25.55  11.37    21.37
  SINCE JAN 1     33.17                     20.78  12.39    16.39

DEGREE DAYS
 HEATING
  TODAY            0                         0      0        0
  MONTH TO DATE    0                         5     -5       24
  SINCE MAR 1    291                       342    -51      456
  SINCE JUL 1   2291                      2224     67     2567

 COOLING
  TODAY            2                        10     -8       12
  MONTH TO DATE  203                       164     39      148
  SINCE MAR 1    370                       289     81      263
  SINCE JAN 1    370                       299     71      269
..................................................................


WIND (MPH)
  HIGHEST WIND SPEED    13   HIGHEST WIND DIRECTION     E (80)
  HIGHEST GUST SPEED    24   HIGHEST GUST DIRECTION     E (80)
  AVERAGE WIND SPEED     6.8


SKY COVER
  POSSIBLE SUNSHINE  MM
  AVERAGE SKY COVER 0.6


WEATHER CONDITIONS
 THE FOLLOWING WEATHER WAS RECORDED TODAY.
  NO SIGNIFICANT WEATHER WAS OBSERVED.


RELATIVE HUMIDITY (PERCENT)
 HIGHEST    93           200 AM
 LOWEST     56           400 PM
 AVERAGE    75

..........................................................


THE SHREVEPORT CLIMATE NORMALS FOR TOMORROW
                         NORMAL    RECORD    YEAR
 MAXIMUM TEMPERATURE (F)   86        97      1886
 MINIMUM TEMPERATURE (F)   65        48      1963


SUNRISE AND SUNSET
MAY 22 2015...........SUNRISE   613 AM CDT   SUNSET   811 PM CDT
MAY 23 2015...........SUNRISE   612 AM CDT   SUNSET   812 PM CDT


-  INDICATES NEGATIVE NUMBERS.
R  INDICATES RECORD WAS SET OR TIED.
MM INDICATES DATA IS MISSING.
T  INDICATES TRACE AMOUNT.


$$

10
