000
CDUS44 KSHV 300801
CLISHV


CLIMATE REPORT
NATIONAL WEATHER SERVICE SHREVEPORT, LA
300 AM CDT THU MAR 30 2017


...................................

...THE SHREVEPORT CLIMATE SUMMARY FOR MARCH 29 2017...

CLIMATE NORMAL PERIOD 1981 TO 2010
CLIMATE RECORD PERIOD 1874 TO 2017


WEATHER ITEM   OBSERVED TIME   RECORD YEAR NORMAL DEPARTURE LAST
                VALUE   (LST)  VALUE       VALUE  FROM      YEAR
                                                  NORMAL
..................................................................
TEMPERATURE (F)
 YESTERDAY
  MAXIMUM         80    305 PM  89    1875  73      7       72
  MINIMUM         64   1159 PM  32    1994  49     15       48
                                      1894
  AVERAGE         72                        61     11       60

PRECIPITATION (IN)
  YESTERDAY        0.21          3.78 1922   0.15   0.06     0.00
  MONTH TO DATE    1.45                      3.85  -2.40    12.46
  SINCE DEC 1      8.73                     17.57  -8.84    20.37
  SINCE JAN 1      5.59                     12.80  -7.21    17.48

SNOWFALL (IN)
  YESTERDAY        0.0
  MONTH TO DATE    0.0
  SINCE MAR 1      0.0
  SINCE JUL 1      0.0
  SNOW DEPTH       0

DEGREE DAYS
 HEATING
  YESTERDAY        0                         5     -5        5
  MONTH TO DATE  134                       240   -106      113
  SINCE MAR 1    134                       240   -106      113
  SINCE JUL 1   1165                      2122   -957     1416

 COOLING
  YESTERDAY        7                         1      6        0
  MONTH TO DATE   99                        27     72       37
  SINCE MAR 1     99                        27     72       37
  SINCE JAN 1    169                        37    132       55
..................................................................


WIND (MPH)
  HIGHEST WIND SPEED    23   HIGHEST WIND DIRECTION    SE (150)
  HIGHEST GUST SPEED    31   HIGHEST GUST DIRECTION    SE (150)
  AVERAGE WIND SPEED     9.3


SKY COVER
  POSSIBLE SUNSHINE  MM
  AVERAGE SKY COVER 0.8


WEATHER CONDITIONS
 THE FOLLOWING WEATHER WAS RECORDED YESTERDAY.
  THUNDERSTORM
  HEAVY RAIN
  RAIN
  LIGHT RAIN
  FOG


RELATIVE HUMIDITY (PERCENT)
 HIGHEST    93           600 AM
 LOWEST     62           300 PM
 AVERAGE    78

..........................................................


THE SHREVEPORT CLIMATE NORMALS FOR TODAY
                         NORMAL    RECORD    YEAR
 MAXIMUM TEMPERATURE (F)   73        91      1946
 MINIMUM TEMPERATURE (F)   49        32      1987


SUNRISE AND SUNSET
MARCH 30 2017.........SUNRISE   706 AM CDT   SUNSET   734 PM CDT
MARCH 31 2017.........SUNRISE   704 AM CDT   SUNSET   735 PM CDT


-  INDICATES NEGATIVE NUMBERS.
R  INDICATES RECORD WAS SET OR TIED.
MM INDICATES DATA IS MISSING.
T  INDICATES TRACE AMOUNT.




$$
