000
CDUS44 KSHV 260735
CLISHV


CLIMATE REPORT
NATIONAL WEATHER SERVICE SHREVEPORT, LA
234 AM CDT FRI MAY 26 2017


...................................

...THE SHREVEPORT CLIMATE SUMMARY FOR MAY 25 2017...

CLIMATE NORMAL PERIOD 1981 TO 2010
CLIMATE RECORD PERIOD 1874 TO 2017


WEATHER ITEM   OBSERVED TIME   RECORD YEAR NORMAL DEPARTURE LAST
                VALUE   (LST)  VALUE       VALUE  FROM      YEAR
                                                  NORMAL
..................................................................
TEMPERATURE (F)
 YESTERDAY
  MAXIMUM         87    439 PM  98    1875  86      1       91
  MINIMUM         51    433 AM  50    1971  65    -14       75
  AVERAGE         69                        76     -7       83

PRECIPITATION (IN)
  YESTERDAY        0.00          2.20 1948   0.16  -0.16     0.00
  MONTH TO DATE    4.27                      3.98   0.29     1.48
  SINCE DEC 1     17.26                     26.03  -8.77    35.52
  SINCE JAN 1     14.12                     21.26  -7.14    32.63

SNOWFALL (IN)
  YESTERDAY        0.0
  MONTH TO DATE    0.0
  SINCE MAR 1      0.0
  SINCE JUL 1      0.0
  SNOW DEPTH       0

DEGREE DAYS
 HEATING
  YESTERDAY        0                         0      0        0
  MONTH TO DATE    6                         5      1        2
  SINCE MAR 1    170                       342   -172      148
  SINCE JUL 1   1201                      2224  -1023     1451

 COOLING
  YESTERDAY        4                        11     -7       18
  MONTH TO DATE  139                       195    -56      189
  SINCE MAR 1    395                       320     75      370
  SINCE JAN 1    465                       330    135      388
..................................................................


WIND (MPH)
  HIGHEST WIND SPEED    22   HIGHEST WIND DIRECTION     S (180)
  HIGHEST GUST SPEED    26   HIGHEST GUST DIRECTION     S (170)
  AVERAGE WIND SPEED     8.6


SKY COVER
  POSSIBLE SUNSHINE  MM
  AVERAGE SKY COVER 0.2


WEATHER CONDITIONS
 THE FOLLOWING WEATHER WAS RECORDED YESTERDAY.
  NO SIGNIFICANT WEATHER WAS OBSERVED.


RELATIVE HUMIDITY (PERCENT)
 HIGHEST   100           200 AM
 LOWEST     42           200 PM
 AVERAGE    71

..........................................................


THE SHREVEPORT CLIMATE NORMALS FOR TODAY
                         NORMAL    RECORD    YEAR
 MAXIMUM TEMPERATURE (F)   86        99      1887
 MINIMUM TEMPERATURE (F)   65        50      1979
                                             1925


SUNRISE AND SUNSET
MAY 26 2017...........SUNRISE   611 AM CDT   SUNSET   814 PM CDT
MAY 27 2017...........SUNRISE   610 AM CDT   SUNSET   815 PM CDT


-  INDICATES NEGATIVE NUMBERS.
R  INDICATES RECORD WAS SET OR TIED.
MM INDICATES DATA IS MISSING.
T  INDICATES TRACE AMOUNT.




$$
