000
CDUS46 KMFR 260044
CLISIY


CLIMATE REPORT
NATIONAL WEATHER SERVICE MEDFORD, OR
544 PM PDT THU MAY 25 2017


...................................

...THE MONTAGUE CA CLIMATE SUMMARY FOR MAY 25 2017...
VALID TODAY AS OF 0500 PM LOCAL TIME.

CLIMATE NORMAL PERIOD 1981 TO 2010
CLIMATE RECORD PERIOD 1948 TO 2017


WEATHER ITEM   OBSERVED TIME   RECORD YEAR NORMAL DEPARTURE LAST
                VALUE   (LST)  VALUE       VALUE  FROM      YEAR
                                                  NORMAL
..................................................................
TEMPERATURE (F)
 TODAY
  MAXIMUM         79    308 PM  95    1983  74      5       74
  MINIMUM         35    521 AM  32    1989  42     -7       44
  AVERAGE         57                        58     -1       59

PRECIPITATION (IN)
  TODAY            0.00          0.51 2011   0.02  -0.02     0.00
  MONTH TO DATE    0.49                      1.29  -0.80     0.78
  SINCE OCT 1     15.39                     16.20  -0.81    13.89
  SINCE JAN 1      7.18                      9.37  -2.19     8.80

SNOWFALL (IN)
  TODAY           MM                        MM     MM       MM
  MONTH TO DATE   MM                        MM     MM       MM
  SINCE JUL 1     MM                        MM     MM       MM
  SNOW DEPTH      MM

DEGREE DAYS
 HEATING
  TODAY            8                         8      0        6
  MONTH TO DATE  243                       249     -6      182
  SINCE MAR 1   1417                      1470    -53     1126
  SINCE JUL 1   5314                      5347    -33     4543

 COOLING
  TODAY            0                         1     -1        0
  MONTH TO DATE    8                        10     -2        1
  SINCE MAR 1      8                        10     -2        1
  SINCE JAN 1      8                        10     -2        1
..................................................................


WIND (MPH)
  HIGHEST WIND SPEED    20   HIGHEST WIND DIRECTION     N (20)
  HIGHEST GUST SPEED    25   HIGHEST GUST DIRECTION     N (20)
  AVERAGE WIND SPEED     4.1


SKY COVER
  POSSIBLE SUNSHINE  MM
  AVERAGE SKY COVER 0.0


WEATHER CONDITIONS
 THE FOLLOWING WEATHER WAS RECORDED TODAY.
  NO SIGNIFICANT WEATHER WAS OBSERVED.


RELATIVE HUMIDITY (PERCENT)
 HIGHEST    79           400 AM
 LOWEST     17           300 PM

..........................................................


THE MONTAGUE CA CLIMATE NORMALS FOR TOMORROW
                         NORMAL    RECORD    YEAR
 MAXIMUM TEMPERATURE (F)   75        93      1983
 MINIMUM TEMPERATURE (F)   42        31      1989


SUNRISE AND SUNSET
MAY 25 2017...........SUNRISE   541 AM PDT   SUNSET   833 PM PDT
MAY 26 2017...........SUNRISE   541 AM PDT   SUNSET   834 PM PDT


-  INDICATES NEGATIVE NUMBERS.
R  INDICATES RECORD WAS SET OR TIED.
MM INDICATES DATA IS MISSING.
T  INDICATES TRACE AMOUNT.




$$
