000
CDUS46 KMFR 220035
CLISIY


CLIMATE REPORT
NATIONAL WEATHER SERVICE MEDFORD, OR
535 PM PDT TUE OCT 21 2014


...................................

...THE MONTAGUE CA CLIMATE SUMMARY FOR OCTOBER 21 2014...
VALID TODAY AS OF 0500 PM LOCAL TIME.

CLIMATE NORMAL PERIOD 1981 TO 2010
CLIMATE RECORD PERIOD 1948 TO 2014


WEATHER ITEM   OBSERVED TIME   RECORD YEAR NORMAL DEPARTURE LAST
                VALUE   (LST)  VALUE       VALUE  FROM      YEAR
                                                  NORMAL
..................................................................
TEMPERATURE (F)
 TODAY
  MAXIMUM         59    328 PM  86    2003  65     -6       76
  MINIMUM         41   1240 AM  25    2012  35      6       29
                                      1996
  AVERAGE         50                        50      0       53

PRECIPITATION (IN)
  TODAY            0.00          1.12 1985   0.04  -0.04     0.00
  MONTH TO DATE    0.54                      0.58  -0.04      T
  SINCE SEP 1      1.92                      1.22   0.70     0.74
  SINCE JAN 1      8.09                     12.22  -4.13     5.07

SNOWFALL (IN)
  TODAY           MM                        MM     MM       MM
  MONTH TO DATE   MM                        MM     MM       MM
  SINCE JUL 1     MM                        MM     MM       MM
  SNOW DEPTH      MM

DEGREE DAYS
 HEATING
  TODAY           15                        15      0       12
  MONTH TO DATE  150                       238    -88      328
  SINCE SEP 1    196                       363   -167      475
  SINCE JUL 1    196                       380   -184      475

 COOLING
  TODAY            0                         0      0        0
  MONTH TO DATE    0                         0      0        0
  SINCE SEP 1    112                        41     71       87
  SINCE JAN 1    913                       542    371      776
..................................................................


WIND (MPH)
  HIGHEST WIND SPEED     8   HIGHEST WIND DIRECTION     S (180)
  HIGHEST GUST SPEED    10   HIGHEST GUST DIRECTION    SE (140)
  AVERAGE WIND SPEED     2.4


SKY COVER
  POSSIBLE SUNSHINE  MM
  AVERAGE SKY COVER 0.6


WEATHER CONDITIONS
 THE FOLLOWING WEATHER WAS RECORDED TODAY.
  NO SIGNIFICANT WEATHER WAS OBSERVED.


RELATIVE HUMIDITY (PERCENT)
 HIGHEST    96           100 AM
 LOWEST     44           300 PM

..........................................................


THE MONTAGUE CA CLIMATE NORMALS FOR TOMORROW
                         NORMAL    RECORD    YEAR
 MAXIMUM TEMPERATURE (F)   64        81      2003
 MINIMUM TEMPERATURE (F)   35        25      2008


SUNRISE AND SUNSET
OCTOBER 21 2014.......SUNRISE   729 AM PDT   SUNSET   619 PM PDT
OCTOBER 22 2014.......SUNRISE   730 AM PDT   SUNSET   618 PM PDT


-  INDICATES NEGATIVE NUMBERS.
R  INDICATES RECORD WAS SET OR TIED.
MM INDICATES DATA IS MISSING.
T  INDICATES TRACE AMOUNT.




$$
