304
CDUS46 KMFR 220036
CLISIY


CLIMATE REPORT
NATIONAL WEATHER SERVICE MEDFORD, OR
436 PM PST TUE NOV 21 2017


...................................

...THE MONTAGUE CA CLIMATE SUMMARY FOR NOVEMBER 21 2017...
VALID TODAY AS OF 0400 PM LOCAL TIME.

CLIMATE NORMAL PERIOD 1981 TO 2010
CLIMATE RECORD PERIOD 1948 TO 2017


WEATHER ITEM   OBSERVED TIME   RECORD YEAR NORMAL DEPARTURE LAST
                VALUE   (LST)  VALUE       VALUE  FROM      YEAR
                                                  NORMAL
..................................................................
TEMPERATURE (F)
 TODAY
  MAXIMUM         68R   216 PM  61    1971  48     20       53
  MINIMUM         44    312 AM  14    1977  28     16       30
  AVERAGE         56                        38     18       42

PRECIPITATION (IN)
  TODAY            0.01          1.15 1955   0.12  -0.11     0.05
  MONTH TO DATE    1.13                      1.97  -0.84     1.21
  SINCE OCT 1      1.56                      3.17  -1.61     5.39
  SINCE JAN 1      9.33                     14.81  -5.48    15.62

SNOWFALL (IN)
  TODAY           MM                        MM     MM       MM
  MONTH TO DATE   MM                        MM     MM       MM
  SINCE JUL 1     MM                        MM     MM       MM
  SNOW DEPTH      MM

DEGREE DAYS
 HEATING
  TODAY            9                        27    -18       23
  MONTH TO DATE  471                       498    -27      358
  SINCE SEP 1   1036                      1034      2      884
  SINCE JUL 1   1036                      1051    -15      897

 COOLING
  TODAY            0                         0      0        0
  MONTH TO DATE    0                         0      0        0
  SINCE SEP 1     85                        43     42       35
  SINCE JAN 1    902                       544    358      689
..................................................................


WIND (MPH)
  HIGHEST WIND SPEED    21   HIGHEST WIND DIRECTION     S (170)
  HIGHEST GUST SPEED    26   HIGHEST GUST DIRECTION     S (180)
  AVERAGE WIND SPEED     8.5


SKY COVER
  POSSIBLE SUNSHINE  MM
  AVERAGE SKY COVER 0.7


WEATHER CONDITIONS
 THE FOLLOWING WEATHER WAS RECORDED TODAY.
  LIGHT RAIN
  FOG


RELATIVE HUMIDITY (PERCENT)
 HIGHEST   100          1200 AM
 LOWEST     52           200 PM

..........................................................


THE MONTAGUE CA CLIMATE NORMALS FOR TOMORROW
                         NORMAL    RECORD    YEAR
 MAXIMUM TEMPERATURE (F)   47        62      1971
 MINIMUM TEMPERATURE (F)   28        15      1994


SUNRISE AND SUNSET
NOVEMBER 21 2017......SUNRISE   707 AM PST   SUNSET   444 PM PST
NOVEMBER 22 2017......SUNRISE   708 AM PST   SUNSET   444 PM PST


-  INDICATES NEGATIVE NUMBERS.
R  INDICATES RECORD WAS SET OR TIED.
MM INDICATES DATA IS MISSING.
T  INDICATES TRACE AMOUNT.




$$
