000
CDUS46 KMFR 040840
CLISIY


CLIMATE REPORT
NATIONAL WEATHER SERVICE MEDFORD, OR
139 AM PDT SAT JUL 4 2015


...................................

...THE MONTAGUE CA CLIMATE SUMMARY FOR JULY 3 2015...

CLIMATE NORMAL PERIOD 1981 TO 2010
CLIMATE RECORD PERIOD 1948 TO 2015


WEATHER ITEM   OBSERVED TIME   RECORD YEAR NORMAL DEPARTURE LAST
                VALUE   (LST)  VALUE       VALUE  FROM      YEAR
                                                  NORMAL
..................................................................
TEMPERATURE (F)
 YESTERDAY
  MAXIMUM        100    207 PM 105    1991  88     12       97
  MINIMUM         67    517 AM  38    1993  52     15       56
  AVERAGE         84                        70     14       77

PRECIPITATION (IN)
  YESTERDAY        0.00          0.34 1975   0.01  -0.01     0.00
  MONTH TO DATE    T                         0.03  -0.03     0.02
  SINCE OCT 1     12.32                     17.07  -4.75     6.69
  SINCE JAN 1      6.41                     10.24  -3.83     6.05

SNOWFALL (IN)
  YESTERDAY       MM                        MM     MM       MM
  MONTH TO DATE   MM                        MM     MM       MM
  SINCE JUL 1     MM                        MM     MM       MM
  SNOW DEPTH      MM

DEGREE DAYS
 HEATING
  YESTERDAY        0                         0      0        0
  MONTH TO DATE    0                         1     -1        0
  SINCE JUN 1     17                        94    -77       46
  SINCE JUL 1      0                         1     -1        0

 COOLING
  YESTERDAY       19                         5     14       12
  MONTH TO DATE   60                        15     45       45
  SINCE JUN 1    294                        73    221      128
  SINCE JAN 1    309                        86    223      135
..................................................................


WIND (MPH)
  HIGHEST WIND SPEED     9   HIGHEST WIND DIRECTION    NE (30)
  HIGHEST GUST SPEED    MM   HIGHEST GUST DIRECTION    MM
  AVERAGE WIND SPEED     3.7


SKY COVER
  POSSIBLE SUNSHINE  MM
  AVERAGE SKY COVER 0.0


WEATHER CONDITIONS
 THE FOLLOWING WEATHER WAS RECORDED YESTERDAY.
  HAZE


RELATIVE HUMIDITY (PERCENT)
 HIGHEST    51           300 AM
 LOWEST     32           900 AM

..........................................................


THE MONTAGUE CA CLIMATE NORMALS FOR TODAY
                         NORMAL    RECORD    YEAR
 MAXIMUM TEMPERATURE (F)   88       103      2007
 MINIMUM TEMPERATURE (F)   53        41      1993


SUNRISE AND SUNSET
JULY  4 2015..........SUNRISE   540 AM PDT   SUNSET   848 PM PDT
JULY  5 2015..........SUNRISE   541 AM PDT   SUNSET   848 PM PDT


-  INDICATES NEGATIVE NUMBERS.
R  INDICATES RECORD WAS SET OR TIED.
MM INDICATES DATA IS MISSING.
T  INDICATES TRACE AMOUNT.




$$
