000
CDUS46 KMFR 010837
CLISIY


CLIMATE REPORT
NATIONAL WEATHER SERVICE MEDFORD, OR
137 AM PDT SAT AUG 1 2015


...................................

...THE MONTAGUE CA CLIMATE SUMMARY FOR JULY 31 2015...

CLIMATE NORMAL PERIOD 1981 TO 2010
CLIMATE RECORD PERIOD 1948 TO 2015


WEATHER ITEM   OBSERVED TIME   RECORD YEAR NORMAL DEPARTURE LAST
                VALUE   (LST)  VALUE       VALUE  FROM      YEAR
                                                  NORMAL
..................................................................
TEMPERATURE (F)
 YESTERDAY
  MAXIMUM        106R   315 PM 102    2014  93     13      102
  MINIMUM         60    526 AM  42    1989  55      5       57
  AVERAGE         83                        74      9       80

PRECIPITATION (IN)
  YESTERDAY        0.00          0.84 2011   0.02  -0.02     0.00
  MONTH TO DATE    0.80                      0.45   0.35     0.14
  SINCE OCT 1     13.12                     17.49  -4.37     6.81
  SINCE JAN 1      7.21                     10.66  -3.45     6.17

SNOWFALL (IN)
  YESTERDAY       MM                        MM     MM       MM
  MONTH TO DATE   MM                        MM     MM       MM
  SINCE JUL 1     MM                        MM     MM       MM
  SNOW DEPTH      MM

DEGREE DAYS
 HEATING
  YESTERDAY        0                         0      0        0
  MONTH TO DATE    0                         1     -1        0
  SINCE JUN 1     17                        97    -80       46
  SINCE JUL 1      0                         4     -4        0

 COOLING
  YESTERDAY       18                         9      9       15
  MONTH TO DATE  324                       242     82      431
  SINCE JUN 1    558                       300    258      514
  SINCE JAN 1    573                       313    260      521
..................................................................


WIND (MPH)
  HIGHEST WIND SPEED    28   HIGHEST WIND DIRECTION     E (80)
  HIGHEST GUST SPEED    35   HIGHEST GUST DIRECTION     E (90)
  AVERAGE WIND SPEED     5.0


SKY COVER
  POSSIBLE SUNSHINE  MM
  AVERAGE SKY COVER 0.0


WEATHER CONDITIONS
 THE FOLLOWING WEATHER WAS RECORDED YESTERDAY.
  NO SIGNIFICANT WEATHER WAS OBSERVED.


RELATIVE HUMIDITY (PERCENT)
 HIGHEST    48           400 AM
 LOWEST     11           300 PM

..........................................................


THE MONTAGUE CA CLIMATE NORMALS FOR TODAY
                         NORMAL    RECORD    YEAR
 MAXIMUM TEMPERATURE (F)   93       102      2009
                                             1993
 MINIMUM TEMPERATURE (F)   54        35      1989


SUNRISE AND SUNSET
AUGUST  1 2015........SUNRISE   604 AM PDT   SUNSET   828 PM PDT
AUGUST  2 2015........SUNRISE   605 AM PDT   SUNSET   827 PM PDT


-  INDICATES NEGATIVE NUMBERS.
R  INDICATES RECORD WAS SET OR TIED.
MM INDICATES DATA IS MISSING.
T  INDICATES TRACE AMOUNT.




$$
