000
CDUS46 KMFR 260039
CLISIY


CLIMATE REPORT
NATIONAL WEATHER SERVICE MEDFORD, OR
439 PM PST THU DEC 25 2014


...................................

...THE MONTAGUE CA CLIMATE SUMMARY FOR DECEMBER 25 2014...
VALID TODAY AS OF 0400 PM LOCAL TIME.

CLIMATE NORMAL PERIOD 1981 TO 2010
CLIMATE RECORD PERIOD 1948 TO 2014


WEATHER ITEM   OBSERVED TIME   RECORD YEAR NORMAL DEPARTURE LAST
                VALUE   (LST)  VALUE       VALUE  FROM      YEAR
                                                  NORMAL
..................................................................
TEMPERATURE (F)
 TODAY
  MAXIMUM         42    203 PM  59    1980  44     -2       46
  MINIMUM         30    553 AM   5    1990  26      4       19
  AVERAGE         36                        35      1       33

PRECIPITATION (IN)
  TODAY            0.01          0.71 1964   0.09  -0.08     0.00
  MONTH TO DATE    2.67                      2.19   0.48     0.09
  SINCE SEP 1      7.24                      7.00   0.24     1.38
  SINCE JAN 1     13.41                     18.00  -4.59     5.71

SNOWFALL (IN)
  TODAY           MM                        MM     MM       MM
  MONTH TO DATE   MM                        MM     MM       MM
  SINCE JUL 1     MM                        MM     MM        0.0
  SNOW DEPTH      MM

DEGREE DAYS
 HEATING
  TODAY           29                        30     -1       32
  MONTH TO DATE  535                       748   -213      954
  SINCE DEC 1    535                       748   -213      954
  SINCE JUL 1   1540                      2054   -514     2274

 COOLING
  TODAY            0                         0      0        0
  MONTH TO DATE    0                         0      0        0
  SINCE DEC 1      0                         0      0        0
  SINCE JAN 1    913                       544    369      776
..................................................................


WIND (MPH)
  HIGHEST WIND SPEED    13   HIGHEST WIND DIRECTION     E (100)
  HIGHEST GUST SPEED    14   HIGHEST GUST DIRECTION     E (110)
  AVERAGE WIND SPEED     2.8


SKY COVER
  POSSIBLE SUNSHINE  MM
  AVERAGE SKY COVER 0.8


WEATHER CONDITIONS
 THE FOLLOWING WEATHER WAS RECORDED TODAY.
  NO SIGNIFICANT WEATHER WAS OBSERVED.


RELATIVE HUMIDITY (PERCENT)
 HIGHEST    96          1200 AM
 LOWEST     67           200 PM

..........................................................


THE MONTAGUE CA CLIMATE NORMALS FOR TOMORROW
                         NORMAL    RECORD    YEAR
 MAXIMUM TEMPERATURE (F)   44        61      1980
 MINIMUM TEMPERATURE (F)   26         3      1988


SUNRISE AND SUNSET
DECEMBER 25 2014......SUNRISE   736 AM PST   SUNSET   445 PM PST
DECEMBER 26 2014......SUNRISE   736 AM PST   SUNSET   445 PM PST


-  INDICATES NEGATIVE NUMBERS.
R  INDICATES RECORD WAS SET OR TIED.
MM INDICATES DATA IS MISSING.
T  INDICATES TRACE AMOUNT.




$$
