000
CDUS46 KMFR 230837
CLISIY


CLIMATE REPORT
NATIONAL WEATHER SERVICE MEDFORD, OR
137 AM PDT SUN APR 23 2017


...................................

...THE MONTAGUE CA CLIMATE SUMMARY FOR APRIL 22 2017...

CLIMATE NORMAL PERIOD 1981 TO 2010
CLIMATE RECORD PERIOD 1948 TO 2017


WEATHER ITEM   OBSERVED TIME   RECORD YEAR NORMAL DEPARTURE LAST
                VALUE   (LST)  VALUE       VALUE  FROM      YEAR
                                                  NORMAL
..................................................................
TEMPERATURE (F)
 YESTERDAY
  MAXIMUM         63   1226 PM  85    2012  63      0       53
                                      1987
  MINIMUM         35   1258 AM  24    1960  35      0       42
  AVERAGE         49                        49      0       48

PRECIPITATION (IN)
  YESTERDAY        0.00          0.33 2016   0.07  -0.07     0.33
  MONTH TO DATE    0.91                      1.03  -0.12     0.66
  SINCE OCT 1     14.78                     14.38   0.40    12.99
  SINCE JAN 1      6.57                      7.55  -0.98     7.90

SNOWFALL (IN)
  YESTERDAY       MM                        MM     MM       MM
  MONTH TO DATE   MM                        MM     MM       MM
  SINCE JUL 1     MM                        MM     MM       MM
  SNOW DEPTH      MM

DEGREE DAYS
 HEATING
  YESTERDAY       16                        16      0       17
  MONTH TO DATE  429                       422      7      216
  SINCE MAR 1   1038                      1104    -66      799
  SINCE JUL 1   4935                      4981    -46     4216

 COOLING
  YESTERDAY        0                         0      0        0
  MONTH TO DATE    0                         0      0        0
  SINCE MAR 1      0                         0      0        0
  SINCE JAN 1      0                         0      0        0
..................................................................


WIND (MPH)
  HIGHEST WIND SPEED    21   HIGHEST WIND DIRECTION    SW (240)
  HIGHEST GUST SPEED    26   HIGHEST GUST DIRECTION     S (170)
  AVERAGE WIND SPEED     9.3


SKY COVER
  POSSIBLE SUNSHINE  MM
  AVERAGE SKY COVER 0.3


WEATHER CONDITIONS
 THE FOLLOWING WEATHER WAS RECORDED YESTERDAY.
  NO SIGNIFICANT WEATHER WAS OBSERVED.


RELATIVE HUMIDITY (PERCENT)
 HIGHEST    92           100 AM
 LOWEST     36          1200 PM

..........................................................


THE MONTAGUE CA CLIMATE NORMALS FOR TODAY
                         NORMAL    RECORD    YEAR
 MAXIMUM TEMPERATURE (F)   63        84      2012
 MINIMUM TEMPERATURE (F)   35        26      2007
                                             1958


SUNRISE AND SUNSET
APRIL 23 2017.........SUNRISE   617 AM PDT   SUNSET   800 PM PDT
APRIL 24 2017.........SUNRISE   616 AM PDT   SUNSET   801 PM PDT


-  INDICATES NEGATIVE NUMBERS.
R  INDICATES RECORD WAS SET OR TIED.
MM INDICATES DATA IS MISSING.
T  INDICATES TRACE AMOUNT.




$$
