000
CDUS46 KMFR 190837
CLISIY


CLIMATE REPORT
NATIONAL WEATHER SERVICE MEDFORD, OR
137 AM PDT TUE SEP 19 2017


...................................

...THE MONTAGUE CA CLIMATE SUMMARY FOR SEPTEMBER 18 2017...

CLIMATE NORMAL PERIOD 1981 TO 2010
CLIMATE RECORD PERIOD 1948 TO 2017


WEATHER ITEM   OBSERVED TIME   RECORD YEAR NORMAL DEPARTURE LAST
                VALUE   (LST)  VALUE       VALUE  FROM      YEAR
                                                  NORMAL
..................................................................
TEMPERATURE (F)
 YESTERDAY
  MAXIMUM         65    241 PM  97    1991  81    -16       90
  MINIMUM         46   1131 PM  31    1988  42      4       49
  AVERAGE         56                        62     -6       70

PRECIPITATION (IN)
  YESTERDAY        T             1.22 1989   0.03  -0.03     0.00
  MONTH TO DATE    0.06                      0.27  -0.21      T
  SINCE OCT 1     15.97                     18.10  -2.13    15.14
  SINCE JAN 1      7.76                     11.27  -3.51    10.05

SNOWFALL (IN)
  YESTERDAY       MM                        MM     MM       MM
  MONTH TO DATE   MM                        MM     MM       MM
  SINCE JUL 1     MM                        MM     MM       MM
  SNOW DEPTH      MM

DEGREE DAYS
 HEATING
  YESTERDAY        9                         4      5        0
  MONTH TO DATE   26                        51    -25       45
  SINCE SEP 1     26                        51    -25       45
  SINCE JUL 1     26                        68    -42       58

 COOLING
  YESTERDAY        0                         1     -1        5
  MONTH TO DATE   85                        34     51       18
  SINCE SEP 1     85                        34     51       18
  SINCE JAN 1    902                       535    367      672
..................................................................


WIND (MPH)
  HIGHEST WIND SPEED    25   HIGHEST WIND DIRECTION     W (290)
  HIGHEST GUST SPEED    34   HIGHEST GUST DIRECTION     W (280)
  AVERAGE WIND SPEED     8.1


SKY COVER
  POSSIBLE SUNSHINE  MM
  AVERAGE SKY COVER 0.4


WEATHER CONDITIONS
 THE FOLLOWING WEATHER WAS RECORDED YESTERDAY.
  LIGHT RAIN


RELATIVE HUMIDITY (PERCENT)
 HIGHEST    86           800 AM
 LOWEST     31           200 PM

..........................................................


THE MONTAGUE CA CLIMATE NORMALS FOR TODAY
                         NORMAL    RECORD    YEAR
 MAXIMUM TEMPERATURE (F)   81        99      1952
 MINIMUM TEMPERATURE (F)   42        32      1978


SUNRISE AND SUNSET
SEPTEMBER 19 2017.....SUNRISE   655 AM PDT   SUNSET   712 PM PDT
SEPTEMBER 20 2017.....SUNRISE   656 AM PDT   SUNSET   710 PM PDT


-  INDICATES NEGATIVE NUMBERS.
R  INDICATES RECORD WAS SET OR TIED.
MM INDICATES DATA IS MISSING.
T  INDICATES TRACE AMOUNT.




$$
