693
CDUS46 KMTR 220826
CLISJC


CLIMATE REPORT
NATIONAL WEATHER SERVICE SAN FRANCISCO BAY AREA
125 AM PDT FRI MAY 22 2015


...................................

...THE SAN JOSE AIRPORT CLIMATE SUMMARY FOR MAY 21 2015...

CLIMATE NORMAL PERIOD 1981 TO 2010
CLIMATE RECORD PERIOD 1893 TO 2015


WEATHER ITEM   OBSERVED TIME   RECORD YEAR NORMAL DEPARTURE LAST
                VALUE   (LST)  VALUE       VALUE  FROM      YEAR
                                                  NORMAL
..................................................................
TEMPERATURE (F)
 YESTERDAY
  MAXIMUM         68    344 PM  97    2000  76     -8       77
  MINIMUM         55   1159 PM  32    1895  53      2       55
  AVERAGE         62                        65     -3       66

PRECIPITATION (IN)
  YESTERDAY        0.00          0.39 2006   0.00   0.00     0.00
  MONTH TO DATE    0.50                      0.33   0.17      T
  SINCE OCT 1     13.26                     14.52  -1.26     5.68
  SINCE JAN 1      3.31                      9.74  -6.43     4.78

SNOWFALL (IN)
  YESTERDAY        0.0                      MM     MM        0.0
  MONTH TO DATE    0.0                      MM     MM        0.0
  SINCE MAR 1      0.0                      MM     MM        0.0
  SINCE JUL 1      0.0                      MM     MM        0.0

DEGREE DAYS
 HEATING
  YESTERDAY        3                         2      1        0
  MONTH TO DATE  106                        64     42       45
  SINCE MAR 1    407                       505    -98      351
  SINCE JUL 1   1627                      1968   -341     1892

 COOLING
  YESTERDAY        0                         2     -2        1
  MONTH TO DATE    6                        31    -25       50
  SINCE MAR 1     27                        50    -23       78
  SINCE JAN 1     27                        50    -23       78
..................................................................


WIND (MPH)
  RESULTANT WIND SPEED   5   RESULTANT WIND DIRECTION  NW (300)
  HIGHEST WIND SPEED    16   HIGHEST WIND DIRECTION    NW (300)
  HIGHEST GUST SPEED    18   HIGHEST GUST DIRECTION    NW (310)
  AVERAGE WIND SPEED     6.5


SKY COVER
  POSSIBLE SUNSHINE  MM
  AVERAGE SKY COVER 0.8


WEATHER CONDITIONS
 THE FOLLOWING WEATHER WAS RECORDED YESTERDAY.
  NO SIGNIFICANT WEATHER WAS OBSERVED.


RELATIVE HUMIDITY (PERCENT)
 HIGHEST    80          1000 PM
 LOWEST     48           300 PM
 AVERAGE    64

..........................................................


THE SAN JOSE AIRPORT CLIMATE NORMALS FOR TODAY
                         NORMAL    RECORD    YEAR
 MAXIMUM TEMPERATURE (F)   76        96      2000
 MINIMUM TEMPERATURE (F)   53        34      1895


SUNRISE AND SUNSET
MAY 22 2015...........SUNRISE   554 AM PDT   SUNSET   815 PM PDT
MAY 23 2015...........SUNRISE   553 AM PDT   SUNSET   816 PM PDT


-  INDICATES NEGATIVE NUMBERS.
R  INDICATES RECORD WAS SET OR TIED.
MM INDICATES DATA IS MISSING.
T  INDICATES TRACE AMOUNT.




$$
