000
CDUS46 KMTR 230829
CLISJC


CLIMATE REPORT
NATIONAL WEATHER SERVICE SAN FRANCISCO BAY AREA
1229 AM PST SUN NOV 23 2014


...................................

...THE SAN JOSE AIRPORT CLIMATE SUMMARY FOR NOVEMBER 22 2014...

CLIMATE NORMAL PERIOD 1981 TO 2010
CLIMATE RECORD PERIOD 1893 TO 2014


WEATHER ITEM   OBSERVED TIME   RECORD YEAR NORMAL DEPARTURE LAST
                VALUE   (LST)  VALUE       VALUE  FROM      YEAR
                                                  NORMAL
..................................................................
TEMPERATURE (F)
 YESTERDAY
  MAXIMUM         64   1238 PM  74    1959  66     -2       69
  MINIMUM         50   1159 PM  29    1894  45      5       47
  AVERAGE         57                        55      2       58

PRECIPITATION (IN)
  YESTERDAY        0.01          0.67 1946   0.06  -0.05     0.00
  MONTH TO DATE    0.29                      1.37  -1.08     0.77
  SINCE JUL 1      1.27                      2.38  -1.11     1.43
  SINCE JAN 1      6.06                     12.27  -6.21     3.67

SNOWFALL (IN)
  YESTERDAY        0.0                      MM     MM        0.0
  MONTH TO DATE    0.0                      MM     MM        0.0
  SINCE SEP 1      0.0                      MM     MM        0.0
  SINCE JUL 1      0.0                      MM     MM        0.0

DEGREE DAYS
 HEATING
  YESTERDAY        8                        10     -2        7
  MONTH TO DATE  153                       160     -7      168
  SINCE SEP 1    202                       239    -37      292
  SINCE JUL 1    202                       242    -40      293

 COOLING
  YESTERDAY        0                         0      0        0
  MONTH TO DATE    0                         0      0        0
  SINCE SEP 1    184                       182      2      124
  SINCE JAN 1    685                       728    -43      549
..................................................................


WIND (MPH)
  RESULTANT WIND SPEED   2   RESULTANT WIND DIRECTION  SE (140)
  HIGHEST WIND SPEED    18   HIGHEST WIND DIRECTION    NW (300)
  HIGHEST GUST SPEED    24   HIGHEST GUST DIRECTION    NW (300)
  AVERAGE WIND SPEED     8.6


SKY COVER
  POSSIBLE SUNSHINE  MM
  AVERAGE SKY COVER 0.7


WEATHER CONDITIONS
 THE FOLLOWING WEATHER WAS RECORDED YESTERDAY.
  LIGHT RAIN
  FOG
  HAZE


RELATIVE HUMIDITY (PERCENT)
 HIGHEST    93           200 PM
 LOWEST     75           500 PM
 AVERAGE    84

..........................................................


THE SAN JOSE AIRPORT CLIMATE NORMALS FOR TODAY
                         NORMAL    RECORD    YEAR
 MAXIMUM TEMPERATURE (F)   65        79      1959
 MINIMUM TEMPERATURE (F)   45        31      1947


SUNRISE AND SUNSET
NOVEMBER 23 2014......SUNRISE   655 AM PST   SUNSET   453 PM PST
NOVEMBER 24 2014......SUNRISE   656 AM PST   SUNSET   452 PM PST


-  INDICATES NEGATIVE NUMBERS.
R  INDICATES RECORD WAS SET OR TIED.
MM INDICATES DATA IS MISSING.
T  INDICATES TRACE AMOUNT.




$$
