000
CDUS46 KMTR 280032
CLISJC


CLIMATE REPORT
NATIONAL WEATHER SERVICE SAN FRANCISCO BAY AREA
432 PM PST TUE JAN 27 2015


...................................

...THE SAN JOSE CA CLIMATE SUMMARY FOR JANUARY 27 2015...
VALID TODAY AS OF 0400 PM LOCAL TIME.

CLIMATE NORMAL PERIOD 1981 TO 2010
CLIMATE RECORD PERIOD 1893 TO 2015


WEATHER ITEM   OBSERVED TIME   RECORD YEAR NORMAL DEPARTURE LAST
                VALUE   (LST)  VALUE       VALUE  FROM      YEAR
                                                  NORMAL
..................................................................
TEMPERATURE (F)
 TODAY
  MAXIMUM         68    300 PM  76    1988  60      8       64
  MINIMUM         54   1202 AM  27    1902  43     11       46
  AVERAGE         61                        52      9       55

PRECIPITATION (IN)
  TODAY            T             1.70 1983   0.08  -0.08     0.00
  MONTH TO DATE    0.02                      2.63  -2.61     0.01
  SINCE JUL 1     10.33                      7.64   2.69     1.57
  SINCE JAN 1      0.02                      2.63  -2.61     0.01

SNOWFALL (IN)
  TODAY            0.0           0.0  1947
  MONTH TO DATE    0.0
  SINCE DEC 1      0.0
  SINCE JUL 1      0.0

DEGREE DAYS
 HEATING
  TODAY            4                        13     -9       10
  MONTH TO DATE  374                       376     -2      308
  SINCE DEC 1    695                       788    -93      835
  SINCE JUL 1    979                      1113   -134     1215

 COOLING
  TODAY            0                         0      0        0
  MONTH TO DATE    0                         0      0        0
  SINCE DEC 1      0                         0      0        0
  SINCE JAN 1      0                         0      0        0
..................................................................


WIND (MPH)
  RESULTANT WIND SPEED   6   RESULTANT WIND DIRECTION  SE (130)
  HIGHEST WIND SPEED    24   HIGHEST WIND DIRECTION     S (160)
  HIGHEST GUST SPEED    35   HIGHEST GUST DIRECTION     S (160)
  AVERAGE WIND SPEED     7.7


SKY COVER
  POSSIBLE SUNSHINE  MM
  AVERAGE SKY COVER 0.9


WEATHER CONDITIONS
 THE FOLLOWING WEATHER WAS RECORDED TODAY.
  NO SIGNIFICANT WEATHER WAS OBSERVED.


RELATIVE HUMIDITY (PERCENT)
 HIGHEST    71          1200 AM
 LOWEST     37           100 PM
 AVERAGE    54

..........................................................


THE SAN JOSE CA CLIMATE NORMALS FOR TOMORROW
                         NORMAL    RECORD    YEAR
 MAXIMUM TEMPERATURE (F)   61        69      1934
 MINIMUM TEMPERATURE (F)   43        24      1895


SUNRISE AND SUNSET
JANUARY 27 2015.......SUNRISE   715 AM PST   SUNSET   526 PM PST
JANUARY 28 2015.......SUNRISE   714 AM PST   SUNSET   528 PM PST


-  INDICATES NEGATIVE NUMBERS.
R  INDICATES RECORD WAS SET OR TIED.
MM INDICATES DATA IS MISSING.
T  INDICATES TRACE AMOUNT.




$$
